('ka1ldr8f64mmn63o3n8046at28',259,'Sarah Hughes','2024-03-08',1709912098,'https://knowledgeframe.co.uk/axcessdev/index.php/sectors/cfd-forex-broker-payments?view=article&id=96:cfd-7-issues&catid=2:uncategorised','GB','138.124.141.130','Chrome','Windows 10','Desktop','1918','1038',25),('ka1ldr8f64mmn63o3n8046at28',259,'Sarah Hughes','2024-03-08',1709912463,'https://knowledgeframe.co.uk/axcessdev/index.php/sectors/cryptocurrency-merchant-account','GB','138.124.141.130','Chrome','Windows 10','Desktop','1918','1038',51),('ka1ldr8f64mmn63o3n8046at28',259,'Sarah Hughes','2024-03-08',1709906761,'https://knowledgeframe.co.uk/axcessdev/index.php/sectors/dating-merchant-services','GB','138.124.141.130','Chrome','Windows 10','Desktop','1918','1038',73),('ka1ldr8f64mmn63o3n8046at28',259,'Sarah Hughes','2024-03-08',1709903428,'https://knowledgeframe.co.uk/axcessdev/index.php/sectors/financial-services-payment-processing','GB','138.124.141.130','Chrome','Windows 10','Desktop','1918','1038',9),('ka1ldr8f64mmn63o3n8046at28',259,'Sarah Hughes','2024-03-08',1709903495,'https://knowledgeframe.co.uk/axcessdev/index.php/sectors/gaming-and-gambling-accounts','GB','138.124.141.130','Chrome','Windows 10','Desktop','1918','1038',9),('ka1ldr8f64mmn63o3n8046at28',259,'Sarah Hughes','2024-03-08',1709903542,'https://knowledgeframe.co.uk/axcessdev/index.php/sectors/skill-based-competition-merchants','GB','138.124.141.130','Chrome','Windows 10','Desktop','1918','1038',174),('ka1ldr8f64mmn63o3n8046at28',259,'Sarah Hughes','2024-03-08',1709903481,'https://knowledgeframe.co.uk/axcessdev/index.php/sectors/subscription-businesses','GB','138.124.141.130','Chrome','Windows 10','Desktop','1918','1038',1),('ka1ldr8f64mmn63o3n8046at28',259,'Sarah Hughes','2024-03-08',1709905242,'https://knowledgeframe.co.uk/axcessdev/index.php/sectors/travel-payment-processing','GB','138.124.141.130','Chrome','Windows 10','Desktop','1918','1038',3),('ka1ldr8f64mmn63o3n8046at28',259,'Sarah Hughes','2024-03-08',1709911714,'https://knowledgeframe.co.uk/axcessdev/index.php/solutions/ecommerce-payment-solutions','GB','138.124.141.130','Chrome','Windows 10','Desktop','1918','1038',1),('ka1ldr8f64mmn63o3n8046at28',259,'Sarah Hughes','2024-03-08',1709911734,'https://knowledgeframe.co.uk/axcessdev/index.php/solutions/payment-gateway-services','GB','138.124.141.130','Chrome','Windows 10','Desktop','1918','1038',1),('ka1ldr8f64mmn63o3n8046at28',259,'Sarah Hughes','2024-03-08',1709911199,'https://knowledgeframe.co.uk/axcessdev/index.php/solutions/point-of-sale-solutions','GB','138.124.141.130','Chrome','Windows 10','Desktop','1918','1038',21),('ka1ldr8f64mmn63o3n8046at28',259,'Sarah Hughes','2024-03-08',1709911727,'https://knowledgeframe.co.uk/axcessdev/index.php/solutions/telephone-and-virtual-terminal-facilities','GB','138.124.141.130','Chrome','Windows 10','Desktop','1918','1038',1),('ka1ldr8f64mmn63o3n8046at28',259,'Sarah Hughes','2024-03-08',1709911159,'https://knowledgeframe.co.uk/axcessdev/index.php?Itemid=168','GB','138.124.141.130','Chrome','Windows 10','Desktop','1918','1038',7),('ka1ldr8f64mmn63o3n8046at28',259,'Sarah Hughes','2024-03-08',1709911229,'https://knowledgeframe.co.uk/axcessdev/index.php?Itemid=357','GB','138.124.141.130','Chrome','Windows 10','Desktop','1918','1038',22),('ka1ldr8f64mmn63o3n8046at28',259,'Sarah Hughes','2024-03-08',1709913738,'https://knowledgeframe.co.uk/axcessdev/index.php?option=com_config&view=modules&id=295&Itemid=357&return=aHR0cHM6Ly9rbm93bGVkZ2VmcmFtZS5jby51ay9heGNlc3NkZXYvaW5kZXgucGhwL2NvbnRhY3QvY29udGFjdC11cw==','GB','138.124.141.130','Chrome','Windows 10','Desktop','1918','1038',4),('ka1ldr8f64mmn63o3n8046at28',0,'Visitor_1864','2024-03-11',1710164961,'https://knowledgeframe.co.uk/axcessdev/index.php/sectors/dating-merchant-services','GB','2a00:23c6:34ce:f201:9d88:94a0:578c:e123','Chrome','Windows 10','Desktop','1536','824',0),('kavo9jt6hdu1jdhqr4usif1033',0,'Visitor_9614','2023-08-30',1693377353,'https://knowledgeframe.co.uk/axcessdev/','GB','2a00:23c4:d11e:6d01:893d:67bf:36b0:8aa3','Firefox','Windows 10','Desktop','1936','1056',1489),('kavo9jt6hdu1jdhqr4usif1033',0,'Visitor_9614','2023-08-31',1693471199,'https://knowledgeframe.co.uk/axcessdev/','GB','86.138.121.22','Firefox','Windows 10','Desktop','1936','1056',191),('kavo9jt6hdu1jdhqr4usif1033',0,'Visitor_9614','2023-08-31',1693471207,'https://knowledgeframe.co.uk/axcessdev/index.php','GB','86.138.121.22','Firefox','Windows 10','Desktop','1936','1056',4041),('kavo9jt6hdu1jdhqr4usif1033',0,'Visitor_9614','2023-08-31',1693486404,'https://knowledgeframe.co.uk/axcessdev/index.php#solutions','GB','86.138.121.22','Firefox','Windows 10','Desktop','1936','1056',19),('kavo9jt6hdu1jdhqr4usif1033',0,'Visitor_9614','2023-08-31',1693488163,'https://knowledgeframe.co.uk/axcessdev/index.php/contact','GB','2a00:23c4:d11e:6d01:893d:67bf:36b0:8aa3','Firefox','Windows 10','Desktop','1936','1056',30),('kavo9jt6hdu1jdhqr4usif1033',0,'Visitor_9614','2023-08-31',1693483116,'https://knowledgeframe.co.uk/axcessdev/index.php/solutions-footer','GB','86.138.121.22','Firefox','Windows 10','Desktop','1936','1056',34),('kavo9jt6hdu1jdhqr4usif1033',0,'Visitor_9614','2023-08-31',1693483126,'https://knowledgeframe.co.uk/axcessdev/index.php/solutions-footer/telephone-virtual-terminal-facilities','GB','86.138.121.22','Firefox','Windows 10','Desktop','1936','1056',3),('kavo9jt6hdu1jdhqr4usif1033',0,'Visitor_9614','2023-09-01',1693550285,'https://knowledgeframe.co.uk/axcessdev/index.php','GB','86.138.121.22','Firefox','Windows 10','Desktop','1936','1056',5739),('kavo9jt6hdu1jdhqr4usif1033',0,'Visitor_9614','2023-09-01',1693566227,'https://knowledgeframe.co.uk/axcessdev/index.php/contact','GB','86.138.121.22','Firefox','Windows 10','Desktop','1936','1056',0),('kavo9jt6hdu1jdhqr4usif1033',0,'Visitor_9614','2023-09-01',1693580559,'https://knowledgeframe.co.uk/axcessdev/index.php/contact/login','GB','86.138.121.22','Firefox','Windows 10','Desktop','1936','1056',1),('kavo9jt6hdu1jdhqr4usif1033',0,'Visitor_9614','2023-09-01',1693566233,'https://knowledgeframe.co.uk/axcessdev/index.php/contact/test-rsform-multi-page','GB','86.138.121.22','Firefox','Windows 10','Desktop','1936','1056',94),('kavo9jt6hdu1jdhqr4usif1033',0,'Visitor_9614','2023-09-02',1693637974,'https://knowledgeframe.co.uk/axcessdev/index.php','GB','2a00:23c4:d11e:6d01:6cd7:b940:1f03:60e8','Firefox','Windows 10','Desktop','1936','1056',1078),('kavo9jt6hdu1jdhqr4usif1033',0,'Visitor_9614','2023-09-04',1693809515,'https://knowledgeframe.co.uk/axcessdev/index.php','GB','2a00:23c4:d11e:6d01:d14a:b52d:643a:c181','Firefox','Windows 10','Desktop','1936','1056',1968),('kavo9jt6hdu1jdhqr4usif1033',0,'Visitor_9614','2023-09-05',1693895718,'https://knowledgeframe.co.uk/axcessdev/index.php','GB','86.138.121.22','Firefox','Windows 10','Desktop','461','126',6570),('kb7qg2esk5t3bo1b8udo2e4bvu',0,'Visitor_7253','2024-03-06',1709725798,'https://knowledgeframe.co.uk/axcessdev/index.php?option=com_rsform&view=rsform&formId=9','GB','2a02:c7e:28ab:900:7df9:f13c:838b:a034','Edge','Windows 10','Desktop','1918','1038',0),('kd8t78ht5ev24b8bqijsmkedoa',0,'Visitor_8785','2024-03-20',1710929554,'https://knowledgeframe.co.uk/axcessdev/','GB','86.167.229.20','Chrome','Windows 10','Desktop','1918','1038',46),('kd8t78ht5ev24b8bqijsmkedoa',0,'Visitor_8785','2024-03-20',1710930087,'https://knowledgeframe.co.uk/axcessdev/index.php','GB','86.167.229.20','Chrome','Windows 10','Desktop','1918','1038',285),('kd8t78ht5ev24b8bqijsmkedoa',0,'Visitor_8785','2024-03-20',1710930074,'https://knowledgeframe.co.uk/axcessdev/index.php/about-us','GB','86.167.229.20','Chrome','Windows 10','Desktop','1918','1038',1),('kd8t78ht5ev24b8bqijsmkedoa',0,'Visitor_8785','2024-03-20',1710930233,'https://knowledgeframe.co.uk/axcessdev/index.php/about-us/about','GB','86.167.229.20','Chrome','Windows 10','Desktop','1918','1038',57),('kd8t78ht5ev24b8bqijsmkedoa',0,'Visitor_8785','2024-03-20',1710932381,'https://knowledgeframe.co.uk/axcessdev/index.php/about-us/faq','GB','86.167.229.20','Chrome','Windows 10','Desktop','1918','1038',1),('kd8t78ht5ev24b8bqijsmkedoa',0,'Visitor_8785','2024-03-20',1710929935,'https://knowledgeframe.co.uk/axcessdev/index.php/features/fraud-risk-management','GB','86.167.229.20','Chrome','Windows 10','Desktop','1918','1038',0),('kd8t78ht5ev24b8bqijsmkedoa',0,'Visitor_8785','2024-03-20',1710929947,'https://knowledgeframe.co.uk/axcessdev/index.php/features/mobile-billing-solutions','GB','86.167.229.20','Chrome','Windows 10','Desktop','1918','1038',0),('kd8t78ht5ev24b8bqijsmkedoa',0,'Visitor_8785','2024-03-20',1710929952,'https://knowledgeframe.co.uk/axcessdev/index.php/features/multi-currency-processing-solutions','GB','86.167.229.20','Chrome','Windows 10','Desktop','1918','1038',0),('kd8t78ht5ev24b8bqijsmkedoa',0,'Visitor_8785','2024-03-20',1710929942,'https://knowledgeframe.co.uk/axcessdev/index.php/features/recurring-payments','GB','86.167.229.20','Chrome','Windows 10','Desktop','1918','1038',0),('kd8t78ht5ev24b8bqijsmkedoa',0,'Visitor_8785','2024-03-20',1710929774,'https://knowledgeframe.co.uk/axcessdev/index.php/features/redshield','GB','86.167.229.20','Chrome','Windows 10','Desktop','1918','1038',0),('kd8t78ht5ev24b8bqijsmkedoa',0,'Visitor_8785','2024-03-20',1710930524,'https://knowledgeframe.co.uk/axcessdev/index.php/home/company-footer','GB','86.167.229.20','Chrome','Windows 10','Desktop','1918','1038',0),('kd8t78ht5ev24b8bqijsmkedoa',0,'Visitor_8785','2024-03-20',1710930530,'https://knowledgeframe.co.uk/axcessdev/index.php/home/cookie-policy','GB','86.167.229.20','Chrome','Windows 10','Desktop','1918','1038',0),('kd8t78ht5ev24b8bqijsmkedoa',0,'Visitor_8785','2024-03-20',1710929977,'https://knowledgeframe.co.uk/axcessdev/index.php/sectors/cfd-forex-broker-payments','GB','86.167.229.20','Chrome','Windows 10','Desktop','1918','1038',11),('kd8t78ht5ev24b8bqijsmkedoa',0,'Visitor_8785','2024-03-20',1710929780,'https://knowledgeframe.co.uk/axcessdev/index.php/sectors/dating-merchant-services','GB','86.167.229.20','Chrome','Windows 10','Desktop','1918','1038',29),('kd8t78ht5ev24b8bqijsmkedoa',0,'Visitor_8785','2024-03-20',1710929876,'https://knowledgeframe.co.uk/axcessdev/index.php/solutions/ecommerce-payment-solutions','GB','86.167.229.20','Chrome','Windows 10','Desktop','1918','1038',1),('kd8t78ht5ev24b8bqijsmkedoa',0,'Visitor_8785','2024-03-20',1710929902,'https://knowledgeframe.co.uk/axcessdev/index.php/solutions/partnerships','GB','86.167.229.20','Chrome','Windows 10','Desktop','1918','1038',5),('kd8t78ht5ev24b8bqijsmkedoa',0,'Visitor_8785','2024-03-20',1710929894,'https://knowledgeframe.co.uk/axcessdev/index.php/solutions/payment-gateway-services','GB','86.167.229.20','Chrome','Windows 10','Desktop','1918','1038',1),('kd8t78ht5ev24b8bqijsmkedoa',0,'Visitor_8785','2024-03-20',1710929866,'https://knowledgeframe.co.uk/axcessdev/index.php/solutions/point-of-sale-solutions','GB','86.167.229.20','Chrome','Windows 10','Desktop','1918','1038',3),('kd8t78ht5ev24b8bqijsmkedoa',0,'Visitor_8785','2024-03-20',1710929884,'https://knowledgeframe.co.uk/axcessdev/index.php/solutions/telephone-and-virtual-terminal-facilities','GB','86.167.229.20','Chrome','Windows 10','Desktop','1918','1038',2),('kd8t78ht5ev24b8bqijsmkedoa',0,'Visitor_8785','2024-03-20',1710930911,'https://knowledgeframe.co.uk/axcessdev/index.php?Itemid=168','GB','86.167.229.20','Chrome','Windows 10','Desktop','1918','1038',0),('kd8t78ht5ev24b8bqijsmkedoa',0,'Visitor_8785','2024-03-20',1710930476,'https://knowledgeframe.co.uk/axcessdev/index.php?option=com_config&view=modules&id=181&Itemid=101&return=aHR0cHM6Ly9rbm93bGVkZ2VmcmFtZS5jby51ay9heGNlc3NkZXYv','GB','86.167.229.20','Chrome','Windows 10','Desktop','1918','1038',6),('kd8t78ht5ev24b8bqijsmkedoa',0,'Visitor_8785','2024-03-20',1710930309,'https://knowledgeframe.co.uk/axcessdev/index.php?option=com_config&view=modules&id=181&Itemid=101&return=aHR0cHM6Ly9rbm93bGVkZ2VmcmFtZS5jby51ay9heGNlc3NkZXYvaW5kZXgucGhw','GB','86.167.229.20','Chrome','Windows 10','Desktop','1918','1038',17),('kd8t78ht5ev24b8bqijsmkedoa',0,'Visitor_8785','2024-03-20',1710929817,'https://knowledgeframe.co.uk/axcessdev/index.php?option=com_config&view=modules&id=230&Itemid=316&return=aHR0cHM6Ly9rbm93bGVkZ2VmcmFtZS5jby51ay9heGNlc3NkZXYvaW5kZXgucGhwL3NlY3RvcnMvZGF0aW5nLW1lcmNoYW50LXNlcnZpY2Vz','GB','86.167.229.20','Chrome','Windows 10','Desktop','1918','1038',4),('ke08lcim1kf5g0rdqgjqfkj967',259,'Sarah Hughes','2024-03-15',1710519094,'https://knowledgeframe.co.uk/axcessdev/','GB','138.124.141.130','Chrome','Windows 10','Desktop','1918','1038',177),('kfgqpblm2hqh2ebpeeq3rfqc8k',259,'Sarah Hughes','2024-03-07',1709823096,'https://knowledgeframe.co.uk/axcessdev/','GB','138.124.141.130','Chrome','Windows 10','Desktop','1918','1038',6),('kfgqpblm2hqh2ebpeeq3rfqc8k',259,'Sarah Hughes','2024-03-07',1709824190,'https://knowledgeframe.co.uk/axcessdev/index.php/sectors/cryptocurrency-merchant-account','GB','138.124.141.130','Chrome','Windows 10','Desktop','1918','1038',192),('kfgqpblm2hqh2ebpeeq3rfqc8k',259,'Sarah Hughes','2024-03-07',1709823101,'https://knowledgeframe.co.uk/axcessdev/index.php/sectors/dating-merchant-services','GB','138.124.141.130','Chrome','Windows 10','Desktop','1918','1038',153),('kfgqpblm2hqh2ebpeeq3rfqc8k',259,'Sarah Hughes','2024-03-07',1709826203,'https://knowledgeframe.co.uk/axcessdev/index.php/sectors/financial-services-payment-processing','GB','138.124.141.130','Chrome','Windows 10','Desktop','1918','1038',27),('kfgqpblm2hqh2ebpeeq3rfqc8k',259,'Sarah Hughes','2024-03-07',1709826377,'https://knowledgeframe.co.uk/axcessdev/index.php/sectors/gaming-and-gambling-accounts','GB','138.124.141.130','Chrome','Windows 10','Desktop','1918','1038',8),('kfgqpblm2hqh2ebpeeq3rfqc8k',259,'Sarah Hughes','2024-03-07',1709826452,'https://knowledgeframe.co.uk/axcessdev/index.php/sectors/online-retail','GB','138.124.141.130','Chrome','Windows 10','Desktop','1918','1038',5),('kfgqpblm2hqh2ebpeeq3rfqc8k',259,'Sarah Hughes','2024-03-07',1709826433,'https://knowledgeframe.co.uk/axcessdev/index.php/sectors/skill-based-competition-merchants','GB','138.124.141.130','Chrome','Windows 10','Desktop','1918','1038',2),('kfgqpblm2hqh2ebpeeq3rfqc8k',259,'Sarah Hughes','2024-03-07',1709826868,'https://knowledgeframe.co.uk/axcessdev/index.php/solutions/payment-gateway-services','GB','138.124.141.130','Chrome','Windows 10','Desktop','1918','1038',134),('kfgqpblm2hqh2ebpeeq3rfqc8k',259,'Sarah Hughes','2024-03-07',1709826488,'https://knowledgeframe.co.uk/axcessdev/index.php/solutions/point-of-sale-solutions','GB','138.124.141.130','Chrome','Windows 10','Desktop','1918','1038',46),('kfgqpblm2hqh2ebpeeq3rfqc8k',259,'Sarah Hughes','2024-03-07',1709826813,'https://knowledgeframe.co.uk/axcessdev/index.php/solutions/telephone-and-virtual-terminal-facilities','GB','138.124.141.130','Chrome','Windows 10','Desktop','1918','1038',8),('kfgqpblm2hqh2ebpeeq3rfqc8k',259,'Sarah Hughes','2024-03-07',1709824222,'https://knowledgeframe.co.uk/axcessdev/index.php?option=com_config&view=modules&id=274&Itemid=317&return=aHR0cHM6Ly9rbm93bGVkZ2VmcmFtZS5jby51ay9heGNlc3NkZXYvaW5kZXgucGhwL3NlY3RvcnMvY3J5cHRvY3VycmVuY3ktbWVyY2hhbnQtYWNjb3VudA==','GB','138.124.141.130','Chrome','Windows 10','Desktop','1918','1038',16),('kfgqpblm2hqh2ebpeeq3rfqc8k',0,'Visitor_2238','2024-03-08',1709891704,'https://knowledgeframe.co.uk/axcessdev/index.php/solutions/payment-gateway-services','GB','138.124.141.130','Chrome','Windows 10','Desktop','1918','1038',0),('kg1s6t5as01lkfao3mkal58h68',259,'Sarah Hughes','2024-02-09',1707469467,'https://knowledgeframe.co.uk/axcessdev/','GB','138.124.141.130','Chrome','Windows 10','Desktop','1918','1038',0),('kg1s6t5as01lkfao3mkal58h68',259,'Sarah Hughes','2024-02-09',1707473734,'https://knowledgeframe.co.uk/axcessdev/index.php/features/feature-1','GB','138.124.141.130','Chrome','Windows 10','Desktop','1918','1038',2),('kg1s6t5as01lkfao3mkal58h68',259,'Sarah Hughes','2024-02-09',1707473714,'https://knowledgeframe.co.uk/axcessdev/index.php/features/managed-merchant-services','GB','138.124.141.130','Chrome','Windows 10','Desktop','1918','1038',3),('kg1s6t5as01lkfao3mkal58h68',259,'Sarah Hughes','2024-02-09',1707473748,'https://knowledgeframe.co.uk/axcessdev/index.php/features/managed-merchant-services?view=form&layout=edit&a_id=20&return=aHR0cHM6Ly9rbm93bGVkZ2VmcmFtZS5jby51ay9heGNlc3NkZXYvaW5kZXgucGhwL2ZlYXR1cmVzL2ZlYXR1cmUtMQ==','GB','138.124.141.130','Chrome','Windows 10','Desktop','1918','1038',34),('kg1s6t5as01lkfao3mkal58h68',259,'Sarah Hughes','2024-02-09',1707469470,'https://knowledgeframe.co.uk/axcessdev/index.php/rsform-test','GB','138.124.141.130','Chrome','Windows 10','Desktop','1918','1038',268),('kg1s6t5as01lkfao3mkal58h68',259,'Sarah Hughes','2024-02-09',1707473992,'https://knowledgeframe.co.uk/axcessdev/index.php?option=com_config&view=modules&id=187&Itemid=331&return=aHR0cHM6Ly9rbm93bGVkZ2VmcmFtZS5jby51ay9heGNlc3NkZXYvaW5kZXgucGhwL2ZlYXR1cmVzL2ZlYXR1cmUtMQ==','GB','138.124.141.130','Chrome','Windows 10','Desktop','1918','1038',215),('kg1s6t5as01lkfao3mkal58h68',259,'Sarah Hughes','2024-02-09',1707473998,'https://knowledgeframe.co.uk/axcessdev/index.php?option=com_config&view=modules&id=187&Itemid=331&return=aHR0cHM6Ly9rbm93bGVkZ2VmcmFtZS5jby51ay9heGNlc3NkZXYvaW5kZXgucGhwP29wdGlvbj1jb21fY29uZmlnJnZpZXc9bW9kdWxlcyZpZD0xODcmSXRlbWlkPTMzMSZyZXR1cm49YUhSMGNITT','GB','138.124.141.130','Chrome','Windows 10','Desktop','1918','1038',0),('kg1s6t5as01lkfao3mkal58h68',259,'Sarah Hughes','2024-02-09',1707469499,'https://knowledgeframe.co.uk/axcessdev/index.php?option=com_config&view=modules&id=188&Itemid=330&return=aHR0cHM6Ly9rbm93bGVkZ2VmcmFtZS5jby51ay9heGNlc3NkZXYvaW5kZXgucGhwL3JzZm9ybS10ZXN0','GB','138.124.141.130','Chrome','Windows 10','Desktop','1918','1038',180),('kg1s6t5as01lkfao3mkal58h68',259,'Sarah Hughes','2024-02-09',1707469524,'https://knowledgeframe.co.uk/axcessdev/index.php?option=com_config&view=modules&id=188&Itemid=330&return=aHR0cHM6Ly9rbm93bGVkZ2VmcmFtZS5jby51ay9heGNlc3NkZXYvaW5kZXgucGhwP29wdGlvbj1jb21fY29uZmlnJnZpZXc9bW9kdWxlcyZpZD0xODgmSXRlbWlkPTMzMCZyZXR1cm49YUhSMGNITT','GB','138.124.141.130','Chrome','Windows 10','Desktop','1918','1038',0),('kgccmucqkaefo6tgud2pcua4qs',259,'Sarah Hughes','2023-09-21',1695291040,'https://knowledgeframe.co.uk/axcessdev/','GB','138.124.141.130','Chrome','Windows 10','Desktop','1536','824',109),('ki3j69rcjjb1um824021aeq5v0',0,'Visitor_3691','2024-03-19',1710831076,'https://knowledgeframe.co.uk/axcessdev/index.php/contact/discuss-partnerships','GB','2a00:23c8:9493:a901:7096:4daf:b816:a365','Chrome','Windows 10','Desktop','0','0',0),('kjvj2035qfpevlsoq15rsubtbo',0,'Visitor_2035','2024-02-23',1708685447,'https://knowledgeframe.co.uk/axcessdev/index.php','GB','62.252.232.9','Chrome','Windows 10','Desktop','1','1',0),('kkheffqhuf61l1g7jdnspv4j7d',0,'Visitor_6117','2024-03-05',1709633396,'https://knowledgeframe.co.uk/axcessdev/index.php/about-us/about','GB','2a00:23c6:34ce:f201:156c:a238:17d2:90e6','Chrome','Windows 10','Desktop','1536','824',0),('kmcf1k58ju7epc1hv6k3i77h7j',0,'Visitor_1587','2024-03-15',1710505039,'https://knowledgeframe.co.uk/axcessdev/','GB','138.124.141.130','Chrome','Windows 10','Desktop','1536','824',0),('kpekqpeif019c9voh7hl419cra',0,'Visitor_1997','2024-03-08',1709902472,'https://knowledgeframe.co.uk/axcessdev/','GB','188.240.171.164','Chrome','Windows 10','Desktop','1280','680',25),('kpekqpeif019c9voh7hl419cra',0,'Visitor_1997','2024-03-08',1709902644,'https://knowledgeframe.co.uk/axcessdev/index.php/rsform-test','GB','188.240.171.164','Chrome','Windows 10','Desktop','1280','680',34),('kpekqpeif019c9voh7hl419cra',0,'Visitor_1997','2024-03-08',1709903211,'https://knowledgeframe.co.uk/axcessdev/index.php/sectors/cbd-merchant-accounts','GB','188.240.171.164','Chrome','Windows 10','Desktop','1280','680',0),('kpekqpeif019c9voh7hl419cra',0,'Visitor_1997','2024-03-08',1709903165,'https://knowledgeframe.co.uk/axcessdev/index.php/sectors/cfd-forex-broker-payments','GB','188.240.171.164','Chrome','Windows 10','Desktop','1280','680',6),('kpekqpeif019c9voh7hl419cra',0,'Visitor_1997','2024-03-08',1709903217,'https://knowledgeframe.co.uk/axcessdev/index.php/sectors/cryptocurrency-merchant-account','GB','188.240.171.164','Chrome','Windows 10','Desktop','1280','680',0),('kpekqpeif019c9voh7hl419cra',0,'Visitor_1997','2024-03-08',1709902894,'https://knowledgeframe.co.uk/axcessdev/index.php/sectors/dating-merchant-services','GB','188.240.171.164','Chrome','Windows 10','Desktop','1280','680',35),('kpekqpeif019c9voh7hl419cra',0,'Visitor_1997','2024-03-08',1709903228,'https://knowledgeframe.co.uk/axcessdev/index.php/sectors/financial-services-payment-processing','GB','188.240.171.164','Chrome','Windows 10','Desktop','1280','680',191),('kpekqpeif019c9voh7hl419cra',0,'Visitor_1997','2024-03-08',1709903512,'https://knowledgeframe.co.uk/axcessdev/index.php/sectors/gaming-and-gambling-accounts','GB','188.240.171.164','Chrome','Windows 10','Desktop','1280','680',51),('kpekqpeif019c9voh7hl419cra',0,'Visitor_1997','2024-03-08',1709903549,'https://knowledgeframe.co.uk/axcessdev/index.php/sectors/online-retail','GB','188.240.171.164','Chrome','Windows 10','Desktop','1280','680',15),('kpekqpeif019c9voh7hl419cra',0,'Visitor_1997','2024-03-08',1709903528,'https://knowledgeframe.co.uk/axcessdev/index.php/sectors/skill-based-competition-merchants','GB','188.240.171.164','Chrome','Windows 10','Desktop','1280','680',39),('kpekqpeif019c9voh7hl419cra',0,'Visitor_1997','2024-03-08',1709903222,'https://knowledgeframe.co.uk/axcessdev/index.php/sectors/subscription-businesses','GB','188.240.171.164','Chrome','Windows 10','Desktop','1280','680',0),('kpekqpeif019c9voh7hl419cra',0,'Visitor_1997','2024-03-08',1709903540,'https://knowledgeframe.co.uk/axcessdev/index.php/sectors/travel-payment-processing','GB','188.240.171.164','Chrome','Windows 10','Desktop','1280','680',11),('kq1damrd94euokag0i31ar59ci',0,'Visitor_1940','2024-02-23',1708704252,'https://knowledgeframe.co.uk/axcessdev/','GB','2a00:23c6:34ce:f201:7524:e961:bf17:9c58','Chrome','Windows 10','Desktop','1536','824',0),('kq24sg856gnhcfsurssntn1hfg',262,'Arran Brannan','2024-03-08',1709907136,'https://knowledgeframe.co.uk/axcessdev/','GB','188.240.171.164','Chrome','Windows 10','Desktop','1280','680',130),('l0br0akevhkhemc8c2e9dmo0lp',0,'Visitor_8290','2024-02-22',1708595823,'https://knowledgeframe.co.uk/axcessdev/','GB','188.240.171.164','Chrome','Windows 10','Desktop','1280','680',538),('l0br0akevhkhemc8c2e9dmo0lp',0,'Visitor_8290','2024-02-22',1708605192,'https://knowledgeframe.co.uk/axcessdev/index.php/contact/discuss-partnerships','GB','138.124.141.130','Chrome','Windows 10','Desktop','1280','680',73),('l0br0akevhkhemc8c2e9dmo0lp',0,'Visitor_8290','2024-02-22',1708605713,'https://knowledgeframe.co.uk/axcessdev/index.php/sectors/online-retail','GB','138.124.141.130','Chrome','Windows 10','Desktop','1280','680',28),('l0br0akevhkhemc8c2e9dmo0lp',0,'Visitor_8290','2024-02-22',1708601185,'https://knowledgeframe.co.uk/axcessdev/index.php/solutions/payment-gateway-services','GB','138.124.141.130','Chrome','Windows 10','Desktop','1280','680',326),('l0br0akevhkhemc8c2e9dmo0lp',0,'Visitor_8290','2024-02-22',1708599612,'https://knowledgeframe.co.uk/axcessdev/index.php/solutions/point-of-sale-solutions','GB','138.124.141.130','Chrome','Windows 10','Desktop','1914','1034',289),('l0br0akevhkhemc8c2e9dmo0lp',0,'Visitor_8290','2024-02-22',1708599925,'https://knowledgeframe.co.uk/axcessdev/index.php/solutions/telephone-and-virtual-terminal-facilities','GB','138.124.141.130','Chrome','Windows 10','Desktop','1280','680',174),('l28s6n4d8em2rl8cut0n5f18vo',0,'Visitor_2864','2024-03-08',1709898145,'https://knowledgeframe.co.uk/axcessdev/index.php/home/quotation-fact-find','GB','51.142.189.228','Chrome','Windows 10','Desktop','1280','960',0),('l2f3sl015vjfuki4pc553mrtut',0,'Visitor_2301','2024-01-11',1704978574,'https://knowledgeframe.co.uk/axcessdev/','GB','138.124.141.130','Chrome','Windows 10','Desktop','1536','824',194),('l2f3sl015vjfuki4pc553mrtut',0,'Visitor_2301','2024-01-31',1706714544,'https://knowledgeframe.co.uk/axcessdev/','GB','138.124.141.130','Chrome','Windows 10','Desktop','1918','1038',0),('l6ntjhv9u2festsep69pd1r139',257,'Administrator','2024-02-01',1706777633,'https://knowledgeframe.co.uk/axcessdev/','GB','212.159.119.174','Chrome','MacOS','Desktop','1911','1003',5),('l9cntpt5ou632g4f42tgi90ts8',0,'Visitor_9563','2024-01-30',1706609104,'https://knowledgeframe.co.uk/axcessdev/','GB','212.159.119.174','Chrome','MacOS','Desktop','1911','1003',10),('lakeqg91nug149tmbnvupg56be',0,'Visitor_9114','2024-02-05',1707128068,'https://knowledgeframe.co.uk/axcessdev/','GB','212.159.119.174','Chrome','MacOS','Desktop','1911','1003',0),('lcfo993eg5f5h08k1g6u13qg4m',0,'Visitor_9935','2024-02-21',1708506290,'https://knowledgeframe.co.uk/axcessdev/index.php/contact/discuss-partnerships','GB','86.157.162.202','Chrome','Windows 10','Desktop','1536','824',0),('lcrhi9bd7mjh1st6v4rvfq3ee6',0,'Visitor_9716','2024-03-15',1710499716,'https://knowledgeframe.co.uk/axcessdev/index.php','GB','138.124.141.130','Edge','Windows 10','Desktop','1536','824',0),('les4v9l697g7sea8hhh9oh99i8',0,'Visitor_4969','2024-02-15',1707990756,'https://knowledgeframe.co.uk/axcessdev/','GB','138.124.141.130','Chrome','Windows 10','Desktop','1536','824',431),('les4v9l697g7sea8hhh9oh99i8',0,'Visitor_4969','2024-02-15',1707995881,'https://knowledgeframe.co.uk/axcessdev/index.php/features/ecommerce-payment-solutions','GB','138.124.141.130','Chrome','Windows 10','Desktop','1536','824',9),('les4v9l697g7sea8hhh9oh99i8',0,'Visitor_4969','2024-02-15',1707995139,'https://knowledgeframe.co.uk/axcessdev/index.php/features/feature-1','GB','138.124.141.130','Chrome','Windows 10','Desktop','1536','824',650),('les4v9l697g7sea8hhh9oh99i8',0,'Visitor_4969','2024-02-15',1707991220,'https://knowledgeframe.co.uk/axcessdev/index.php/features/managed-merchant-services','GB','138.124.141.130','Chrome','Windows 10','Desktop','1536','824',40),('les4v9l697g7sea8hhh9oh99i8',0,'Visitor_4969','2024-02-15',1707994605,'https://knowledgeframe.co.uk/axcessdev/index.php/features/mobile-billing-solutions','GB','138.124.141.130','Chrome','Windows 10','Desktop','1536','824',80),('les4v9l697g7sea8hhh9oh99i8',0,'Visitor_4969','2024-02-15',1707996439,'https://knowledgeframe.co.uk/axcessdev/index.php/features/multi-currency-processing-solutions','GB','138.124.141.130','Chrome','Windows 10','Desktop','1536','824',2),('les4v9l697g7sea8hhh9oh99i8',0,'Visitor_4969','2024-02-15',1707991505,'https://knowledgeframe.co.uk/axcessdev/index.php/features/multi-territory-merchant-services','GB','138.124.141.130','Chrome','Windows 10','Desktop','1536','824',54),('les4v9l697g7sea8hhh9oh99i8',0,'Visitor_4969','2024-02-15',1707996077,'https://knowledgeframe.co.uk/axcessdev/index.php/features/redshield','GB','138.124.141.130','Chrome','Windows 10','Desktop','1536','824',62),('les4v9l697g7sea8hhh9oh99i8',0,'Visitor_4969','2024-02-15',1707991909,'https://knowledgeframe.co.uk/axcessdev/index.php?option=com_config&view=modules&id=125&Itemid=101&return=aHR0cHM6Ly9rbm93bGVkZ2VmcmFtZS5jby51ay9heGNlc3NkZXYv','GB','138.124.141.130','Chrome','Windows 10','Desktop','1536','824',13),('les4v9l697g7sea8hhh9oh99i8',0,'Visitor_4969','2024-02-15',1707991962,'https://knowledgeframe.co.uk/axcessdev/index.php?option=com_config&view=modules&id=180&Itemid=101&return=aHR0cHM6Ly9rbm93bGVkZ2VmcmFtZS5jby51ay9heGNlc3NkZXYv','GB','138.124.141.130','Chrome','Windows 10','Desktop','1536','824',5),('les4v9l697g7sea8hhh9oh99i8',0,'Visitor_4969','2024-02-15',1707998474,'https://knowledgeframe.co.uk/axcessdev/index.php?option=com_config&view=modules&id=197&Itemid=331&return=aHR0cHM6Ly9rbm93bGVkZ2VmcmFtZS5jby51ay9heGNlc3NkZXYvaW5kZXgucGhwL2ZlYXR1cmVzL2ZlYXR1cmUtMQ==','GB','138.124.141.130','Chrome','Windows 10','Desktop','1536','824',26),('lgilme7oq7rbp30ie4dtmmsg6o',0,'Visitor_7730','2024-03-15',1710506337,'https://knowledgeframe.co.uk/axcessdev/','GB','86.19.243.255','Chrome','Windows 10','Desktop','2564','1404',0),('lhgoj10toc7rtrojs3vp4gg16t',259,'Sarah Hughes','2023-09-22',1695387289,'https://knowledgeframe.co.uk/axcessdev/','GB','188.240.171.164','Chrome','Windows 10','Desktop','1918','1038',533),('lj0g17otodd9pbdaervmreg946',0,'Visitor_1799','2024-02-08',1707402703,'https://knowledgeframe.co.uk/axcessdev/','GB','62.253.3.73','Chrome','Windows 10','Desktop','1','1',0),('llniv17ja4gvfkj7nh30fkmvgo',0,'Visitor_1747','2024-03-14',1710424407,'https://knowledgeframe.co.uk/axcessdev/','GB','138.124.141.130','Chrome','Windows 10','Desktop','1536','824',164),('lq2u31r5gi0qeqffn11dv7fhbq',0,'Visitor_2315','2024-03-02',1709365865,'https://knowledgeframe.co.uk/axcessdev/index.php','GB','2a00:23c8:9493:a901:e16a:c3b9:ba47:3cce','Chrome','Windows 10','Desktop','1918','1038',0),('lt7t6l5sj88cvuthbdff00k98v',0,'Visitor_7658','2023-07-20',1689856100,'https://knowledgeframe.co.uk/axcessdev/','GB','2a06:a8c0:1:1:250:56ff:febd:5d6e','Chrome','MacOS','Desktop','1','1',1),('ltvsjemkj919hjndmp1hvq9191',0,'Visitor_9191','2024-02-20',1708432861,'https://knowledgeframe.co.uk/axcessdev/index.php/features/telephone-and-billing-solutions','GB','86.157.162.202','Chrome','Windows 10','Desktop','1536','824',0),('m0auha5rio997s1kh7oac9lmdh',0,'Visitor_5997','2023-09-01',1693579679,'https://knowledgeframe.co.uk/axcessdev/index.php','GB','188.240.171.164','Chrome','Windows 10','Desktop','1918','1038',3),('m0auha5rio997s1kh7oac9lmdh',0,'Visitor_5997','2023-09-01',1693579732,'https://knowledgeframe.co.uk/axcessdev/index.php#solutions','GB','188.240.171.164','Chrome','Windows 10','Desktop','1918','1038',0),('m0auha5rio997s1kh7oac9lmdh',0,'Visitor_5997','2023-09-01',1693579741,'https://knowledgeframe.co.uk/axcessdev/index.php/contact/login','GB','188.240.171.164','Chrome','Windows 10','Desktop','1918','1038',1),('m0auha5rio997s1kh7oac9lmdh',0,'Visitor_5997','2023-09-01',1693579672,'https://knowledgeframe.co.uk/axcessdev/index.php/contact/login?view=profile','GB','188.240.171.164','Chrome','Windows 10','Desktop','1918','1038',1),('m1jvvlen4ctj01as0boj9pase3',0,'Visitor_1401','2024-03-15',1710512218,'https://knowledgeframe.co.uk/axcessdev/','GB','188.240.171.164','Chrome','Windows 10','Desktop','1280','680',0),('m28kbfkol1n4mk3ujr3tes65lk',0,'Visitor_2814','2024-02-23',1708682797,'https://knowledgeframe.co.uk/axcessdev/index.php/features/mobile-billing-solutions','GB','138.124.141.130','Chrome','Windows 10','Desktop','1536','824',0),('m6itp6hnbn50ios7tdji36i93t',0,'Visitor_6650','2024-02-17',1708161408,'https://knowledgeframe.co.uk/axcessdev/index.php','GB','2a00:23c8:9493:a901:cce5:57b:43c6:1620','Chrome','Windows 10','Desktop','1918','1038',0),('m9j7649rlioj4rsck2trfn4b4j',0,'Visitor_9764','2024-03-18',1710766215,'https://knowledgeframe.co.uk/axcessdev/','GB','81.108.70.160','Chrome','Windows 10','Desktop','1280','680',0),('madt6ov5ud8l0qjh9bhvblsq0c',0,'Visitor_6580','2024-02-05',1707127853,'https://knowledgeframe.co.uk/axcessdev/','GB','2a00:23c8:9493:a901:ec37:36e:edf4:bb1b','Chrome','Windows 10','Desktop','1918','1038',556),('madt6ov5ud8l0qjh9bhvblsq0c',0,'Visitor_6580','2024-02-05',1707128337,'https://knowledgeframe.co.uk/axcessdev/index.php/contact','GB','2a00:23c8:9493:a901:ec37:36e:edf4:bb1b','Chrome','Windows 10','Desktop','1918','1038',1),('madt6ov5ud8l0qjh9bhvblsq0c',0,'Visitor_6580','2024-02-05',1707127895,'https://knowledgeframe.co.uk/axcessdev/index.php/contact/discuss-partnerships','GB','2a00:23c8:9493:a901:ec37:36e:edf4:bb1b','Chrome','Windows 10','Desktop','1918','1038',1),('madt6ov5ud8l0qjh9bhvblsq0c',0,'Visitor_6580','2024-02-05',1707128064,'https://knowledgeframe.co.uk/axcessdev/index.php/sectors/cbd-merchant-accounts','GB','2a00:23c8:9493:a901:ec37:36e:edf4:bb1b','Chrome','Windows 10','Desktop','1918','1038',0),('madt6ov5ud8l0qjh9bhvblsq0c',0,'Visitor_6580','2024-02-05',1707127857,'https://knowledgeframe.co.uk/axcessdev/index.php/solutions/ecommerce-payment-solutions','GB','2a00:23c8:9493:a901:ec37:36e:edf4:bb1b','Chrome','Windows 10','Desktop','1918','1038',0),('madt6ov5ud8l0qjh9bhvblsq0c',0,'Visitor_6580','2024-02-06',1707202880,'https://knowledgeframe.co.uk/axcessdev/','GB','2a00:23c8:9493:a901:ec37:36e:edf4:bb1b','Chrome','Windows 10','Desktop','0','0',0),('mak6rq7j2h20l53cccb2q9tu9u',0,'Visitor_6722','2023-10-12',1697108163,'https://knowledgeframe.co.uk/axcessdev/','GB','109.149.243.164','Chrome','Windows 10','Desktop','1536','824',103),('mal4jdh9p365d976k99lr47cni',262,'Arran Brannan','2024-02-19',1708357076,'https://knowledgeframe.co.uk/axcessdev/','GB','81.108.70.160','Chrome','Windows 10','Desktop','1280','680',8),('mal4jdh9p365d976k99lr47cni',262,'Arran Brannan','2024-02-19',1708358462,'https://knowledgeframe.co.uk/axcessdev/index.php/features/merchant-accounts','GB','81.108.70.160','Chrome','Windows 10','Desktop','1280','680',73),('mal4jdh9p365d976k99lr47cni',262,'Arran Brannan','2024-02-19',1708358033,'https://knowledgeframe.co.uk/axcessdev/index.php/features/mobile-billing-solutions','GB','81.108.70.160','Chrome','Windows 10','Desktop','1280','680',32),('mal4jdh9p365d976k99lr47cni',262,'Arran Brannan','2024-02-19',1708358268,'https://knowledgeframe.co.uk/axcessdev/index.php/features/multi-currency-processing-solutions','GB','81.108.70.160','Chrome','Windows 10','Desktop','1280','680',27),('mal4jdh9p365d976k99lr47cni',262,'Arran Brannan','2024-02-19',1708357134,'https://knowledgeframe.co.uk/axcessdev/index.php/features/recurring-payments','GB','81.108.70.160','Chrome','Windows 10','Desktop','1280','680',94),('mbj27t64amrj3m0hhl3p8nj71j',0,'Visitor_2764','2024-02-19',1708357054,'https://knowledgeframe.co.uk/axcessdev/','GB','81.108.70.160','Chrome','Windows 10','Desktop','1280','680',0),('mc0o0lgvkmls7i2deq0ovv1dbb',0,'Visitor_7201','2024-03-01',1709287943,'https://knowledgeframe.co.uk/axcessdev/','GB','138.124.141.130','Chrome','Windows 10','Desktop','1536','824',0),('mc0o0lgvkmls7i2deq0ovv1dbb',0,'Visitor_7201','2024-03-01',1709287957,'https://knowledgeframe.co.uk/axcessdev/index.php/component/users/login?Itemid=101','GB','138.124.141.130','Chrome','Windows 10','Desktop','1918','1038',0),('mcr760sa4da9mgvob50u2p7epg',0,'Visitor_7604','2024-02-08',1707393651,'https://knowledgeframe.co.uk/axcessdev/','GB','86.157.162.202','Chrome','Windows 10','Desktop','1536','824',0),('mcr760sa4da9mgvob50u2p7epg',0,'Visitor_7604','2024-02-08',1707402275,'https://knowledgeframe.co.uk/axcessdev/index.php/component/users/login?Itemid=101','GB','86.157.162.202','Chrome','Windows 10','Desktop','1536','824',0),('mcr760sa4da9mgvob50u2p7epg',0,'Visitor_7604','2024-02-08',1707393655,'https://knowledgeframe.co.uk/axcessdev/index.php/rsform-test','GB','86.157.162.202','Chrome','Windows 10','Desktop','1536','824',1026),('mdg4a4rno64287rbugjhupqodd',259,'Sarah Hughes','2024-03-20',1710942330,'https://knowledgeframe.co.uk/axcessdev/','GB','2a00:23c6:34ce:f201:c90c:c2a3:a764:887c','Chrome','Windows 10','Desktop','1536','824',3),('mdg4a4rno64287rbugjhupqodd',259,'Sarah Hughes','2024-03-20',1710942356,'https://knowledgeframe.co.uk/axcessdev/index.php','GB','2a00:23c6:34ce:f201:c90c:c2a3:a764:887c','Chrome','Windows 10','Desktop','1536','824',1453),('mdg4a4rno64287rbugjhupqodd',259,'Sarah Hughes','2024-03-20',1710942515,'https://knowledgeframe.co.uk/axcessdev/index.php/contact/contact-us','GB','2a00:23c6:34ce:f201:c90c:c2a3:a764:887c','Chrome','Windows 10','Desktop','1536','824',0),('mdg4a4rno64287rbugjhupqodd',259,'Sarah Hughes','2024-03-20',1710942529,'https://knowledgeframe.co.uk/axcessdev/index.php/features/fraud-risk-management','GB','2a00:23c6:34ce:f201:c90c:c2a3:a764:887c','Chrome','Windows 10','Desktop','1536','824',1),('mdg4a4rno64287rbugjhupqodd',259,'Sarah Hughes','2024-03-20',1710942543,'https://knowledgeframe.co.uk/axcessdev/index.php/features/managed-merchant-services','GB','2a00:23c6:34ce:f201:c90c:c2a3:a764:887c','Chrome','Windows 10','Desktop','1536','824',2),('mdg4a4rno64287rbugjhupqodd',259,'Sarah Hughes','2024-03-20',1710945575,'https://knowledgeframe.co.uk/axcessdev/index.php/features/merchant-accounts','GB','2a00:23c6:34ce:f201:c90c:c2a3:a764:887c','Chrome','Windows 10','Desktop','1536','824',1012),('mdg4a4rno64287rbugjhupqodd',259,'Sarah Hughes','2024-03-20',1710946577,'https://knowledgeframe.co.uk/axcessdev/index.php/features/mobile-billing-solutions','GB','2a00:23c6:34ce:f201:4153:3e58:6c59:a8fc','Chrome','Windows 10','Desktop','1536','824',1),('mdg4a4rno64287rbugjhupqodd',259,'Sarah Hughes','2024-03-20',1710946607,'https://knowledgeframe.co.uk/axcessdev/index.php/sectors/cfd-forex-broker-payments','GB','2a00:23c6:34ce:f201:4153:3e58:6c59:a8fc','Chrome','Windows 10','Desktop','1536','824',0),('mdg4a4rno64287rbugjhupqodd',259,'Sarah Hughes','2024-03-20',1710946594,'https://knowledgeframe.co.uk/axcessdev/index.php/sectors/travel-payment-processing','GB','2a00:23c6:34ce:f201:4153:3e58:6c59:a8fc','Chrome','Windows 10','Desktop','1536','824',1),('mdg4a4rno64287rbugjhupqodd',0,'Visitor_4464','2024-03-21',1711008879,'https://knowledgeframe.co.uk/axcessdev/index.php','GB','138.124.141.130','Chrome','Windows 10','Desktop','1918','1038',0),('mdg4a4rno64287rbugjhupqodd',0,'Visitor_4464','2024-03-21',1711008999,'https://knowledgeframe.co.uk/axcessdev/index.php/features/merchant-accounts','GB','138.124.141.130','Chrome','Windows 10','Desktop','1918','1038',0),('meh83hsgcorgi865a17il8sevr',0,'Visitor_8386','2024-03-01',1709283711,'https://knowledgeframe.co.uk/axcessdev/','GB','20.254.26.207','Chrome','Windows 10','Desktop','1280','960',0),('mg5p7ei6vl1u5f8r4p4ent8kfv',0,'Visitor_5761','2024-02-14',1707913036,'https://knowledgeframe.co.uk/axcessdev/','GB','212.159.119.174','Chrome','MacOS','Desktop','1883','1035',0),('mg8krth0n2lj8pm64adb9552ea',0,'Visitor_8028','2023-09-27',1695814290,'https://knowledgeframe.co.uk/axcessdev/','GB','86.157.162.215','Chrome','Windows 10','Desktop','1536','824',256),('mg8krth0n2lj8pm64adb9552ea',0,'Visitor_8028','2023-10-13',1697202062,'https://knowledgeframe.co.uk/axcessdev/','GB','188.240.171.164','Chrome','Windows 10','Desktop','1918','1038',805),('mg8krth0n2lj8pm64adb9552ea',0,'Visitor_8028','2023-10-16',1697469547,'https://knowledgeframe.co.uk/axcessdev/','GB','86.157.162.215','Chrome','Windows 10','Desktop','1536','824',384),('mg8krth0n2lj8pm64adb9552ea',0,'Visitor_8028','2023-10-17',1697534798,'https://knowledgeframe.co.uk/axcessdev/','GB','86.157.162.215','Chrome','Windows 10','Desktop','0','0',1024),('mg8krth0n2lj8pm64adb9552ea',0,'Visitor_8028','2023-10-18',1697624784,'https://knowledgeframe.co.uk/axcessdev/','GB','86.157.162.215','Chrome','Windows 10','Desktop','1536','824',0),('mg8krth0n2lj8pm64adb9552ea',0,'Visitor_8028','2023-10-20',1697801824,'https://knowledgeframe.co.uk/axcessdev/','GB','138.124.141.130','Chrome','Windows 10','Desktop','1918','1038',2),('mg8krth0n2lj8pm64adb9552ea',0,'Visitor_8028','2023-10-25',1698236484,'https://knowledgeframe.co.uk/axcessdev/','GB','138.124.141.130','Chrome','Windows 10','Desktop','1536','824',2),('mg8krth0n2lj8pm64adb9552ea',0,'Visitor_8028','2023-10-26',1698325216,'https://knowledgeframe.co.uk/axcessdev/','GB','188.240.171.164','Chrome','Windows 10','Desktop','1918','1038',532),('mg8krth0n2lj8pm64adb9552ea',0,'Visitor_8028','2023-10-30',1698658624,'https://knowledgeframe.co.uk/axcessdev/','GB','86.174.158.163','Chrome','Windows 10','Desktop','1536','824',461),('mg8krth0n2lj8pm64adb9552ea',0,'Visitor_8028','2023-11-02',1698922994,'https://knowledgeframe.co.uk/axcessdev/','GB','188.240.171.164','Chrome','Windows 10','Desktop','1918','1038',375),('mg8krth0n2lj8pm64adb9552ea',0,'Visitor_8028','2023-11-02',1698926041,'https://knowledgeframe.co.uk/axcessdev/index.php#company','GB','188.240.171.164','Chrome','Windows 10','Desktop','1918','1038',51),('mg8krth0n2lj8pm64adb9552ea',0,'Visitor_8028','2023-11-02',1698929078,'https://knowledgeframe.co.uk/axcessdev/index.php#sectors','GB','188.240.171.164','Chrome','Windows 10','Desktop','1918','1038',1),('mg8krth0n2lj8pm64adb9552ea',0,'Visitor_8028','2023-11-02',1698926069,'https://knowledgeframe.co.uk/axcessdev/index.php/blog-footer/unlocking-the-potential-of-recurring-payments-how-axcess-can-boost-your-business','GB','188.240.171.164','Chrome','Windows 10','Desktop','1918','1038',3),('mg8krth0n2lj8pm64adb9552ea',0,'Visitor_8028','2023-11-02',1698926419,'https://knowledgeframe.co.uk/axcessdev/index.php/contact','GB','188.240.171.164','Chrome','Windows 10','Desktop','1918','1038',1),('mg8krth0n2lj8pm64adb9552ea',0,'Visitor_8028','2023-11-02',1698926406,'https://knowledgeframe.co.uk/axcessdev/index.php/contact/calendly-axcess','GB','188.240.171.164','Chrome','Windows 10','Desktop','1918','1038',1),('mg8krth0n2lj8pm64adb9552ea',0,'Visitor_8028','2023-11-02',1698926413,'https://knowledgeframe.co.uk/axcessdev/index.php/contact/calendly-partner','GB','188.240.171.164','Chrome','Windows 10','Desktop','1918','1038',0),('mg8krth0n2lj8pm64adb9552ea',0,'Visitor_8028','2023-11-02',1698926424,'https://knowledgeframe.co.uk/axcessdev/index.php/contact/login','GB','188.240.171.164','Chrome','Windows 10','Desktop','1918','1038',0),('mg8krth0n2lj8pm64adb9552ea',0,'Visitor_8028','2023-11-02',1698926396,'https://knowledgeframe.co.uk/axcessdev/index.php/contact/test-rsform-1','GB','188.240.171.164','Chrome','Windows 10','Desktop','1918','1038',0),('mg8krth0n2lj8pm64adb9552ea',0,'Visitor_8028','2023-11-02',1698926402,'https://knowledgeframe.co.uk/axcessdev/index.php/contact/test-rsform-multi-page','GB','188.240.171.164','Chrome','Windows 10','Desktop','1918','1038',0),('mg8krth0n2lj8pm64adb9552ea',0,'Visitor_8028','2023-11-02',1698926417,'https://knowledgeframe.co.uk/axcessdev/index.php/contact/workable','GB','188.240.171.164','Chrome','Windows 10','Desktop','1918','1038',0),('mg8krth0n2lj8pm64adb9552ea',0,'Visitor_8028','2023-11-02',1698928239,'https://knowledgeframe.co.uk/axcessdev/index.php/home/hello','GB','188.240.171.164','Chrome','Windows 10','Desktop','1918','1038',4),('mg8krth0n2lj8pm64adb9552ea',0,'Visitor_8028','2023-11-02',1698926006,'https://knowledgeframe.co.uk/axcessdev/index.php/sectors-footer/cfd-forex-broker-payments','GB','188.240.171.164','Chrome','Windows 10','Desktop','1918','1038',0),('mg8krth0n2lj8pm64adb9552ea',0,'Visitor_8028','2023-11-02',1698925209,'https://knowledgeframe.co.uk/axcessdev/index.php/sectors-footer/dating-merchant-services','GB','188.240.171.164','Chrome','Windows 10','Desktop','1918','1038',18),('mg8krth0n2lj8pm64adb9552ea',0,'Visitor_8028','2023-11-02',1698925075,'https://knowledgeframe.co.uk/axcessdev/index.php/sectors-footer/gaming-gambling-accounts','GB','188.240.171.164','Chrome','Windows 10','Desktop','1918','1038',17),('mg8krth0n2lj8pm64adb9552ea',0,'Visitor_8028','2023-11-02',1698925083,'https://knowledgeframe.co.uk/axcessdev/index.php/sectors-footer/travel-payment-processing','GB','188.240.171.164','Chrome','Windows 10','Desktop','1918','1038',374),('mg8krth0n2lj8pm64adb9552ea',0,'Visitor_8028','2023-11-02',1698926605,'https://knowledgeframe.co.uk/axcessdev/index.php?option=com_jmap&view=sitemap','GB','188.240.171.164','Chrome','Windows 10','Desktop','1918','1038',0),('mg8krth0n2lj8pm64adb9552ea',0,'Visitor_8028','2023-11-02',1698926267,'https://knowledgeframe.co.uk/axcessdev/index.php?option=com_rsform&view=rsform&formId=1','GB','188.240.171.164','Chrome','Windows 10','Desktop','1918','1038',0),('mg8krth0n2lj8pm64adb9552ea',0,'Visitor_8028','2023-11-02',1698926328,'https://knowledgeframe.co.uk/axcessdev/index.php?view=article&id=44:question-4&catid=13','GB','188.240.171.164','Chrome','Windows 10','Desktop','1918','1038',24),('mg8krth0n2lj8pm64adb9552ea',0,'Visitor_8028','2023-11-13',1699868281,'https://knowledgeframe.co.uk/axcessdev/','GB','138.124.141.130','Chrome','Windows 10','Desktop','1536','824',300),('mg8krth0n2lj8pm64adb9552ea',0,'Visitor_8028','2023-11-29',1701272060,'https://knowledgeframe.co.uk/axcessdev/','GB','2a00:23c6:34ce:f201:6827:cc77:488c:156e','Chrome','Windows 10','Desktop','1536','824',122),('mg8krth0n2lj8pm64adb9552ea',0,'Visitor_8028','2023-11-30',1701340827,'https://knowledgeframe.co.uk/axcessdev/','GB','188.240.171.164','Chrome','Windows 10','Desktop','1918','1038',1),('mg8krth0n2lj8pm64adb9552ea',0,'Visitor_8028','2024-01-04',1704370145,'https://knowledgeframe.co.uk/axcessdev/','GB','188.240.171.164','Chrome','Windows 10','Desktop','1536','824',145),('mis3ck1abr0velv625pbjjm21o',0,'Visitor_3106','2023-10-27',1698412389,'https://knowledgeframe.co.uk/axcessdev/','GB','86.167.229.46','Chrome','Windows 10','Desktop','1918','1038',322),('mis3ck1abr0velv625pbjjm21o',0,'Visitor_3106','2023-10-27',1698391923,'https://knowledgeframe.co.uk/axcessdev/index.php','GB','86.167.229.46','Chrome','Windows 10','Desktop','1918','1038',1638),('mis3ck1abr0velv625pbjjm21o',0,'Visitor_3106','2023-10-27',1698412336,'https://knowledgeframe.co.uk/axcessdev/index.php/sectors-footer/cfd-forex-broker-payments','GB','86.167.229.46','Chrome','Windows 10','Desktop','1918','1038',2),('mis3ck1abr0velv625pbjjm21o',0,'Visitor_3106','2023-10-30',1698670913,'https://knowledgeframe.co.uk/axcessdev/','GB','2a00:23c8:9493:a901:b5b5:900e:b51:b815','Chrome','Windows 10','Desktop','1918','1038',1601),('mis3ck1abr0velv625pbjjm21o',0,'Visitor_3106','2023-10-30',1698671537,'https://knowledgeframe.co.uk/axcessdev/index.php/contact','GB','2a00:23c8:9493:a901:b5b5:900e:b51:b815','Chrome','Windows 10','Desktop','1918','1038',1),('mis3ck1abr0velv625pbjjm21o',0,'Visitor_3106','2023-10-30',1698671660,'https://knowledgeframe.co.uk/axcessdev/index.php/sectors-footer/cfd-forex-broker-payments','GB','2a00:23c8:9493:a901:b5b5:900e:b51:b815','Chrome','Windows 10','Desktop','1918','1038',1),('mis3ck1abr0velv625pbjjm21o',0,'Visitor_3106','2023-10-30',1698671710,'https://knowledgeframe.co.uk/axcessdev/index.php/sectors-footer/online-retail','GB','2a00:23c8:9493:a901:b5b5:900e:b51:b815','Chrome','Windows 10','Desktop','1918','1038',1),('mis3ck1abr0velv625pbjjm21o',0,'Visitor_3106','2023-10-31',1698775388,'https://knowledgeframe.co.uk/axcessdev/','GB','2a00:23c8:9493:a901:7d58:74b9:be2d:b189','Chrome','Windows 10','Desktop','1918','1038',3),('mis3ck1abr0velv625pbjjm21o',0,'Visitor_3106','2023-11-02',1698920420,'https://knowledgeframe.co.uk/axcessdev/','GB','2a00:23c8:9493:a901:b0bb:4149:9434:30ea','Chrome','Windows 10','Desktop','1918','1038',264),('mis3ck1abr0velv625pbjjm21o',0,'Visitor_3106','2023-11-02',1698919687,'https://knowledgeframe.co.uk/axcessdev/index.php?view=article&id=25:gaming-gambling-accounts&catid=10:sectors','GB','2a00:23c8:9493:a901:b0bb:4149:9434:30ea','Chrome','Windows 10','Desktop','0','0',356),('msajmhk5jge0dq3o1igkqvngf3',257,'Administrator','2024-02-13',1707834941,'https://knowledgeframe.co.uk/axcessdev/','GB','212.159.119.174','Chrome','MacOS','Desktop','1874','977',89),('msajmhk5jge0dq3o1igkqvngf3',257,'Administrator','2024-02-13',1707835126,'https://knowledgeframe.co.uk/axcessdev/index.php','GB','212.159.119.174','Chrome','MacOS','Desktop','1874','977',104),('msajmhk5jge0dq3o1igkqvngf3',257,'Administrator','2024-02-13',1707834950,'https://knowledgeframe.co.uk/axcessdev/index.php/contact','GB','212.159.119.174','Chrome','MacOS','Desktop','1874','977',1),('msajmhk5jge0dq3o1igkqvngf3',257,'Administrator','2024-02-13',1707834959,'https://knowledgeframe.co.uk/axcessdev/index.php/contact/discuss-partnerships','GB','212.159.119.174','Chrome','MacOS','Desktop','1874','977',1),('msajmhk5jge0dq3o1igkqvngf3',257,'Administrator','2024-02-13',1707834968,'https://knowledgeframe.co.uk/axcessdev/index.php/contact/join-the-team','GB','212.159.119.174','Chrome','MacOS','Desktop','1874','977',1),('msajmhk5jge0dq3o1igkqvngf3',257,'Administrator','2024-02-13',1707835067,'https://knowledgeframe.co.uk/axcessdev/index.php/features/feature-1','GB','212.159.119.174','Chrome','MacOS','Desktop','1874','977',109),('msajmhk5jge0dq3o1igkqvngf3',257,'Administrator','2024-02-13',1707835626,'https://knowledgeframe.co.uk/axcessdev/index.php/features/multi-territory-merchant-services','GB','212.159.119.174','Chrome','MacOS','Desktop','1883','1035',24),('msajmhk5jge0dq3o1igkqvngf3',257,'Administrator','2024-02-13',1707834991,'https://knowledgeframe.co.uk/axcessdev/index.php/rsform-test/test-rsform-1','GB','212.159.119.174','Chrome','MacOS','Desktop','1874','977',0),('msajmhk5jge0dq3o1igkqvngf3',257,'Administrator','2024-02-13',1707834998,'https://knowledgeframe.co.uk/axcessdev/index.php/rsform-test/test-rsform-conditional-fields','GB','212.159.119.174','Chrome','MacOS','Desktop','1874','977',11),('msajmhk5jge0dq3o1igkqvngf3',257,'Administrator','2024-02-13',1707834980,'https://knowledgeframe.co.uk/axcessdev/index.php/solutions/point-of-sale-solutions','GB','212.159.119.174','Chrome','MacOS','Desktop','1874','977',1),('mtk581n009878i14mqh89s5kg1',259,'Sarah Hughes','2024-02-29',1709218820,'https://knowledgeframe.co.uk/axcessdev/','GB','138.124.141.130','Chrome','Windows 10','Desktop','1918','1038',2),('mtk581n009878i14mqh89s5kg1',259,'Sarah Hughes','2024-02-29',1709218900,'https://knowledgeframe.co.uk/axcessdev/index.php','GB','138.124.141.130','Chrome','Windows 10','Desktop','1918','1038',553),('mtk581n009878i14mqh89s5kg1',259,'Sarah Hughes','2024-02-29',1709224195,'https://knowledgeframe.co.uk/axcessdev/index.php/about-us','GB','138.124.141.130','Chrome','Windows 10','Desktop','1536','824',47),('mtk581n009878i14mqh89s5kg1',259,'Sarah Hughes','2024-02-29',1709218836,'https://knowledgeframe.co.uk/axcessdev/index.php/features/fraud-risk-management','GB','138.124.141.130','Chrome','Windows 10','Desktop','1918','1038',9),('mtk581n009878i14mqh89s5kg1',259,'Sarah Hughes','2024-02-29',1709218983,'https://knowledgeframe.co.uk/axcessdev/index.php/features/redshield','GB','138.124.141.130','Chrome','Windows 10','Desktop','1918','1038',137),('mtk581n009878i14mqh89s5kg1',259,'Sarah Hughes','2024-02-29',1709220853,'https://knowledgeframe.co.uk/axcessdev/index.php/rsform-test','GB','138.124.141.130','Chrome','Windows 10','Desktop','1918','1038',15),('mtk581n009878i14mqh89s5kg1',259,'Sarah Hughes','2024-02-29',1709219924,'https://knowledgeframe.co.uk/axcessdev/index.php/sectors/dating-merchant-services','GB','138.124.141.130','Chrome','Windows 10','Desktop','1918','1038',51),('mtk581n009878i14mqh89s5kg1',0,'Visitor_5.81','2024-03-01',1709282165,'https://knowledgeframe.co.uk/axcessdev/index.php/about-us','GB','138.124.141.130','Chrome','Windows 10','Desktop','1918','1038',0),('mum3vn2d49bfmpl5pi5dg1fkc6',262,'Arran Brannan','2024-02-21',1708523288,'https://knowledgeframe.co.uk/axcessdev/','GB','81.108.70.160','Chrome','Windows 10','Desktop','1280','680',92),('mum3vn2d49bfmpl5pi5dg1fkc6',262,'Arran Brannan','2024-02-21',1708523944,'https://knowledgeframe.co.uk/axcessdev/index.php/solutions/ecommerce-payment-solutions','GB','81.108.70.160','Chrome','Windows 10','Desktop','1280','680',54),('mum3vn2d49bfmpl5pi5dg1fkc6',262,'Arran Brannan','2024-02-21',1708524783,'https://knowledgeframe.co.uk/axcessdev/index.php/solutions/payment-gateway-services','GB','81.108.70.160','Chrome','Windows 10','Desktop','1280','680',864),('mum3vn2d49bfmpl5pi5dg1fkc6',262,'Arran Brannan','2024-02-21',1708524335,'https://knowledgeframe.co.uk/axcessdev/index.php/solutions/point-of-sale-solutions','GB','81.108.70.160','Chrome','Windows 10','Desktop','1280','680',61),('mum3vn2d49bfmpl5pi5dg1fkc6',0,'Visitor_3249','2024-02-22',1708595821,'https://knowledgeframe.co.uk/axcessdev/index.php/solutions/payment-gateway-services','GB','188.240.171.164','Chrome','Windows 10','Desktop','1280','680',0),('mv0h6fcop6ad70lteqd6kjo2fb',259,'Sarah Hughes','2024-03-04',1709566714,'https://knowledgeframe.co.uk/axcessdev/','GB','2a00:23c6:34ce:f201:156c:a238:17d2:90e6','Chrome','Windows 10','Desktop','1536','824',119),('mv0h6fcop6ad70lteqd6kjo2fb',259,'Sarah Hughes','2024-03-04',1709567556,'https://knowledgeframe.co.uk/axcessdev/index.php/about-us/about','GB','2a00:23c6:34ce:f201:156c:a238:17d2:90e6','Chrome','Windows 10','Desktop','1536','824',653),('n2tb305pgjn2i12khtt5d81sra',0,'Visitor_2305','2024-03-08',1709896763,'https://knowledgeframe.co.uk/axcessdev/','GB','212.159.119.174','Chrome','MacOS','Desktop','1884','1003',116),('n2tb305pgjn2i12khtt5d81sra',0,'Visitor_2305','2024-03-08',1709897685,'https://knowledgeframe.co.uk/axcessdev/index.php','GB','212.159.119.174','Chrome','MacOS','Desktop','1884','1003',1),('n2tb305pgjn2i12khtt5d81sra',0,'Visitor_2305','2024-03-08',1709897762,'https://knowledgeframe.co.uk/axcessdev/index.php/home/compliance-disclosures','GB','212.159.119.174','Chrome','MacOS','Desktop','1884','1003',4),('n2tb305pgjn2i12khtt5d81sra',0,'Visitor_2305','2024-03-08',1709897691,'https://knowledgeframe.co.uk/axcessdev/index.php/home/quotation-fact-find','GB','212.159.119.174','Chrome','MacOS','Desktop','1884','1003',12),('n5b2jtl9ov6bnm92atbbmidlql',0,'Visitor_5296','2024-03-20',1710961442,'https://knowledgeframe.co.uk/axcessdev/','GB','92.40.200.200','Safari','iOS iPhone','Mobile','390','844',0),('n5b2jtl9ov6bnm92atbbmidlql',0,'Visitor_5296','2024-03-20',1710961460,'https://knowledgeframe.co.uk/axcessdev/index.php/component/users/login?Itemid=101','GB','92.40.200.200','Safari','iOS iPhone','Mobile','390','844',0),('n9d9371s195056vao9ja90hped',0,'Visitor_9937','2024-03-08',1709900446,'https://knowledgeframe.co.uk/axcessdev/index.php/home/quotation-fact-find','GB','138.124.141.130','Edge','Windows 10','Desktop','1918','1038',0),('n9t4q72ioe99baf9qd23eh63ri',0,'Visitor_9472','2024-02-22',1708595663,'https://knowledgeframe.co.uk/axcessdev/','GB','86.157.162.202','Chrome','Windows 10','Desktop','1536','824',0),('n9t4q72ioe99baf9qd23eh63ri',0,'Visitor_9472','2024-02-22',1708605169,'https://knowledgeframe.co.uk/axcessdev/index.php/contact/discuss-partnerships','GB','86.157.162.202','Chrome','Windows 10','Desktop','1536','824',382),('n9t4q72ioe99baf9qd23eh63ri',0,'Visitor_9472','2024-02-22',1708601406,'https://knowledgeframe.co.uk/axcessdev/index.php/solutions/ecommerce-payment-solutions','GB','86.157.162.202','Chrome','Windows 10','Desktop','1536','824',350),('n9t4q72ioe99baf9qd23eh63ri',0,'Visitor_9472','2024-02-22',1708603340,'https://knowledgeframe.co.uk/axcessdev/index.php/solutions/payment-gateway-services','GB','86.157.162.202','Chrome','Windows 10','Desktop','1536','824',121),('n9t4q72ioe99baf9qd23eh63ri',0,'Visitor_9472','2024-02-22',1708603367,'https://knowledgeframe.co.uk/axcessdev/index.php/solutions/point-of-sale-solutions','GB','86.157.162.202','Chrome','Windows 10','Desktop','1536','824',385),('n9t4q72ioe99baf9qd23eh63ri',0,'Visitor_9472','2024-02-22',1708595666,'https://knowledgeframe.co.uk/axcessdev/index.php/solutions/telephone-and-virtual-terminal-facilities','GB','86.157.162.202','Chrome','Windows 10','Desktop','1536','824',907),('nblupe6ktrr13mvdhp3r81iun5',0,'Visitor_6133','2024-03-08',1709898119,'https://knowledgeframe.co.uk/axcessdev/index.php/home/quotation-fact-find','GB','188.240.171.164','Edge','Windows 10','Desktop','1536','824',0),('nc2arr32up9h573ui69dc5f9lm',265,'Surinder','2024-03-21',1711033752,'https://knowledgeframe.co.uk/axcessdev/','GB','188.240.171.164','Chrome','MacOS','Desktop','1680','962',165),('nc2arr32up9h573ui69dc5f9lm',265,'Surinder','2024-03-21',1711034077,'https://knowledgeframe.co.uk/axcessdev/index.php/features/managed-merchant-services','GB','188.240.171.164','Chrome','MacOS','Desktop','1680','962',0),('nc2arr32up9h573ui69dc5f9lm',265,'Surinder','2024-03-21',1711034182,'https://knowledgeframe.co.uk/axcessdev/index.php/home/company-footer','GB','188.240.171.164','Chrome','MacOS','Desktop','0','0',0),('nc2arr32up9h573ui69dc5f9lm',265,'Surinder','2024-03-21',1711034185,'https://knowledgeframe.co.uk/axcessdev/index.php/home/cookie-policy','GB','188.240.171.164','Chrome','MacOS','Desktop','0','0',0),('nc2arr32up9h573ui69dc5f9lm',265,'Surinder','2024-03-21',1711034073,'https://knowledgeframe.co.uk/axcessdev/index.php/sectors/cbd-merchant-accounts/cbd-merchants-learn-more','GB','188.240.171.164','Chrome','MacOS','Desktop','1680','962',0),('nfa4r4ffrfmjll4edq413nh4r6',259,'Sarah Hughes','2023-09-25',1695645759,'https://knowledgeframe.co.uk/axcessdev/','GB','81.158.155.21','Chrome','Windows 10','Desktop','1536','824',449),('nfdhju0t2h6pcoo726bimefm14',0,'Visitor_2672','2024-03-14',1710429134,'https://knowledgeframe.co.uk/axcessdev/index.php/sectors/cbd-merchant-accounts','GB','188.240.171.164','Chrome','Windows 10','Desktop','1280','680',0),('nhe2iqhh2rlg7nvi3os9noco9v',0,'Visitor_2273','2023-08-31',1693476864,'https://knowledgeframe.co.uk/axcessdev/index.php','GB','86.138.121.22','Chrome','Windows 10','Desktop','1500','945',1),('noelig30r8ubsh9krmq9gi8lor',0,'Visitor_3089','2024-03-14',1710411164,'https://knowledgeframe.co.uk/axcessdev/','GB','2a00:23c8:9493:a901:b9b9:4960:33a3:a93c','Chrome','Windows 10','Desktop','1918','1038',17),('noelig30r8ubsh9krmq9gi8lor',0,'Visitor_3089','2024-03-14',1710411103,'https://knowledgeframe.co.uk/axcessdev/index.php','GB','2a00:23c8:9493:a901:b9b9:4960:33a3:a93c','Chrome','Windows 10','Desktop','1918','1038',3),('noelig30r8ubsh9krmq9gi8lor',0,'Visitor_3089','2024-03-14',1710411098,'https://knowledgeframe.co.uk/axcessdev/index.php/about-us/blog/boost-your-business-with-moto-payments-a-convenient-and-secure-solution','GB','2a00:23c8:9493:a901:b9b9:4960:33a3:a93c','Chrome','Windows 10','Desktop','1918','1038',0),('noelig30r8ubsh9krmq9gi8lor',0,'Visitor_3089','2024-03-14',1710411144,'https://knowledgeframe.co.uk/axcessdev/index.php/sectors/cfd-forex-broker-payments','GB','2a00:23c8:9493:a901:b9b9:4960:33a3:a93c','Chrome','Windows 10','Desktop','1918','1038',1),('noelig30r8ubsh9krmq9gi8lor',0,'Visitor_3089','2024-03-14',1710411684,'https://knowledgeframe.co.uk/axcessdev/index.php/sectors/gaming-and-gambling-accounts','GB','2a00:23c8:9493:a901:b9b9:4960:33a3:a93c','Chrome','Windows 10','Desktop','1918','1038',103),('noelig30r8ubsh9krmq9gi8lor',0,'Visitor_3089','2024-03-14',1710411123,'https://knowledgeframe.co.uk/axcessdev/index.php/sectors/travel-payment-processing','GB','2a00:23c8:9493:a901:b9b9:4960:33a3:a93c','Chrome','Windows 10','Desktop','1918','1038',2),('noelig30r8ubsh9krmq9gi8lor',0,'Visitor_3089','2024-03-14',1710411153,'https://knowledgeframe.co.uk/axcessdev/index.php?option=com_config&view=modules&id=258&Itemid=314&return=aHR0cHM6Ly9rbm93bGVkZ2VmcmFtZS5jby51ay9heGNlc3NkZXYvaW5kZXgucGhwL3NlY3RvcnMvY2ZkLWZvcmV4LWJyb2tlci1wYXltZW50cw==','GB','2a00:23c8:9493:a901:b9b9:4960:33a3:a93c','Chrome','Windows 10','Desktop','1918','1038',1),('noelig30r8ubsh9krmq9gi8lor',0,'Visitor_3089','2024-03-18',1710750742,'https://knowledgeframe.co.uk/axcessdev/index.php/sectors/gaming-and-gambling-accounts','GB','2a00:23c8:9493:a901:8cc6:f5b0:d3cd:c90d','Chrome','Windows 10','Desktop','1918','1038',0),('nqapqm8iustcmitfb5jhdrquti',0,'Visitor_85','2024-02-20',1708428177,'https://knowledgeframe.co.uk/axcessdev/index.php/features/telephone-and-billing-solutions','GB','86.157.162.202','Chrome','Windows 10','Desktop','0','0',0),('nu7m6v3iit31e9inco2i83h8l3',263,'Ilaria Pignalosa','2024-02-23',1708692562,'https://knowledgeframe.co.uk/axcessdev/','GB','2a01:4b00:e032:7c00:acae:2ef3:f0ee:c76b','Chrome','Windows 11','Desktop','1380','1032',2),('nu7m6v3iit31e9inco2i83h8l3',0,'Visitor_7633','2024-02-26',1708957959,'https://knowledgeframe.co.uk/axcessdev/','GB','2a01:4b00:e032:7c00:999c:cc17:5066:5aa9','Chrome','Windows 10','Desktop','1316','1032',0),('nvpa2mbiqv7itptbil3837ni9q',0,'Visitor_2738','2024-03-08',1709900508,'https://knowledgeframe.co.uk/axcessdev/','GB','138.124.141.130','Edge','Windows 10','Desktop','1918','1038',1),('nvpa2mbiqv7itptbil3837ni9q',0,'Visitor_2738','2024-03-08',1709900520,'https://knowledgeframe.co.uk/axcessdev/index.php/home/quotation-fact-find','GB','138.124.141.130','Edge','Windows 10','Desktop','1918','1038',341),('nvsr4m91babc7a14ca515k7mot',262,'Arran Brannan','2024-02-26',1708959159,'https://knowledgeframe.co.uk/axcessdev/','GB','81.108.70.160','Chrome','Windows 10','Desktop','1280','680',21),('nvsr4m91babc7a14ca515k7mot',262,'Arran Brannan','2024-02-26',1708960955,'https://knowledgeframe.co.uk/axcessdev/index.php/sectors/cbd-merchant-accounts','GB','81.108.70.160','Chrome','Windows 10','Desktop','1280','680',13),('nvsr4m91babc7a14ca515k7mot',262,'Arran Brannan','2024-02-26',1708959294,'https://knowledgeframe.co.uk/axcessdev/index.php/sectors/cfd-forex-broker-payments','GB','81.108.70.160','Chrome','Windows 10','Desktop','1280','680',345),('nvsr4m91babc7a14ca515k7mot',262,'Arran Brannan','2024-02-26',1708961052,'https://knowledgeframe.co.uk/axcessdev/index.php/sectors/cryptocurrency-merchant-account','GB','81.108.70.160','Chrome','Windows 10','Desktop','1280','680',16),('nvsr4m91babc7a14ca515k7mot',262,'Arran Brannan','2024-02-26',1708959297,'https://knowledgeframe.co.uk/axcessdev/index.php/sectors/dating-merchant-services','GB','81.108.70.160','Chrome','Windows 10','Desktop','1280','680',154),('nvsr4m91babc7a14ca515k7mot',262,'Arran Brannan','2024-02-26',1708961297,'https://knowledgeframe.co.uk/axcessdev/index.php/sectors/financial-services-payment-processing','GB','81.108.70.160','Chrome','Windows 10','Desktop','1280','680',26),('nvsr4m91babc7a14ca515k7mot',262,'Arran Brannan','2024-02-26',1708961480,'https://knowledgeframe.co.uk/axcessdev/index.php/sectors/gaming-and-gambling-accounts','GB','81.108.70.160','Chrome','Windows 10','Desktop','1280','680',13),('nvsr4m91babc7a14ca515k7mot',262,'Arran Brannan','2024-02-26',1708961762,'https://knowledgeframe.co.uk/axcessdev/index.php/sectors/online-retail','GB','81.108.70.160','Chrome','Windows 10','Desktop','1280','680',192),('nvsr4m91babc7a14ca515k7mot',262,'Arran Brannan','2024-02-26',1708961578,'https://knowledgeframe.co.uk/axcessdev/index.php/sectors/skill-based-competition-merchants','GB','81.108.70.160','Chrome','Windows 10','Desktop','1280','680',10),('nvsr4m91babc7a14ca515k7mot',262,'Arran Brannan','2024-02-26',1708961170,'https://knowledgeframe.co.uk/axcessdev/index.php/sectors/subscription-businesses','GB','81.108.70.160','Chrome','Windows 10','Desktop','1280','680',18),('nvsr4m91babc7a14ca515k7mot',262,'Arran Brannan','2024-02-26',1708961653,'https://knowledgeframe.co.uk/axcessdev/index.php/sectors/travel-payment-processing','GB','81.108.70.160','Chrome','Windows 10','Desktop','1280','680',74),('nvsr4m91babc7a14ca515k7mot',0,'Visitor_4917','2024-02-28',1709110196,'https://knowledgeframe.co.uk/axcessdev/index.php/sectors/travel-payment-processing','GB','81.108.70.160','Chrome','Windows 10','Desktop','1280','680',0),('o270qvboefhrik8hkdr3vknp1d',0,'Visitor_2708','2024-03-21',1711033757,'https://knowledgeframe.co.uk/axcessdev/','GB','188.240.171.164','Chrome','MacOS','Desktop','1680','962',0),('o4s1otkg674ra2ui1rafq3f91l',0,'Visitor_4167','2023-08-24',1692873768,'https://knowledgeframe.co.uk/axcessdev/','GB','212.159.119.174','Chrome','MacOS','Desktop','1864','1000',1289),('o79jvtqdrrrkedvhqmq3dk02ua',0,'Visitor_7930','2024-02-14',1707930231,'https://knowledgeframe.co.uk/axcessdev/','GB','86.157.162.202','Chrome','Windows 10','Desktop','1536','824',0),('o7mjgnim7r6q9r3kqkgsncf5b0',0,'Visitor_7769','2024-03-08',1709900688,'https://knowledgeframe.co.uk/axcessdev/index.php/component/users/login?Itemid=101','GB','92.40.188.91','Safari','iOS iPhone','Mobile','390','844',0),('o7mjgnim7r6q9r3kqkgsncf5b0',0,'Visitor_7769','2024-03-08',1709900681,'https://knowledgeframe.co.uk/axcessdev/index.php/home/quotation-fact-find','GB','92.40.188.91','Safari','iOS iPhone','Mobile','390','844',0),('o7puhfpe4v3lq53cvbc9lgbl2h',0,'Visitor_7435','2024-03-07',1709823085,'https://knowledgeframe.co.uk/axcessdev/index.php/sectors/subscription-businesses','GB','138.124.141.130','Chrome','Windows 10','Desktop','1918','1038',0),('oa0vj96ne5910n2rk6f180i95u',263,'Ilaria Pignalosa','2024-02-26',1708957964,'https://knowledgeframe.co.uk/axcessdev/','GB','2a01:4b00:e032:7c00:999c:cc17:5066:5aa9','Chrome','Windows 11','Desktop','1316','1032',133),('oes32fsj0bsjjgp3h562h1hmio',262,'Arran Brannan','2024-03-14',1710411149,'https://knowledgeframe.co.uk/axcessdev/','GB','188.240.171.164','Chrome','Windows 10','Desktop','1280','680',3),('oes32fsj0bsjjgp3h562h1hmio',262,'Arran Brannan','2024-03-14',1710411190,'https://knowledgeframe.co.uk/axcessdev/index.php/features/redshield','GB','188.240.171.164','Chrome','Windows 10','Desktop','1280','680',0),('oes32fsj0bsjjgp3h562h1hmio',262,'Arran Brannan','2024-03-14',1710411218,'https://knowledgeframe.co.uk/axcessdev/index.php/sectors/cbd-merchant-accounts','GB','188.240.171.164','Chrome','Windows 10','Desktop','1280','680',1345),('oes32fsj0bsjjgp3h562h1hmio',262,'Arran Brannan','2024-03-14',1710411211,'https://knowledgeframe.co.uk/axcessdev/index.php/sectors/cfd-forex-broker-payments','GB','188.240.171.164','Chrome','Windows 10','Desktop','1280','680',1),('oes32fsj0bsjjgp3h562h1hmio',262,'Arran Brannan','2024-03-14',1710411195,'https://knowledgeframe.co.uk/axcessdev/index.php/sectors/dating-merchant-services','GB','188.240.171.164','Chrome','Windows 10','Desktop','1280','680',2),('oes32fsj0bsjjgp3h562h1hmio',262,'Arran Brannan','2024-03-14',1710411175,'https://knowledgeframe.co.uk/axcessdev/index.php/solutions/payment-gateway-services?view=article&id=9:payment-gateway-services&catid=9:features','GB','188.240.171.164','Chrome','Windows 10','Desktop','1280','680',1),('ohfu1bep661j9pdtruraljpgpk',0,'Visitor_1661','2024-02-15',1708001573,'https://knowledgeframe.co.uk/axcessdev/index.php/about-us/privacy-policy?view=article&id=51:privacy-policy-slovenian&catid=2:uncategorised','GB','188.240.171.164','Edge','Windows 10','Desktop','1536','824',0),('oi2iml2ptprj7t0gb0u76088pc',259,'Sarah Hughes','2024-02-15',1707987927,'https://knowledgeframe.co.uk/axcessdev/','GB','138.124.141.130','Chrome','Windows 10','Desktop','1536','824',213),('ok1irv70d7vpmapmrmvst58dqo',0,'Visitor_1707','2024-02-20',1708446060,'https://knowledgeframe.co.uk/axcessdev/index.php/contact/discuss-partnerships','GB','86.157.162.202','Chrome','Windows 10','Desktop','1536','824',0),('okajkt9d7nscsu401oe2351prq',0,'Visitor_9740','2024-03-07',1709798721,'https://knowledgeframe.co.uk/axcessdev/index.php','GB','2a00:23c8:9493:a901:5979:36ba:475:6e7f','Chrome','Windows 10','Desktop','0','0',0),('okajkt9d7nscsu401oe2351prq',0,'Visitor_9740','2024-03-08',1709894930,'https://knowledgeframe.co.uk/axcessdev/index.php','GB','188.240.171.164','Chrome','Windows 10','Desktop','1536','824',0),('oqcot7s4bcajlhrq9g9epmltdj',0,'Visitor_7499','2024-03-21',1711010057,'https://knowledgeframe.co.uk/axcessdev/','GB','138.124.141.130','Chrome','Windows 10','Desktop','1918','1038',957),('oqcot7s4bcajlhrq9g9epmltdj',0,'Visitor_7499','2024-03-21',1711010097,'https://knowledgeframe.co.uk/axcessdev/index.php','GB','138.124.141.130','Chrome','Windows 10','Desktop','1918','1038',529),('oqcot7s4bcajlhrq9g9epmltdj',0,'Visitor_7499','2024-03-21',1711021631,'https://knowledgeframe.co.uk/axcessdev/index.php/about-us','GB','138.124.141.130','Chrome','Windows 10','Desktop','1918','1038',325),('oqcot7s4bcajlhrq9g9epmltdj',0,'Visitor_7499','2024-03-21',1711016930,'https://knowledgeframe.co.uk/axcessdev/index.php/contact/contact-us','GB','138.124.141.130','Chrome','Windows 10','Desktop','1918','1038',114),('oqcot7s4bcajlhrq9g9epmltdj',0,'Visitor_7499','2024-03-21',1711010090,'https://knowledgeframe.co.uk/axcessdev/index.php/features/fraud-risk-management','GB','138.124.141.130','Chrome','Windows 10','Desktop','1918','1038',7),('oqcot7s4bcajlhrq9g9epmltdj',0,'Visitor_7499','2024-03-21',1711010160,'https://knowledgeframe.co.uk/axcessdev/index.php/features/merchant-accounts','GB','138.124.141.130','Chrome','Windows 10','Desktop','1918','1038',0),('oqcot7s4bcajlhrq9g9epmltdj',0,'Visitor_7499','2024-03-21',1711010170,'https://knowledgeframe.co.uk/axcessdev/index.php/features/mobile-billing-solutions','GB','138.124.141.130','Chrome','Windows 10','Desktop','1918','1038',0),('oqcot7s4bcajlhrq9g9epmltdj',0,'Visitor_7499','2024-03-21',1711010354,'https://knowledgeframe.co.uk/axcessdev/index.php/features/multi-territory-merchant-services','GB','138.124.141.130','Chrome','Windows 10','Desktop','1918','1038',0),('oqcot7s4bcajlhrq9g9epmltdj',0,'Visitor_7499','2024-03-21',1711010367,'https://knowledgeframe.co.uk/axcessdev/index.php/features/recurring-payments','GB','138.124.141.130','Chrome','Windows 10','Desktop','1918','1038',0),('oqcot7s4bcajlhrq9g9epmltdj',0,'Visitor_7499','2024-03-21',1711010359,'https://knowledgeframe.co.uk/axcessdev/index.php/features/redshield','GB','138.124.141.130','Chrome','Windows 10','Desktop','1918','1038',100),('oqcot7s4bcajlhrq9g9epmltdj',0,'Visitor_7499','2024-03-21',1711012385,'https://knowledgeframe.co.uk/axcessdev/index.php/search?f=1','GB','138.124.141.130','Chrome','Windows 10','Desktop','1918','1038',5),('oqcot7s4bcajlhrq9g9epmltdj',0,'Visitor_7499','2024-03-21',1711012397,'https://knowledgeframe.co.uk/axcessdev/index.php/search?f=1#','GB','138.124.141.130','Chrome','Windows 10','Desktop','0','0',0),('oqcot7s4bcajlhrq9g9epmltdj',0,'Visitor_7499','2024-03-21',1711015979,'https://knowledgeframe.co.uk/axcessdev/index.php/sectors/skill-based-competition-merchants','GB','138.124.141.130','Chrome','Windows 10','Desktop','1918','1038',62),('oqcot7s4bcajlhrq9g9epmltdj',0,'Visitor_7499','2024-03-21',1711010180,'https://knowledgeframe.co.uk/axcessdev/index.php/sectors/travel-payment-processing','GB','138.124.141.130','Chrome','Windows 10','Desktop','1918','1038',0),('oqcot7s4bcajlhrq9g9epmltdj',0,'Visitor_7499','2024-03-21',1711024384,'https://knowledgeframe.co.uk/axcessdev/index.php/solutions/point-of-sale-solutions','GB','138.124.141.130','Chrome','Windows 10','Desktop','1918','1038',14),('oqgpr8rolas6fgjvqh4nl13191',262,'Arran Brannan','2024-03-05',1709653311,'https://knowledgeframe.co.uk/axcessdev/','GB','81.108.70.160','Chrome','Windows 10','Desktop','1280','680',1),('oqgpr8rolas6fgjvqh4nl13191',262,'Arran Brannan','2024-03-05',1709653319,'https://knowledgeframe.co.uk/axcessdev/index.php/about-us/blog','GB','81.108.70.160','Chrome','Windows 10','Desktop','1280','680',103),('oqt8g4hjf6ovlamt9rdlddqrub',260,'Ian Sadler','2024-02-07',1707302750,'https://knowledgeframe.co.uk/axcessdev/','GB','2a00:23c8:9493:a901:ec37:36e:edf4:bb1b','Chrome','Windows 10','Desktop','1918','1038',0),('oqt8g4hjf6ovlamt9rdlddqrub',260,'Ian Sadler','2024-02-07',1707302807,'https://knowledgeframe.co.uk/axcessdev/index.php','GB','2a00:23c8:9493:a901:ec37:36e:edf4:bb1b','Chrome','Windows 10','Desktop','1918','1038',1613),('oqt8g4hjf6ovlamt9rdlddqrub',260,'Ian Sadler','2024-02-07',1707302771,'https://knowledgeframe.co.uk/axcessdev/index.php/about-us/press','GB','2a00:23c8:9493:a901:ec37:36e:edf4:bb1b','Chrome','Windows 10','Desktop','1918','1038',0),('oqt8g4hjf6ovlamt9rdlddqrub',260,'Ian Sadler','2024-02-07',1707302758,'https://knowledgeframe.co.uk/axcessdev/index.php/about-us/privacy-policy','GB','2a00:23c8:9493:a901:ec37:36e:edf4:bb1b','Chrome','Windows 10','Desktop','1918','1038',1),('oqt8g4hjf6ovlamt9rdlddqrub',260,'Ian Sadler','2024-02-07',1707302764,'https://knowledgeframe.co.uk/axcessdev/index.php/about-us/privacy-policy?view=article&id=51:privacy-policy-slovenian&catid=2:uncategorised','GB','2a00:23c8:9493:a901:ec37:36e:edf4:bb1b','Chrome','Windows 10','Desktop','1918','1038',0),('oqt8g4hjf6ovlamt9rdlddqrub',260,'Ian Sadler','2024-02-07',1707302755,'https://knowledgeframe.co.uk/axcessdev/index.php/about-us/support','GB','2a00:23c8:9493:a901:ec37:36e:edf4:bb1b','Chrome','Windows 10','Desktop','1918','1038',0),('oqt8g4hjf6ovlamt9rdlddqrub',260,'Ian Sadler','2024-02-07',1707302779,'https://knowledgeframe.co.uk/axcessdev/index.php/contact/join-the-team','GB','2a00:23c8:9493:a901:ec37:36e:edf4:bb1b','Chrome','Windows 10','Desktop','1918','1038',0),('oqt8g4hjf6ovlamt9rdlddqrub',260,'Ian Sadler','2024-02-07',1707302800,'https://knowledgeframe.co.uk/axcessdev/index.php/features/managed-merchant-services','GB','2a00:23c8:9493:a901:ec37:36e:edf4:bb1b','Chrome','Windows 10','Desktop','1918','1038',0),('oqt8g4hjf6ovlamt9rdlddqrub',260,'Ian Sadler','2024-02-07',1707302791,'https://knowledgeframe.co.uk/axcessdev/index.php/rsform-test','GB','2a00:23c8:9493:a901:ec37:36e:edf4:bb1b','Chrome','Windows 10','Desktop','1918','1038',0),('oqt8g4hjf6ovlamt9rdlddqrub',0,'Visitor_8469','2024-02-08',1707392252,'https://knowledgeframe.co.uk/axcessdev/index.php','GB','2a00:23c8:9493:a901:ec37:36e:edf4:bb1b','Chrome','Windows 10','Desktop','1918','1038',0),('osf0d43m4tp9mitup529mooim4',0,'Visitor_4349','2024-03-11',1710164978,'https://knowledgeframe.co.uk/axcessdev/','GB','62.253.3.70','Chrome','Windows 10','Desktop','1','1',0),('p0qi2460erbt4mglkn8a4jsg9g',0,'Visitor_2460','2024-02-21',1708506730,'https://knowledgeframe.co.uk/axcessdev/','GB','86.157.162.202','Chrome','Windows 10','Desktop','1536','824',250),('p0qi2460erbt4mglkn8a4jsg9g',0,'Visitor_2460','2024-02-21',1708518413,'https://knowledgeframe.co.uk/axcessdev/index.php/contact/book-a-demo','GB','86.157.162.202','Chrome','Windows 10','Desktop','1536','824',10),('p0qi2460erbt4mglkn8a4jsg9g',0,'Visitor_2460','2024-02-21',1708510197,'https://knowledgeframe.co.uk/axcessdev/index.php/contact/discuss-partnerships','GB','86.157.162.202','Chrome','Windows 10','Desktop','1536','824',226),('p0qi2460erbt4mglkn8a4jsg9g',0,'Visitor_2460','2024-02-21',1708511107,'https://knowledgeframe.co.uk/axcessdev/index.php/features/ecommerce-payment-solutions','GB','86.157.162.202','Chrome','Windows 10','Desktop','1536','824',2),('p0qi2460erbt4mglkn8a4jsg9g',0,'Visitor_2460','2024-02-21',1708511129,'https://knowledgeframe.co.uk/axcessdev/index.php/features/managed-merchant-services','GB','86.157.162.202','Chrome','Windows 10','Desktop','1536','824',65),('p0qi2460erbt4mglkn8a4jsg9g',0,'Visitor_2460','2024-02-21',1708511011,'https://knowledgeframe.co.uk/axcessdev/index.php/features/merchant-accounts','GB','86.157.162.202','Chrome','Windows 10','Desktop','1536','824',3),('p0qi2460erbt4mglkn8a4jsg9g',0,'Visitor_2460','2024-02-21',1708510951,'https://knowledgeframe.co.uk/axcessdev/index.php/features/mobile-billing-solutions','GB','86.157.162.202','Chrome','Windows 10','Desktop','1536','824',3),('p0qi2460erbt4mglkn8a4jsg9g',0,'Visitor_2460','2024-02-21',1708510974,'https://knowledgeframe.co.uk/axcessdev/index.php/features/multi-currency-processing-solutions','GB','86.157.162.202','Chrome','Windows 10','Desktop','1536','824',5),('p0qi2460erbt4mglkn8a4jsg9g',0,'Visitor_2460','2024-02-21',1708511082,'https://knowledgeframe.co.uk/axcessdev/index.php/features/multi-territory-merchant-services','GB','86.157.162.202','Chrome','Windows 10','Desktop','1536','824',3),('p0qi2460erbt4mglkn8a4jsg9g',0,'Visitor_2460','2024-02-21',1708510013,'https://knowledgeframe.co.uk/axcessdev/index.php/features/redshield','GB','86.157.162.202','Chrome','Windows 10','Desktop','1536','824',211),('p0qi2460erbt4mglkn8a4jsg9g',0,'Visitor_2460','2024-02-21',1708511032,'https://knowledgeframe.co.uk/axcessdev/index.php/features/telephone-and-billing-solutions','GB','86.157.162.202','Chrome','Windows 10','Desktop','1536','824',7),('p0qi2460erbt4mglkn8a4jsg9g',0,'Visitor_2460','2024-02-21',1708521039,'https://knowledgeframe.co.uk/axcessdev/index.php/solutions/ecommerce-payment-solutions','GB','86.157.162.202','Chrome','Windows 10','Desktop','1536','824',1),('p0qi2460erbt4mglkn8a4jsg9g',0,'Visitor_2460','2024-02-21',1708508337,'https://knowledgeframe.co.uk/axcessdev/index.php/solutions/point-of-sale-solutions','GB','86.157.162.202','Chrome','Windows 10','Desktop','1536','824',1042),('p0qi2460erbt4mglkn8a4jsg9g',0,'Visitor_2460','2024-02-21',1708519122,'https://knowledgeframe.co.uk/axcessdev/index.php/solutions/telephone-and-virtual-terminal-facilities','GB','86.157.162.202','Chrome','Windows 10','Desktop','1536','824',961),('p0qi2460erbt4mglkn8a4jsg9g',0,'Visitor_2460','2024-02-21',1708511872,'https://knowledgeframe.co.uk/axcessdev/index.php?option=com_config&view=modules&id=232&Itemid=190&return=aHR0cHM6Ly9rbm93bGVkZ2VmcmFtZS5jby51ay9heGNlc3NkZXYvaW5kZXgucGhwL3NvbHV0aW9ucy9wb2ludC1vZi1zYWxlLXNvbHV0aW9ucw==','GB','86.157.162.202','Chrome','Windows 10','Desktop','1536','824',10),('p41pdht1r9ieuotbsj4v0ti2qb',259,'Sarah Hughes','2024-03-08',1709891725,'https://knowledgeframe.co.uk/axcessdev/','GB','138.124.141.130','Chrome','Windows 10','Desktop','1918','1038',110),('p41pdht1r9ieuotbsj4v0ti2qb',259,'Sarah Hughes','2024-03-08',1709892377,'https://knowledgeframe.co.uk/axcessdev/index.php/features/ecommerce-payment-solutions','GB','138.124.141.130','Chrome','Windows 10','Desktop','1918','1038',1),('p41pdht1r9ieuotbsj4v0ti2qb',259,'Sarah Hughes','2024-03-08',1709892074,'https://knowledgeframe.co.uk/axcessdev/index.php/features/fraud-risk-management','GB','138.124.141.130','Chrome','Windows 10','Desktop','1918','1038',9),('p41pdht1r9ieuotbsj4v0ti2qb',259,'Sarah Hughes','2024-03-08',1709892391,'https://knowledgeframe.co.uk/axcessdev/index.php/features/managed-merchant-services','GB','138.124.141.130','Chrome','Windows 10','Desktop','1918','1038',5),('p41pdht1r9ieuotbsj4v0ti2qb',259,'Sarah Hughes','2024-03-08',1709892186,'https://knowledgeframe.co.uk/axcessdev/index.php/features/merchant-accounts','GB','138.124.141.130','Chrome','Windows 10','Desktop','1918','1038',23),('p41pdht1r9ieuotbsj4v0ti2qb',259,'Sarah Hughes','2024-03-08',1709892102,'https://knowledgeframe.co.uk/axcessdev/index.php/features/mobile-billing-solutions','GB','138.124.141.130','Chrome','Windows 10','Desktop','1918','1038',10),('p41pdht1r9ieuotbsj4v0ti2qb',259,'Sarah Hughes','2024-03-08',1709892171,'https://knowledgeframe.co.uk/axcessdev/index.php/features/multi-currency-processing-solutions','GB','138.124.141.130','Chrome','Windows 10','Desktop','1918','1038',2),('p41pdht1r9ieuotbsj4v0ti2qb',259,'Sarah Hughes','2024-03-08',1709892364,'https://knowledgeframe.co.uk/axcessdev/index.php/features/multi-territory-merchant-services','GB','138.124.141.130','Chrome','Windows 10','Desktop','1918','1038',2),('p41pdht1r9ieuotbsj4v0ti2qb',259,'Sarah Hughes','2024-03-08',1709892085,'https://knowledgeframe.co.uk/axcessdev/index.php/features/recurring-payments','GB','138.124.141.130','Chrome','Windows 10','Desktop','1918','1038',2),('p41pdht1r9ieuotbsj4v0ti2qb',259,'Sarah Hughes','2024-03-08',1709891987,'https://knowledgeframe.co.uk/axcessdev/index.php/features/redshield','GB','138.124.141.130','Chrome','Windows 10','Desktop','1918','1038',15),('p41pdht1r9ieuotbsj4v0ti2qb',259,'Sarah Hughes','2024-03-08',1709892342,'https://knowledgeframe.co.uk/axcessdev/index.php/features/telephone-and-billing-solutions','GB','138.124.141.130','Chrome','Windows 10','Desktop','1918','1038',3),('p41pdht1r9ieuotbsj4v0ti2qb',259,'Sarah Hughes','2024-03-08',1709894406,'https://knowledgeframe.co.uk/axcessdev/index.php/sectors/cbd-merchant-accounts','GB','138.124.141.130','Chrome','Windows 10','Desktop','1918','1038',17),('p41pdht1r9ieuotbsj4v0ti2qb',259,'Sarah Hughes','2024-03-08',1709892942,'https://knowledgeframe.co.uk/axcessdev/index.php/sectors/cfd-forex-broker-payments','GB','138.124.141.130','Chrome','Windows 10','Desktop','1918','1038',11),('p41pdht1r9ieuotbsj4v0ti2qb',259,'Sarah Hughes','2024-03-08',1709894350,'https://knowledgeframe.co.uk/axcessdev/index.php/sectors/cfd-forex-broker-payments?view=form&layout=edit&a_id=89&return=aHR0cHM6Ly9rbm93bGVkZ2VmcmFtZS5jby51ay9heGNlc3NkZXYvaW5kZXgucGhwL3NlY3RvcnMvY2ZkLWZvcmV4LWJyb2tlci1wYXltZW50cw==','GB','138.124.141.130','Chrome','Windows 10','Desktop','1918','1038',4),('p41pdht1r9ieuotbsj4v0ti2qb',259,'Sarah Hughes','2024-03-08',1709894554,'https://knowledgeframe.co.uk/axcessdev/index.php/sectors/cryptocurrency-merchant-account','GB','138.124.141.130','Chrome','Windows 10','Desktop','1536','824',21),('p41pdht1r9ieuotbsj4v0ti2qb',259,'Sarah Hughes','2024-03-08',1709892493,'https://knowledgeframe.co.uk/axcessdev/index.php/sectors/dating-merchant-services','GB','138.124.141.130','Chrome','Windows 10','Desktop','1918','1038',83),('p41pdht1r9ieuotbsj4v0ti2qb',259,'Sarah Hughes','2024-03-08',1709894929,'https://knowledgeframe.co.uk/axcessdev/index.php/sectors/financial-services-payment-processing','GB','138.124.141.130','Chrome','Windows 10','Desktop','1536','824',15),('p41pdht1r9ieuotbsj4v0ti2qb',259,'Sarah Hughes','2024-03-08',1709895053,'https://knowledgeframe.co.uk/axcessdev/index.php/sectors/gaming-and-gambling-accounts','GB','138.124.141.130','Chrome','Windows 10','Desktop','1536','824',2),('p41pdht1r9ieuotbsj4v0ti2qb',259,'Sarah Hughes','2024-03-08',1709895070,'https://knowledgeframe.co.uk/axcessdev/index.php/sectors/skill-based-competition-merchants','GB','138.124.141.130','Chrome','Windows 10','Desktop','1536','824',0),('p41pdht1r9ieuotbsj4v0ti2qb',259,'Sarah Hughes','2024-03-08',1709894898,'https://knowledgeframe.co.uk/axcessdev/index.php/sectors/subscription-businesses','GB','138.124.141.130','Chrome','Windows 10','Desktop','1536','824',7),('p41pdht1r9ieuotbsj4v0ti2qb',259,'Sarah Hughes','2024-03-08',1709895076,'https://knowledgeframe.co.uk/axcessdev/index.php/sectors/travel-payment-processing','GB','138.124.141.130','Chrome','Windows 10','Desktop','1536','824',164),('p41pdht1r9ieuotbsj4v0ti2qb',259,'Sarah Hughes','2024-03-08',1709891842,'https://knowledgeframe.co.uk/axcessdev/index.php/solutions/ecommerce-payment-solutions','GB','138.124.141.130','Chrome','Windows 10','Desktop','1918','1038',12),('p41pdht1r9ieuotbsj4v0ti2qb',259,'Sarah Hughes','2024-03-08',1709891936,'https://knowledgeframe.co.uk/axcessdev/index.php/solutions/payment-gateway-services','GB','138.124.141.130','Chrome','Windows 10','Desktop','1918','1038',2),('p41pdht1r9ieuotbsj4v0ti2qb',259,'Sarah Hughes','2024-03-08',1709891731,'https://knowledgeframe.co.uk/axcessdev/index.php/solutions/point-of-sale-solutions','GB','138.124.141.130','Chrome','Windows 10','Desktop','1918','1038',17),('p41pdht1r9ieuotbsj4v0ti2qb',259,'Sarah Hughes','2024-03-08',1709891927,'https://knowledgeframe.co.uk/axcessdev/index.php/solutions/telephone-and-virtual-terminal-facilities','GB','138.124.141.130','Chrome','Windows 10','Desktop','1918','1038',1),('p41pdht1r9ieuotbsj4v0ti2qb',259,'Sarah Hughes','2024-03-08',1709894483,'https://knowledgeframe.co.uk/axcessdev/index.php?Itemid=168','GB','138.124.141.130','Chrome','Windows 10','Desktop','1918','1038',11),('p41pdht1r9ieuotbsj4v0ti2qb',259,'Sarah Hughes','2024-03-08',1709891951,'https://knowledgeframe.co.uk/axcessdev/index.php?option=com_config&view=modules&id=247&Itemid=313&return=aHR0cHM6Ly9rbm93bGVkZ2VmcmFtZS5jby51ay9heGNlc3NkZXYvaW5kZXgucGhwL3NvbHV0aW9ucy9wYXltZW50LWdhdGV3YXktc2VydmljZXM=','GB','138.124.141.130','Chrome','Windows 10','Desktop','1918','1038',2),('p41pdht1r9ieuotbsj4v0ti2qb',259,'Sarah Hughes','2024-03-08',1709892958,'https://knowledgeframe.co.uk/axcessdev/index.php?option=com_config&view=modules&id=272&Itemid=314&return=aHR0cHM6Ly9rbm93bGVkZ2VmcmFtZS5jby51ay9heGNlc3NkZXYvaW5kZXgucGhwL3NlY3RvcnMvY2ZkLWZvcmV4LWJyb2tlci1wYXltZW50cw==','GB','138.124.141.130','Chrome','Windows 10','Desktop','1918','1038',1),('p41pdht1r9ieuotbsj4v0ti2qb',259,'Sarah Hughes','2024-03-08',1709894458,'https://knowledgeframe.co.uk/axcessdev/index.php?option=com_config&view=modules&id=273&Itemid=315&return=aHR0cHM6Ly9rbm93bGVkZ2VmcmFtZS5jby51ay9heGNlc3NkZXYvaW5kZXgucGhwL3NlY3RvcnMvY2JkLW1lcmNoYW50LWFjY291bnRz','GB','138.124.141.130','Chrome','Windows 10','Desktop','1918','1038',2),('p41pdht1r9ieuotbsj4v0ti2qb',259,'Sarah Hughes','2024-03-08',1709894206,'https://knowledgeframe.co.uk/axcessdev/index.php?option=com_config&view=modules&id=297&Itemid=316&return=aHR0cHM6Ly9rbm93bGVkZ2VmcmFtZS5jby51ay9heGNlc3NkZXYvaW5kZXgucGhwL3NlY3RvcnMvZGF0aW5nLW1lcmNoYW50LXNlcnZpY2Vz','GB','138.124.141.130','Chrome','Windows 10','Desktop','1918','1038',18),('p4c4mnu7t2emfihq3qcia4k24k',0,'Visitor_4472','2023-09-14',1694680914,'https://knowledgeframe.co.uk/axcessdev/','GB','212.159.119.174','Chrome','MacOS','Desktop','0','0',5),('p5tnifufsa7niiok4b0lsnm99m',0,'Visitor_5740','2023-08-25',1692949945,'https://knowledgeframe.co.uk/axcessdev/','GB','86.138.121.22','Chrome','Windows 10','Desktop','1500','945',6595),('p7l41bmau6f9cjmtgmvn2dcov1',0,'Visitor_7416','2023-08-31',1693486644,'https://knowledgeframe.co.uk/axcessdev/','GB','188.240.171.164','Chrome','Windows 10','Desktop','1918','1038',87),('p7l41bmau6f9cjmtgmvn2dcov1',0,'Visitor_7416','2023-08-31',1693476297,'https://knowledgeframe.co.uk/axcessdev/index.php','GB','188.240.171.164','Chrome','Windows 10','Desktop','1918','1038',498),('p7l41bmau6f9cjmtgmvn2dcov1',0,'Visitor_7416','2023-08-31',1693486968,'https://knowledgeframe.co.uk/axcessdev/index.php#solutions','GB','188.240.171.164','Chrome','Windows 10','Desktop','1918','1038',145),('p7l41bmau6f9cjmtgmvn2dcov1',0,'Visitor_7416','2023-08-31',1693487896,'https://knowledgeframe.co.uk/axcessdev/index.php/contact','GB','188.240.171.164','Chrome','Windows 10','Desktop','1918','1038',33),('p7l41bmau6f9cjmtgmvn2dcov1',0,'Visitor_7416','2023-08-31',1693487950,'https://knowledgeframe.co.uk/axcessdev/index.php?view=category&id=8','GB','188.240.171.164','Chrome','Windows 10','Desktop','1918','1038',8),('p7l41bmau6f9cjmtgmvn2dcov1',0,'Visitor_7416','2023-09-01',1693557073,'https://knowledgeframe.co.uk/axcessdev/','GB','188.240.171.164','Chrome','Windows 10','Desktop','1536','824',2026),('p7l41bmau6f9cjmtgmvn2dcov1',0,'Visitor_7416','2023-09-01',1693554490,'https://knowledgeframe.co.uk/axcessdev/index.php','GB','188.240.171.164','Chrome','Windows 10','Desktop','1918','1038',375),('p7l41bmau6f9cjmtgmvn2dcov1',0,'Visitor_7416','2023-09-01',1693573767,'https://knowledgeframe.co.uk/axcessdev/index.php/contact','GB','188.240.171.164','Chrome','Windows 10','Desktop','1918','1038',692),('p7l41bmau6f9cjmtgmvn2dcov1',0,'Visitor_7416','2023-09-01',1693578833,'https://knowledgeframe.co.uk/axcessdev/index.php/contact/calendly-axcess','GB','188.240.171.164','Chrome','Windows 10','Desktop','1918','1038',12),('p7l41bmau6f9cjmtgmvn2dcov1',0,'Visitor_7416','2023-09-01',1693579662,'https://knowledgeframe.co.uk/axcessdev/index.php/contact/login','GB','188.240.171.164','Chrome','Windows 10','Desktop','1918','1038',1),('p7l41bmau6f9cjmtgmvn2dcov1',0,'Visitor_7416','2023-09-01',1693578911,'https://knowledgeframe.co.uk/axcessdev/index.php/contact/workable','GB','188.240.171.164','Chrome','Windows 10','Desktop','1918','1038',0),('pcrc4lf2n61idplpbal11vhbk4',0,'Visitor_4261','2024-03-15',1710516904,'https://knowledgeframe.co.uk/axcessdev/index.php/features/feature-1','GB','62.255.45.134','Chrome','Windows 10','Desktop','1','1',0),('pmcggloi9embsj2prep9rra6do',0,'Visitor_9296','2024-03-18',1710768074,'https://knowledgeframe.co.uk/axcessdev/','GB','188.240.171.164','Edge','Windows 10','Desktop','1334','841',0),('pmutvmonrv2ep65gr830bf76sd',259,'Sarah Hughes','2024-01-31',1706714552,'https://knowledgeframe.co.uk/axcessdev/','GB','138.124.141.130','Chrome','Windows 10','Desktop','1918','1038',128),('pmutvmonrv2ep65gr830bf76sd',259,'Sarah Hughes','2024-01-31',1706714706,'https://knowledgeframe.co.uk/axcessdev/index.php','GB','138.124.141.130','Chrome','Windows 10','Desktop','1918','1038',440),('pmutvmonrv2ep65gr830bf76sd',259,'Sarah Hughes','2024-01-31',1706714710,'https://knowledgeframe.co.uk/axcessdev/index.php#solutions','GB','138.124.141.130','Chrome','Windows 10','Desktop','1918','1038',0),('pmutvmonrv2ep65gr830bf76sd',259,'Sarah Hughes','2024-01-31',1706715418,'https://knowledgeframe.co.uk/axcessdev/index.php/contact','GB','138.124.141.130','Chrome','Windows 10','Desktop','1918','1038',0),('pmutvmonrv2ep65gr830bf76sd',259,'Sarah Hughes','2024-01-31',1706715432,'https://knowledgeframe.co.uk/axcessdev/index.php/contact/calendly-axcess','GB','138.124.141.130','Chrome','Windows 10','Desktop','1918','1038',1),('pmutvmonrv2ep65gr830bf76sd',259,'Sarah Hughes','2024-01-31',1706715440,'https://knowledgeframe.co.uk/axcessdev/index.php/contact/calendly-partner','GB','138.124.141.130','Chrome','Windows 10','Desktop','1918','1038',1),('pmutvmonrv2ep65gr830bf76sd',259,'Sarah Hughes','2024-01-31',1706715411,'https://knowledgeframe.co.uk/axcessdev/index.php/contact/test-rsform-1','GB','138.124.141.130','Chrome','Windows 10','Desktop','1918','1038',0),('pmutvmonrv2ep65gr830bf76sd',259,'Sarah Hughes','2024-01-31',1706715422,'https://knowledgeframe.co.uk/axcessdev/index.php/contact/test-rsform-multi-page','GB','138.124.141.130','Chrome','Windows 10','Desktop','1918','1038',1),('pmutvmonrv2ep65gr830bf76sd',259,'Sarah Hughes','2024-01-31',1706715453,'https://knowledgeframe.co.uk/axcessdev/index.php/contact/workable','GB','138.124.141.130','Chrome','Windows 10','Desktop','1918','1038',31),('pmutvmonrv2ep65gr830bf76sd',259,'Sarah Hughes','2024-01-31',1706715382,'https://knowledgeframe.co.uk/axcessdev/index.php/sectors-footer/cfd-forex-broker-payments','GB','138.124.141.130','Chrome','Windows 10','Desktop','1918','1038',3),('pmutvmonrv2ep65gr830bf76sd',259,'Sarah Hughes','2024-01-31',1706715406,'https://knowledgeframe.co.uk/axcessdev/index.php/sectors-footer/online-retail','GB','138.124.141.130','Chrome','Windows 10','Desktop','1918','1038',0),('pmutvmonrv2ep65gr830bf76sd',0,'Visitor_2658','2024-02-06',1707209244,'https://knowledgeframe.co.uk/axcessdev/index.php','GB','86.157.162.202','Chrome','Windows 10','Desktop','1536','824',0),('pq2vqh721i9mvjk4sjrp1ml8be',0,'Visitor_2721','2024-02-23',1708683452,'https://knowledgeframe.co.uk/axcessdev/index.php/features/feature-1','GB','188.240.171.164','Edge','Windows 10','Desktop','1536','824',0),('pt8432mkct1tpd882cv2gc2nns',0,'Visitor_8432','2024-02-21',1708519329,'https://knowledgeframe.co.uk/axcessdev/index.php','GB','20.68.35.212','Chrome','Windows 10','Desktop','1280','960',0),('puebn07omuqovoruqh3jkatu48',0,'Visitor_7348','2023-08-31',1693476307,'https://knowledgeframe.co.uk/axcessdev/index.php','GB','213.143.10.198','Chrome','Windows 10','Desktop','1','1',4),('q65s5l2dg04ms5fl1rl0i5ets5',0,'Visitor_6552','2023-10-25',1698218769,'https://knowledgeframe.co.uk/axcessdev/','GB','212.159.119.174','Chrome','MacOS','Desktop','1838','1001',1390),('q6mp5lre6h7ivn1qua18lnq8tg',0,'Visitor_6567','2024-03-15',1710506978,'https://knowledgeframe.co.uk/axcessdev/','GB','86.19.243.255','Chrome','Windows 10','Desktop','2564','1404',81),('q6mp5lre6h7ivn1qua18lnq8tg',0,'Visitor_6567','2024-03-15',1710507532,'https://knowledgeframe.co.uk/axcessdev/index.php/features/recurring-payments','GB','86.19.243.255','Chrome','Windows 10','Desktop','2564','1404',1),('qb7us2ivdqs4g7q7me1fj42h2n',0,'Visitor_7247','2024-03-21',1711010181,'https://knowledgeframe.co.uk/axcessdev/','GB','138.124.141.130','Chrome','Windows 10','Desktop','1280','680',87),('qb7us2ivdqs4g7q7me1fj42h2n',0,'Visitor_7247','2024-03-21',1711010685,'https://knowledgeframe.co.uk/axcessdev/index.php','GB','138.124.141.130','Chrome','Windows 10','Desktop','1280','680',7),('qb7us2ivdqs4g7q7me1fj42h2n',0,'Visitor_7247','2024-03-21',1711017185,'https://knowledgeframe.co.uk/axcessdev/index.php/contact/book-a-demo','GB','138.124.141.130','Chrome','Windows 10','Desktop','1280','680',0),('qb7us2ivdqs4g7q7me1fj42h2n',0,'Visitor_7247','2024-03-21',1711017188,'https://knowledgeframe.co.uk/axcessdev/index.php/contact/contact-us','GB','138.124.141.130','Chrome','Windows 10','Desktop','1280','680',100),('qb7us2ivdqs4g7q7me1fj42h2n',0,'Visitor_7247','2024-03-21',1711011093,'https://knowledgeframe.co.uk/axcessdev/index.php/features/fraud-risk-management','GB','138.124.141.130','Chrome','Windows 10','Desktop','1280','680',0),('qb7us2ivdqs4g7q7me1fj42h2n',0,'Visitor_7247','2024-03-21',1711011087,'https://knowledgeframe.co.uk/axcessdev/index.php/features/managed-merchant-services','GB','138.124.141.130','Chrome','Windows 10','Desktop','1280','680',0),('qb7us2ivdqs4g7q7me1fj42h2n',0,'Visitor_7247','2024-03-21',1711010877,'https://knowledgeframe.co.uk/axcessdev/index.php/features/merchant-accounts','GB','138.124.141.130','Chrome','Windows 10','Desktop','1280','680',3),('qb7us2ivdqs4g7q7me1fj42h2n',0,'Visitor_7247','2024-03-21',1711011074,'https://knowledgeframe.co.uk/axcessdev/index.php/features/mobile-billing-solutions','GB','138.124.141.130','Chrome','Windows 10','Desktop','1280','680',0),('qb7us2ivdqs4g7q7me1fj42h2n',0,'Visitor_7247','2024-03-21',1711010698,'https://knowledgeframe.co.uk/axcessdev/index.php/features/multi-currency-processing-solutions','GB','138.124.141.130','Chrome','Windows 10','Desktop','1280','680',20),('qb7us2ivdqs4g7q7me1fj42h2n',0,'Visitor_7247','2024-03-21',1711010693,'https://knowledgeframe.co.uk/axcessdev/index.php/features/multi-territory-merchant-services','GB','138.124.141.130','Chrome','Windows 10','Desktop','1280','680',0),('qb7us2ivdqs4g7q7me1fj42h2n',0,'Visitor_7247','2024-03-21',1711011061,'https://knowledgeframe.co.uk/axcessdev/index.php/features/recurring-payments','GB','138.124.141.130','Chrome','Windows 10','Desktop','1280','680',0),('qb7us2ivdqs4g7q7me1fj42h2n',0,'Visitor_7247','2024-03-21',1711011057,'https://knowledgeframe.co.uk/axcessdev/index.php/features/redshield','GB','138.124.141.130','Chrome','Windows 10','Desktop','1280','680',0),('qb7us2ivdqs4g7q7me1fj42h2n',0,'Visitor_7247','2024-03-21',1711012097,'https://knowledgeframe.co.uk/axcessdev/index.php/search?f=1','GB','138.124.141.130','Chrome','Windows 10','Desktop','1280','680',638),('qb7us2ivdqs4g7q7me1fj42h2n',0,'Visitor_7247','2024-03-21',1711012283,'https://knowledgeframe.co.uk/axcessdev/index.php/search?f=1#','GB','138.124.141.130','Chrome','Windows 10','Desktop','0','0',0),('qb7us2ivdqs4g7q7me1fj42h2n',0,'Visitor_7247','2024-03-21',1711011068,'https://knowledgeframe.co.uk/axcessdev/index.php/sectors/travel-payment-processing','GB','138.124.141.130','Chrome','Windows 10','Desktop','1280','680',0),('qb7us2ivdqs4g7q7me1fj42h2n',0,'Visitor_7247','2024-03-21',1711010830,'https://knowledgeframe.co.uk/axcessdev/index.php/solutions-footer/multi-currency-processing-solutions','GB','138.124.141.130','Chrome','Windows 10','Desktop','1280','680',1),('qb7us2ivdqs4g7q7me1fj42h2n',0,'Visitor_7247','2024-03-21',1711011101,'https://knowledgeframe.co.uk/axcessdev/index.php/solutions/payment-gateway-services','GB','138.124.141.130','Chrome','Windows 10','Desktop','1280','680',141),('qdm7uqf1859nucqqo75dqgsm87',259,'Sarah Hughes','2024-02-21',1708528549,'https://knowledgeframe.co.uk/axcessdev/','GB','86.157.162.202','Chrome','Windows 10','Desktop','1536','824',0),('qdm7uqf1859nucqqo75dqgsm87',259,'Sarah Hughes','2024-02-21',1708528552,'https://knowledgeframe.co.uk/axcessdev/index.php/contact/discuss-partnerships','GB','86.157.162.202','Chrome','Windows 10','Desktop','1536','824',32),('qdm7uqf1859nucqqo75dqgsm87',259,'Sarah Hughes','2024-02-21',1708529662,'https://knowledgeframe.co.uk/axcessdev/index.php/features/telephone-and-billing-solutions','GB','86.157.162.202','Chrome','Windows 10','Desktop','1536','824',47),('qdm7uqf1859nucqqo75dqgsm87',259,'Sarah Hughes','2024-02-21',1708530448,'https://knowledgeframe.co.uk/axcessdev/index.php/solutions/ecommerce-payment-solutions','GB','86.157.162.202','Chrome','Windows 10','Desktop','1536','824',373),('qdm7uqf1859nucqqo75dqgsm87',259,'Sarah Hughes','2024-02-21',1708528778,'https://knowledgeframe.co.uk/axcessdev/index.php/solutions/point-of-sale-solutions','GB','86.157.162.202','Chrome','Windows 10','Desktop','1536','824',105),('qdm7uqf1859nucqqo75dqgsm87',259,'Sarah Hughes','2024-02-21',1708529593,'https://knowledgeframe.co.uk/axcessdev/index.php/solutions/telephone-and-virtual-terminal-facilities','GB','86.157.162.202','Chrome','Windows 10','Desktop','1536','824',66),('qdm7uqf1859nucqqo75dqgsm87',259,'Sarah Hughes','2024-02-21',1708528855,'https://knowledgeframe.co.uk/axcessdev/index.php?option=com_config&view=modules&id=232&Itemid=190&return=aHR0cHM6Ly9rbm93bGVkZ2VmcmFtZS5jby51ay9heGNlc3NkZXYvaW5kZXgucGhwL3NvbHV0aW9ucy9wb2ludC1vZi1zYWxlLXNvbHV0aW9ucw==','GB','86.157.162.202','Chrome','Windows 10','Desktop','1536','824',9),('qhh3c27s79ujr74dbpvr0t2ff0',0,'Visitor_3277','2024-02-21',1708506711,'https://knowledgeframe.co.uk/axcessdev/','GB','86.165.61.244','Chrome','Windows 10','Desktop','1918','1038',3),('qhh3c27s79ujr74dbpvr0t2ff0',0,'Visitor_3277','2024-02-21',1708506792,'https://knowledgeframe.co.uk/axcessdev/index.php','GB','86.165.61.244','Chrome','Windows 10','Desktop','1918','1038',1296),('qhh3c27s79ujr74dbpvr0t2ff0',0,'Visitor_3277','2024-02-21',1708508722,'https://knowledgeframe.co.uk/axcessdev/index.php/about-us/faq','GB','86.165.61.244','Chrome','Windows 10','Desktop','1918','1038',0),('qhh3c27s79ujr74dbpvr0t2ff0',0,'Visitor_3277','2024-02-21',1708507329,'https://knowledgeframe.co.uk/axcessdev/index.php/about-us/privacy-policy?view=article&id=51:privacy-policy-slovenian&catid=2:uncategorised','GB','86.165.61.244','Chrome','Windows 10','Desktop','0','0',4),('qhh3c27s79ujr74dbpvr0t2ff0',0,'Visitor_3277','2024-02-21',1708506784,'https://knowledgeframe.co.uk/axcessdev/index.php/about-us/support','GB','86.165.61.244','Chrome','Windows 10','Desktop','1918','1038',1),('qhh3c27s79ujr74dbpvr0t2ff0',0,'Visitor_3277','2024-02-21',1708506718,'https://knowledgeframe.co.uk/axcessdev/index.php/component/content/article/calendly-partner?catid=2&Itemid=101','GB','86.165.61.244','Chrome','Windows 10','Desktop','1918','1038',1),('qhh3c27s79ujr74dbpvr0t2ff0',0,'Visitor_3277','2024-02-21',1708508853,'https://knowledgeframe.co.uk/axcessdev/index.php/contact/discuss-partnerships','GB','86.165.61.244','Chrome','Windows 10','Desktop','1918','1038',959),('qhh3c27s79ujr74dbpvr0t2ff0',0,'Visitor_3277','2024-02-21',1708506903,'https://knowledgeframe.co.uk/axcessdev/index.php/features/ecommerce-payment-solutions','GB','86.165.61.244','Chrome','Windows 10','Desktop','1918','1038',2),('qhh3c27s79ujr74dbpvr0t2ff0',0,'Visitor_3277','2024-02-21',1708507052,'https://knowledgeframe.co.uk/axcessdev/index.php/features/fraud-risk-management','GB','86.165.61.244','Chrome','Windows 10','Desktop','1918','1038',2),('qhh3c27s79ujr74dbpvr0t2ff0',0,'Visitor_3277','2024-02-21',1708507170,'https://knowledgeframe.co.uk/axcessdev/index.php/features/managed-merchant-services','GB','86.165.61.244','Chrome','Windows 10','Desktop','1918','1038',1),('qhh3c27s79ujr74dbpvr0t2ff0',0,'Visitor_3277','2024-02-21',1708507110,'https://knowledgeframe.co.uk/axcessdev/index.php/features/merchant-accounts','GB','86.165.61.244','Chrome','Windows 10','Desktop','1918','1038',1),('qhh3c27s79ujr74dbpvr0t2ff0',0,'Visitor_3277','2024-02-21',1708506917,'https://knowledgeframe.co.uk/axcessdev/index.php/features/mobile-billing-solutions','GB','86.165.61.244','Chrome','Windows 10','Desktop','1918','1038',0),('qhh3c27s79ujr74dbpvr0t2ff0',0,'Visitor_3277','2024-02-21',1708507094,'https://knowledgeframe.co.uk/axcessdev/index.php/features/multi-currency-processing-solutions','GB','86.165.61.244','Chrome','Windows 10','Desktop','1918','1038',1),('qhh3c27s79ujr74dbpvr0t2ff0',0,'Visitor_3277','2024-02-21',1708507135,'https://knowledgeframe.co.uk/axcessdev/index.php/features/multi-territory-merchant-services','GB','86.165.61.244','Chrome','Windows 10','Desktop','1918','1038',2),('qhh3c27s79ujr74dbpvr0t2ff0',0,'Visitor_3277','2024-02-21',1708507070,'https://knowledgeframe.co.uk/axcessdev/index.php/features/recurring-payments','GB','86.165.61.244','Chrome','Windows 10','Desktop','1918','1038',2),('qhh3c27s79ujr74dbpvr0t2ff0',0,'Visitor_3277','2024-02-21',1708506754,'https://knowledgeframe.co.uk/axcessdev/index.php/features/redshield','GB','86.165.61.244','Chrome','Windows 10','Desktop','1918','1038',5),('qhh3c27s79ujr74dbpvr0t2ff0',0,'Visitor_3277','2024-02-21',1708506944,'https://knowledgeframe.co.uk/axcessdev/index.php/features/telephone-and-billing-solutions','GB','86.165.61.244','Chrome','Windows 10','Desktop','1918','1038',0),('qhh3c27s79ujr74dbpvr0t2ff0',0,'Visitor_3277','2024-02-21',1708508665,'https://knowledgeframe.co.uk/axcessdev/index.php/sectors/cbd-merchant-accounts','GB','86.165.61.244','Chrome','Windows 10','Desktop','1918','1038',1),('qhh3c27s79ujr74dbpvr0t2ff0',0,'Visitor_3277','2024-02-21',1708508652,'https://knowledgeframe.co.uk/axcessdev/index.php/sectors/cfd-forex-broker-payments','GB','86.165.61.244','Chrome','Windows 10','Desktop','1918','1038',1),('qhh3c27s79ujr74dbpvr0t2ff0',0,'Visitor_3277','2024-02-21',1708508675,'https://knowledgeframe.co.uk/axcessdev/index.php/sectors/cryptocurrency-merchant-account','GB','86.165.61.244','Chrome','Windows 10','Desktop','1918','1038',1),('qhh3c27s79ujr74dbpvr0t2ff0',0,'Visitor_3277','2024-02-21',1708506775,'https://knowledgeframe.co.uk/axcessdev/index.php/sectors/financial-services-payment-processing','GB','86.165.61.244','Chrome','Windows 10','Desktop','1918','1038',4),('qhh3c27s79ujr74dbpvr0t2ff0',0,'Visitor_3277','2024-02-21',1708506910,'https://knowledgeframe.co.uk/axcessdev/index.php/sectors/skill-based-competition-merchants','GB','86.165.61.244','Chrome','Windows 10','Desktop','1918','1038',2),('qhh3c27s79ujr74dbpvr0t2ff0',0,'Visitor_3277','2024-02-21',1708508707,'https://knowledgeframe.co.uk/axcessdev/index.php/sectors/travel-payment-processing','GB','86.165.61.244','Chrome','Windows 10','Desktop','1918','1038',2),('qhh3c27s79ujr74dbpvr0t2ff0',0,'Visitor_3277','2024-02-21',1708506807,'https://knowledgeframe.co.uk/axcessdev/index.php/solutions/merchant-accounts','GB','86.165.61.244','Chrome','Windows 10','Desktop','1918','1038',1),('qhh3c27s79ujr74dbpvr0t2ff0',0,'Visitor_3277','2024-02-21',1708506726,'https://knowledgeframe.co.uk/axcessdev/index.php/solutions/payment-gateway-services','GB','86.165.61.244','Chrome','Windows 10','Desktop','1918','1038',4),('qhh3c27s79ujr74dbpvr0t2ff0',0,'Visitor_3277','2024-02-21',1708506747,'https://knowledgeframe.co.uk/axcessdev/index.php/solutions/point-of-sale-solutions','GB','86.165.61.244','Chrome','Windows 10','Desktop','1918','1038',3),('qhh3c27s79ujr74dbpvr0t2ff0',0,'Visitor_3277','2024-02-21',1708506955,'https://knowledgeframe.co.uk/axcessdev/index.php/solutions/telephone-billing-solutions','GB','86.165.61.244','Chrome','Windows 10','Desktop','1918','1038',219),('qmtrlcevg6dkuhjc1h36l1gvjo',262,'Arran Brannan','2024-02-23',1708701122,'https://knowledgeframe.co.uk/axcessdev/','GB','188.240.171.164','Chrome','Windows 10','Desktop','1280','680',47),('qmtrlcevg6dkuhjc1h36l1gvjo',262,'Arran Brannan','2024-02-23',1708701452,'https://knowledgeframe.co.uk/axcessdev/index.php/rsform-test/test-rsform-conditional-fields','GB','188.240.171.164','Chrome','Windows 10','Desktop','1280','680',582),('qmtrlcevg6dkuhjc1h36l1gvjo',262,'Arran Brannan','2024-02-23',1708705555,'https://knowledgeframe.co.uk/axcessdev/index.php/solutions/payment-gateway-services','GB','188.240.171.164','Chrome','Windows 10','Desktop','1280','680',33),('qnhfk34irsi00l1er4o8q37kos',0,'Visitor_3400','2024-03-20',1710919157,'https://knowledgeframe.co.uk/axcessdev/index.php/component/users/login?Itemid=101','GB','2a00:23c8:9493:a901:99a2:22b8:ffff:3d1e','Safari','iOS iPhone','Mobile','390','844',0),('qs0r5vs05jpasg8umh6ft8ln6l',0,'Visitor_5058','2023-08-24',1692891739,'https://knowledgeframe.co.uk/axcessdev/','GB','86.138.121.22','Safari','iOS iPhone','Mobile','375','667',28),('qujuv9va0lklpasjithstepr98',0,'Visitor_9098','2023-09-15',1694756274,'https://knowledgeframe.co.uk/axcessdev/','GB','31.48.172.182','Safari','iOS iPhone','Mobile','390','844',0),('qvumne5keb7jo8aip1lv3bugtn',0,'Visitor_5781','2024-03-20',1710962747,'https://knowledgeframe.co.uk/axcessdev/','GB','2a00:23c8:9493:a901:b8e0:4373:ead2:8953','Edge','Windows 10','Desktop','1536','824',0),('qvumne5keb7jo8aip1lv3bugtn',0,'Visitor_5781','2024-03-20',1710962790,'https://knowledgeframe.co.uk/axcessdev/index.php/component/users/login?Itemid=101','GB','2a00:23c8:9493:a901:b8e0:4373:ead2:8953','Edge','Windows 10','Desktop','1052','808',0),('r2lchbha7g1iovh1im7a1f1ku8',260,'Ian Sadler','2024-03-23',1711182245,'https://knowledgeframe.co.uk/axcessdev/','GB','86.167.229.20','Chrome','Windows 10','Desktop','1918','1038',1),('r2lchbha7g1iovh1im7a1f1ku8',260,'Ian Sadler','2024-03-23',1711191875,'https://knowledgeframe.co.uk/axcessdev/index.php','GB','86.167.229.20','Chrome','Windows 10','Desktop','1918','1038',1236),('r2lchbha7g1iovh1im7a1f1ku8',260,'Ian Sadler','2024-03-23',1711182253,'https://knowledgeframe.co.uk/axcessdev/index.php/about-us/about','GB','86.167.229.20','Chrome','Windows 10','Desktop','1918','1038',1376),('r2lchbha7g1iovh1im7a1f1ku8',0,'Visitor_2711','2024-03-25',1711362974,'https://knowledgeframe.co.uk/axcessdev/index.php','GB','2a00:23c8:9493:a901:18d:63f8:82fa:4dbf','Chrome','Windows 10','Desktop','1918','1038',0),('r7901042ban1kgp7t9k2h9tv0r',0,'Visitor_7901','2024-02-09',1707493185,'https://knowledgeframe.co.uk/axcessdev/','GB','20.117.38.11','Chrome','Windows 10','Desktop','1280','960',0),('r832ar3883bsf6usb3nov078sd',0,'Visitor_8323','2024-02-14',1707913038,'https://knowledgeframe.co.uk/axcessdev/','GB','212.159.119.174','Chrome','MacOS','Desktop','1883','1035',378),('r832ar3883bsf6usb3nov078sd',0,'Visitor_8323','2024-02-14',1707916280,'https://knowledgeframe.co.uk/axcessdev/index.php','GB','212.159.119.174','Chrome','MacOS','Desktop','1890','1054',387),('r8jvpeoee45loi54ljvlkv4f6u',0,'Visitor_8455','2023-09-15',1694765849,'https://knowledgeframe.co.uk/axcessdev/','GB','212.159.119.174','Chrome','MacOS','Desktop','1864','1000',23),('r8jvpeoee45loi54ljvlkv4f6u',0,'Visitor_8455','2023-09-15',1694766007,'https://knowledgeframe.co.uk/axcessdev/index.php','GB','212.159.119.174','Chrome','MacOS','Desktop','1864','1000',2595),('r8jvpeoee45loi54ljvlkv4f6u',0,'Visitor_8455','2023-09-15',1694765994,'https://knowledgeframe.co.uk/axcessdev/index.php#solutions','GB','212.159.119.174','Chrome','MacOS','Desktop','1864','1000',19),('r8jvpeoee45loi54ljvlkv4f6u',0,'Visitor_8455','2023-09-15',1694772516,'https://knowledgeframe.co.uk/axcessdev/index.php/blog-footer','GB','212.159.119.174','Chrome','MacOS','Desktop','1864','1000',0),('r8jvpeoee45loi54ljvlkv4f6u',0,'Visitor_8455','2023-09-15',1694772498,'https://knowledgeframe.co.uk/axcessdev/index.php/company-footer','GB','212.159.119.174','Chrome','MacOS','Desktop','1864','1000',37),('r8jvpeoee45loi54ljvlkv4f6u',0,'Visitor_8455','2023-09-15',1694773230,'https://knowledgeframe.co.uk/axcessdev/index.php/contact','GB','212.159.119.174','Chrome','MacOS','Desktop','1864','1000',2),('r8jvpeoee45loi54ljvlkv4f6u',0,'Visitor_8455','2023-09-15',1694772521,'https://knowledgeframe.co.uk/axcessdev/index.php/contact/test-rsform-1','GB','212.159.119.174','Chrome','MacOS','Desktop','1864','1000',0),('r8jvpeoee45loi54ljvlkv4f6u',0,'Visitor_8455','2023-09-15',1694771766,'https://knowledgeframe.co.uk/axcessdev/index.php/features-footer','GB','212.159.119.174','Chrome','MacOS','Desktop','1864','1000',29),('r8jvpeoee45loi54ljvlkv4f6u',0,'Visitor_8455','2023-09-15',1694772138,'https://knowledgeframe.co.uk/axcessdev/index.php/features-footer/managed-merchant-services','GB','212.159.119.174','Chrome','MacOS','Desktop','1864','1000',46),('r8jvpeoee45loi54ljvlkv4f6u',0,'Visitor_8455','2023-09-15',1694771773,'https://knowledgeframe.co.uk/axcessdev/index.php/sectors-footer','GB','212.159.119.174','Chrome','MacOS','Desktop','1864','1000',21),('r8jvpeoee45loi54ljvlkv4f6u',0,'Visitor_8455','2023-09-15',1694772095,'https://knowledgeframe.co.uk/axcessdev/index.php/sectors-footer/cfd-forex-broker-payments','GB','212.159.119.174','Chrome','MacOS','Desktop','0','0',5),('r8jvpeoee45loi54ljvlkv4f6u',0,'Visitor_8455','2023-09-15',1694771121,'https://knowledgeframe.co.uk/axcessdev/index.php/solutions-footer','GB','212.159.119.174','Chrome','MacOS','Desktop','1864','1000',127),('r8jvpeoee45loi54ljvlkv4f6u',0,'Visitor_8455','2023-09-15',1694774221,'https://knowledgeframe.co.uk/axcessdev/index.php/solutions/point-of-sale-solutions','GB','212.159.119.174','Chrome','MacOS','Desktop','1864','1000',77),('ra15i8hp42ro8pk05hutnagreu',0,'Visitor_1584','2023-09-08',1694179946,'https://knowledgeframe.co.uk/axcessdev/','US','66.102.9.129','Chrome','MacOS','Desktop','1','1',1),('ri6e4dvbs9e257pidn7v6su3ki',0,'Visitor_6492','2024-03-08',1709901850,'https://knowledgeframe.co.uk/axcessdev/index.php/home/quotation-fact-find','GB','188.240.171.164','Edge','Windows 10','Desktop','1536','824',0),('rl8jfujmlvhlq9n00d1jl6qi6i',0,'Visitor_8900','2024-02-20',1708418349,'https://knowledgeframe.co.uk/axcessdev/','GB','81.108.70.160','Chrome','Windows 10','Desktop','1280','680',0),('rm65rjlr9h8ll6mr0n0r67tkh4',259,'Sarah Hughes','2024-02-12',1707753072,'https://knowledgeframe.co.uk/axcessdev/','GB','2a00:23c6:34ce:f201:eccd:bdd2:5dbb:c147','Chrome','Windows 10','Desktop','1536','824',405),('rm65rjlr9h8ll6mr0n0r67tkh4',0,'Visitor_6598','2024-02-13',1707809500,'https://knowledgeframe.co.uk/axcessdev/','GB','2a00:23c6:34ce:f201:5995:670f:4d7:e880','Chrome','Windows 10','Desktop','1536','824',0),('rocic0ek5o62cmu1919rs6ja51',259,'Sarah Hughes','2024-03-22',1711118964,'https://knowledgeframe.co.uk/axcessdev/','GB','138.124.141.130','Chrome','Windows 10','Desktop','1918','1038',1),('rocic0ek5o62cmu1919rs6ja51',259,'Sarah Hughes','2024-03-22',1711118972,'https://knowledgeframe.co.uk/axcessdev/index.php/features/managed-merchant-services','GB','138.124.141.130','Chrome','Windows 10','Desktop','1918','1038',670),('rocic0ek5o62cmu1919rs6ja51',0,'Visitor_5621','2024-03-25',1711357169,'https://knowledgeframe.co.uk/axcessdev/index.php/features/managed-merchant-services','GB','2a00:23c6:34ce:f201:5562:a88d:8611:f0e7','Chrome','Windows 10','Desktop','750','831',0),('rprnadnjkrvooass51toomb9cq',0,'Visitor_519','2024-03-08',1709910955,'https://knowledgeframe.co.uk/axcessdev/index.php/home/quotation-fact-find','GB','138.124.141.130','Edge','Windows 10','Desktop','1536','824',0),('rqjk14o2f5saasg17ji0nqfec2',0,'Visitor_1425','2024-02-09',1707493245,'https://knowledgeframe.co.uk/axcessdev/','GB','188.240.171.164','Edge','Windows 10','Desktop','1056','666',0),('rral1u1134e8mat9igrfn05klh',0,'Visitor_1113','2023-10-12',1697130415,'https://knowledgeframe.co.uk/axcessdev/','GB','109.149.243.164','Firefox','Windows 10','Desktop','1550','838',1),('rral1u1134e8mat9igrfn05klh',0,'Visitor_1113','2023-10-12',1697130427,'https://knowledgeframe.co.uk/axcessdev/index.php','GB','109.149.243.164','Firefox','Windows 10','Desktop','1550','838',0),('rral1u1134e8mat9igrfn05klh',0,'Visitor_1113','2023-10-12',1697130433,'https://knowledgeframe.co.uk/axcessdev/index.php#solutions','GB','109.149.243.164','Firefox','Windows 10','Desktop','1550','838',0),('rtggfusiefelcr3cm6ovrdlt3d',0,'Visitor_363','2024-02-01',1706776157,'https://knowledgeframe.co.uk/axcessdev/','GB','2a00:23c8:9493:a901:4410:e864:f158:8153','Safari','iOS iPhone','Mobile','390','844',0),('rvclgl5klmr8mmf50ua01cgdqf',259,'Sarah Hughes','2024-02-20',1708442195,'https://knowledgeframe.co.uk/axcessdev/','GB','86.157.162.202','Chrome','Windows 10','Desktop','1536','824',0),('rvclgl5klmr8mmf50ua01cgdqf',259,'Sarah Hughes','2024-02-20',1708442258,'https://knowledgeframe.co.uk/axcessdev/index.php/contact/discuss-partnerships','GB','86.157.162.202','Chrome','Windows 10','Desktop','1536','824',308),('rvclgl5klmr8mmf50ua01cgdqf',259,'Sarah Hughes','2024-02-20',1708442202,'https://knowledgeframe.co.uk/axcessdev/index.php/solutions/point-of-sale-solutions','GB','86.157.162.202','Chrome','Windows 10','Desktop','1536','824',1),('rvi48k4r262hnimbhlh6hv58ho',0,'Visitor_4842','2023-08-24',1692872757,'https://knowledgeframe.co.uk/axcessdev/','GB','212.159.119.174','Chrome','MacOS','Desktop','1864','1000',0),('s2m0req6g57l8fdetv26t89f51',0,'Visitor_2065','2023-10-12',1697107911,'https://knowledgeframe.co.uk/axcessdev/','GB','109.149.243.164','Firefox','Windows 10','Desktop','1550','838',143),('s6kk7up18jlv1b5dpbobmpam3i',0,'Visitor_6718','2023-09-14',1694719007,'https://knowledgeframe.co.uk/axcessdev/','GB','81.129.115.213','Chrome','Windows 10','Desktop','0','0',36),('s9duo07t7j9kls8qqeuq6ek10o',0,'Visitor_9077','2024-02-16',1708083787,'https://knowledgeframe.co.uk/axcessdev/','GB','138.124.141.130','Chrome','Windows 10','Desktop','1918','1038',0),('s9duo07t7j9kls8qqeuq6ek10o',0,'Visitor_9077','2024-02-16',1708084610,'https://knowledgeframe.co.uk/axcessdev/index.php/company-footer/solutions-features-1','GB','138.124.141.130','Chrome','Windows 10','Desktop','1918','1038',26),('s9duo07t7j9kls8qqeuq6ek10o',0,'Visitor_9077','2024-02-16',1708084694,'https://knowledgeframe.co.uk/axcessdev/index.php/contact/discuss-partnerships','GB','138.124.141.130','Chrome','Windows 10','Desktop','1918','1038',493),('s9duo07t7j9kls8qqeuq6ek10o',0,'Visitor_9077','2024-02-16',1708083791,'https://knowledgeframe.co.uk/axcessdev/index.php/features/redshield','GB','138.124.141.130','Chrome','Windows 10','Desktop','1918','1038',411),('s9gsv1n2f2f2335f34ep5q7qs9',0,'Visitor_9122','2023-10-11',1697013690,'https://knowledgeframe.co.uk/axcessdev/','GB','86.167.229.46','Firefox','Windows 7','Desktop','1936','1056',3957),('s9gsv1n2f2f2335f34ep5q7qs9',0,'Visitor_9122','2023-10-16',1697458782,'https://knowledgeframe.co.uk/axcessdev/','GB','86.167.229.46','Firefox','Windows 7','Desktop','1936','1056',286),('s9gsv1n2f2f2335f34ep5q7qs9',0,'Visitor_9122','2023-10-16',1697460770,'https://knowledgeframe.co.uk/axcessdev/index.php','GB','86.167.229.46','Firefox','Windows 7','Desktop','1936','1056',0),('s9gsv1n2f2f2335f34ep5q7qs9',0,'Visitor_9122','2023-10-16',1697460803,'https://knowledgeframe.co.uk/axcessdev/index.php#features','GB','86.167.229.46','Firefox','Windows 7','Desktop','1936','1056',1657),('s9gsv1n2f2f2335f34ep5q7qs9',0,'Visitor_9122','2023-10-17',1697537627,'https://knowledgeframe.co.uk/axcessdev/index.php#features','GB','86.167.229.46','Firefox','Windows 7','Desktop','1936','1056',3069),('s9gsv1n2f2f2335f34ep5q7qs9',0,'Visitor_9122','2023-10-18',1697630302,'https://knowledgeframe.co.uk/axcessdev/index.php#features','GB','86.167.229.46','Firefox','Windows 7','Desktop','1936','1056',3174),('s9gsv1n2f2f2335f34ep5q7qs9',0,'Visitor_9122','2023-10-20',1697786273,'https://knowledgeframe.co.uk/axcessdev/index.php#features','GB','2a00:23c8:9493:a901:a4d9:6acf:3ed8:128a','Firefox','Windows 7','Desktop','1936','1056',2754),('s9gsv1n2f2f2335f34ep5q7qs9',0,'Visitor_9122','2023-10-23',1698063765,'https://knowledgeframe.co.uk/axcessdev/index.php#features','GB','2a00:23c8:9493:a901:90c2:1b4c:21c3:c79c','Firefox','Windows 7','Desktop','1936','1056',165),('s9gsv1n2f2f2335f34ep5q7qs9',0,'Visitor_9122','2023-10-24',1698128404,'https://knowledgeframe.co.uk/axcessdev/index.php#features','GB','2a00:23c8:9493:a901:94af:afbb:d43a:151c','Firefox','Windows 7','Desktop','1936','1056',118),('sc9es3n49r6rhn69i829b1ao3s',259,'Sarah Hughes','2024-03-05',1709648224,'https://knowledgeframe.co.uk/axcessdev/','GB','2a00:23c6:34ce:f201:156c:a238:17d2:90e6','Chrome','Windows 10','Desktop','1536','824',1),('sc9es3n49r6rhn69i829b1ao3s',259,'Sarah Hughes','2024-03-05',1709648236,'https://knowledgeframe.co.uk/axcessdev/index.php','GB','2a00:23c6:34ce:f201:156c:a238:17d2:90e6','Chrome','Windows 10','Desktop','1536','824',1),('sc9es3n49r6rhn69i829b1ao3s',259,'Sarah Hughes','2024-03-05',1709653036,'https://knowledgeframe.co.uk/axcessdev/index.php/about-us/about','GB','2a00:23c6:34ce:f201:156c:a238:17d2:90e6','Chrome','Windows 10','Desktop','1536','824',2),('sc9es3n49r6rhn69i829b1ao3s',259,'Sarah Hughes','2024-03-05',1709648245,'https://knowledgeframe.co.uk/axcessdev/index.php/about-us/blog','GB','2a00:23c6:34ce:f201:156c:a238:17d2:90e6','Chrome','Windows 10','Desktop','1536','824',1109),('sc9es3n49r6rhn69i829b1ao3s',259,'Sarah Hughes','2024-03-05',1709648332,'https://knowledgeframe.co.uk/axcessdev/index.php/about-us/blog/unlocking-the-potential-of-recurring-payments-how-axcess-can-boost-your-business','GB','2a00:23c6:34ce:f201:156c:a238:17d2:90e6','Chrome','Windows 10','Desktop','1536','824',101),('sc9es3n49r6rhn69i829b1ao3s',259,'Sarah Hughes','2024-03-05',1709653295,'https://knowledgeframe.co.uk/axcessdev/index.php/about-us/blog?start=7','GB','2a00:23c6:34ce:f201:156c:a238:17d2:90e6','Chrome','Windows 10','Desktop','1536','824',0),('sc9es3n49r6rhn69i829b1ao3s',259,'Sarah Hughes','2024-03-05',1709653028,'https://knowledgeframe.co.uk/axcessdev/index.php/about-us/faq','GB','2a00:23c6:34ce:f201:156c:a238:17d2:90e6','Chrome','Windows 10','Desktop','1536','824',1),('sc9es3n49r6rhn69i829b1ao3s',259,'Sarah Hughes','2024-03-05',1709653020,'https://knowledgeframe.co.uk/axcessdev/index.php/about-us/support','GB','2a00:23c6:34ce:f201:156c:a238:17d2:90e6','Chrome','Windows 10','Desktop','1536','824',1),('sc9es3n49r6rhn69i829b1ao3s',259,'Sarah Hughes','2024-03-05',1709653051,'https://knowledgeframe.co.uk/axcessdev/index.php/rsform-test','GB','2a00:23c6:34ce:f201:156c:a238:17d2:90e6','Chrome','Windows 10','Desktop','1536','824',32),('sc9es3n49r6rhn69i829b1ao3s',0,'Visitor_9349','2024-03-06',1709723352,'https://knowledgeframe.co.uk/axcessdev/index.php/about-us/blog','GB','2a00:23c6:34ce:f201:291a:bbd6:3f53:2bf7','Chrome','Windows 10','Desktop','1536','824',0),('simtt64r6r3e15p4cqbepmnfs1',0,'Visitor_6463','2024-03-15',1710505162,'https://knowledgeframe.co.uk/axcessdev/','GB','86.19.243.255','Edge','Windows 10','Desktop','2564','1404',0),('simtt64r6r3e15p4cqbepmnfs1',0,'Visitor_6463','2024-03-15',1710505168,'https://knowledgeframe.co.uk/axcessdev/index.php/component/users/login?Itemid=101','GB','86.19.243.255','Edge','Windows 10','Desktop','2564','1404',0),('smftrel2c23anvf6bbqlg79cvr',0,'Visitor_2236','2024-03-21',1711032007,'https://knowledgeframe.co.uk/axcessdev/','GB','188.240.171.164','Chrome','MacOS','Desktop','1680','928',0),('sne0q4rtpgsp4vmo2m2c7cvtu0',0,'Visitor_4422','2024-01-09',1704808445,'https://knowledgeframe.co.uk/axcessdev/','US','66.249.93.168','Chrome','MacOS','Desktop','1','1',2),('srqgv6rf0ootefs67c2eiho5eq',260,'Ian Sadler','2024-03-09',1709972043,'https://knowledgeframe.co.uk/axcessdev/','GB','86.155.200.224','Chrome','Windows 10','Desktop','1918','1038',2),('srqgv6rf0ootefs67c2eiho5eq',260,'Ian Sadler','2024-03-09',1709974899,'https://knowledgeframe.co.uk/axcessdev/index.php','GB','86.155.200.224','Chrome','Windows 10','Desktop','1918','1038',177),('srqgv6rf0ootefs67c2eiho5eq',260,'Ian Sadler','2024-03-09',1709978713,'https://knowledgeframe.co.uk/axcessdev/index.php/about-us','GB','86.155.200.224','Chrome','Windows 10','Desktop','1918','1038',7),('srqgv6rf0ootefs67c2eiho5eq',260,'Ian Sadler','2024-03-09',1709978993,'https://knowledgeframe.co.uk/axcessdev/index.php/about-us/blog','GB','86.155.200.224','Chrome','Windows 10','Desktop','1918','1038',25),('srqgv6rf0ootefs67c2eiho5eq',260,'Ian Sadler','2024-03-09',1709979024,'https://knowledgeframe.co.uk/axcessdev/index.php/about-us/blog?start=7','GB','86.155.200.224','Chrome','Windows 10','Desktop','1918','1038',10),('srqgv6rf0ootefs67c2eiho5eq',260,'Ian Sadler','2024-03-09',1709975457,'https://knowledgeframe.co.uk/axcessdev/index.php/component/config/?view=modules&id=273&return=aHR0cHM6Ly9rbm93bGVkZ2VmcmFtZS5jby51ay9heGNlc3NkZXYvaW5kZXgucGhwL3NlY3RvcnMvY2JkLW1lcmNoYW50LWFjY291bnRz&Itemid=101','GB','86.155.200.224','Chrome','Windows 10','Desktop','1918','1038',1),('srqgv6rf0ootefs67c2eiho5eq',260,'Ian Sadler','2024-03-09',1709977766,'https://knowledgeframe.co.uk/axcessdev/index.php/component/config/?view=modules&id=278&return=aHR0cHM6Ly9rbm93bGVkZ2VmcmFtZS5jby51ay9heGNlc3NkZXYvaW5kZXgucGhwL3NlY3RvcnMvdHJhdmVsLXBheW1lbnQtcHJvY2Vzc2luZw==&Itemid=101','GB','86.155.200.224','Chrome','Windows 10','Desktop','1918','1038',98),('srqgv6rf0ootefs67c2eiho5eq',260,'Ian Sadler','2024-03-09',1709978618,'https://knowledgeframe.co.uk/axcessdev/index.php/component/config/?view=modules&id=279&return=aHR0cHM6Ly9rbm93bGVkZ2VmcmFtZS5jby51ay9heGNlc3NkZXYvaW5kZXgucGhwL3NlY3RvcnMvb25saW5lLXJldGFpbA==&Itemid=101','GB','86.155.200.224','Chrome','Windows 10','Desktop','1918','1038',150),('srqgv6rf0ootefs67c2eiho5eq',260,'Ian Sadler','2024-03-09',1709972300,'https://knowledgeframe.co.uk/axcessdev/index.php/contact/book-a-demo','GB','86.155.200.224','Chrome','Windows 10','Desktop','1918','1038',2),('srqgv6rf0ootefs67c2eiho5eq',260,'Ian Sadler','2024-03-09',1709972091,'https://knowledgeframe.co.uk/axcessdev/index.php/contact/contact-us','GB','86.155.200.224','Chrome','Windows 10','Desktop','1918','1038',2),('srqgv6rf0ootefs67c2eiho5eq',260,'Ian Sadler','2024-03-09',1709979359,'https://knowledgeframe.co.uk/axcessdev/index.php/contact/discuss-partnerships','GB','86.155.200.224','Chrome','Windows 10','Desktop','1918','1038',4),('srqgv6rf0ootefs67c2eiho5eq',260,'Ian Sadler','2024-03-09',1709979351,'https://knowledgeframe.co.uk/axcessdev/index.php/contact/join-the-team','GB','86.155.200.224','Chrome','Windows 10','Desktop','1918','1038',0),('srqgv6rf0ootefs67c2eiho5eq',260,'Ian Sadler','2024-03-09',1709979479,'https://knowledgeframe.co.uk/axcessdev/index.php/features/feature-1','GB','86.155.200.224','Chrome','Windows 10','Desktop','1918','1038',59),('srqgv6rf0ootefs67c2eiho5eq',260,'Ian Sadler','2024-03-09',1709979393,'https://knowledgeframe.co.uk/axcessdev/index.php/features/fraud-risk-management','GB','86.155.200.224','Chrome','Windows 10','Desktop','1918','1038',1),('srqgv6rf0ootefs67c2eiho5eq',260,'Ian Sadler','2024-03-09',1709979386,'https://knowledgeframe.co.uk/axcessdev/index.php/features/redshield','GB','86.155.200.224','Chrome','Windows 10','Desktop','1918','1038',0),('srqgv6rf0ootefs67c2eiho5eq',260,'Ian Sadler','2024-03-09',1709979467,'https://knowledgeframe.co.uk/axcessdev/index.php/rsform-test/compliance-disclosures','GB','86.155.200.224','Chrome','Windows 10','Desktop','1918','1038',1),('srqgv6rf0ootefs67c2eiho5eq',260,'Ian Sadler','2024-03-09',1709976756,'https://knowledgeframe.co.uk/axcessdev/index.php/sectors-footer/travel-payment-processing','GB','86.155.200.224','Chrome','Windows 10','Desktop','1918','1038',84),('srqgv6rf0ootefs67c2eiho5eq',260,'Ian Sadler','2024-03-09',1709973217,'https://knowledgeframe.co.uk/axcessdev/index.php/sectors/cbd-merchant-accounts','GB','86.155.200.224','Chrome','Windows 10','Desktop','1918','1038',211),('srqgv6rf0ootefs67c2eiho5eq',260,'Ian Sadler','2024-03-09',1709974905,'https://knowledgeframe.co.uk/axcessdev/index.php/sectors/cbd-merchant-accounts/cbd-merchants-learn-more','GB','86.155.200.224','Chrome','Windows 10','Desktop','1918','1038',237),('srqgv6rf0ootefs67c2eiho5eq',260,'Ian Sadler','2024-03-09',1709973415,'https://knowledgeframe.co.uk/axcessdev/index.php/sectors/cbd-merchant-accounts?view=article&id=97:cbd-learn-more&catid=2:uncategorised','GB','86.155.200.224','Chrome','Windows 10','Desktop','1918','1038',6),('srqgv6rf0ootefs67c2eiho5eq',260,'Ian Sadler','2024-03-09',1709973429,'https://knowledgeframe.co.uk/axcessdev/index.php/sectors/cbd-merchant-accounts?view=form&layout=edit&a_id=97&catid=2&return=aHR0cHM6Ly9rbm93bGVkZ2VmcmFtZS5jby51ay9heGNlc3NkZXYvaW5kZXgucGhwL3NlY3RvcnMvY2JkLW1lcmNoYW50LWFjY291bnRzP3ZpZXc9YXJ0aWNsZSZpZD05Nzp','GB','86.155.200.224','Chrome','Windows 10','Desktop','1918','1038',0),('srqgv6rf0ootefs67c2eiho5eq',260,'Ian Sadler','2024-03-09',1709972058,'https://knowledgeframe.co.uk/axcessdev/index.php/sectors/cfd-forex-broker-payments','GB','86.155.200.224','Chrome','Windows 10','Desktop','1918','1038',1),('srqgv6rf0ootefs67c2eiho5eq',260,'Ian Sadler','2024-03-09',1709974853,'https://knowledgeframe.co.uk/axcessdev/index.php/sectors/cfd-forex-broker-payments/cbd-merchants-learn-more','GB','86.155.200.224','Chrome','Windows 10','Desktop','1918','1038',6),('srqgv6rf0ootefs67c2eiho5eq',260,'Ian Sadler','2024-03-09',1709972069,'https://knowledgeframe.co.uk/axcessdev/index.php/sectors/cfd-forex-broker-payments/cfd-7-issues','GB','86.155.200.224','Chrome','Windows 10','Desktop','1918','1038',38),('srqgv6rf0ootefs67c2eiho5eq',260,'Ian Sadler','2024-03-09',1709972116,'https://knowledgeframe.co.uk/axcessdev/index.php/sectors/cfd-forex-broker-payments/cfd-7-issues?view=form&layout=edit&a_id=96&return=aHR0cHM6Ly9rbm93bGVkZ2VmcmFtZS5jby51ay9heGNlc3NkZXYvaW5kZXgucGhwL3NlY3RvcnMvY2ZkLWZvcmV4LWJyb2tlci1wYXltZW50cy9jZmQtNy1pc3','GB','86.155.200.224','Chrome','Windows 10','Desktop','1918','1038',0),('srqgv6rf0ootefs67c2eiho5eq',260,'Ian Sadler','2024-03-09',1709975824,'https://knowledgeframe.co.uk/axcessdev/index.php/sectors/cryptocurrency-merchant-account','GB','86.155.200.224','Chrome','Windows 10','Desktop','1918','1038',3),('srqgv6rf0ootefs67c2eiho5eq',260,'Ian Sadler','2024-03-09',1709972051,'https://knowledgeframe.co.uk/axcessdev/index.php/sectors/dating-merchant-services','GB','86.155.200.224','Chrome','Windows 10','Desktop','1918','1038',8),('srqgv6rf0ootefs67c2eiho5eq',260,'Ian Sadler','2024-03-09',1709972794,'https://knowledgeframe.co.uk/axcessdev/index.php/sectors/financial-services-payment-processing','GB','86.155.200.224','Chrome','Windows 10','Desktop','1918','1038',174),('srqgv6rf0ootefs67c2eiho5eq',260,'Ian Sadler','2024-03-09',1709972546,'https://knowledgeframe.co.uk/axcessdev/index.php/sectors/financial-services-payment-processing/are-you-a-professional-advisor','GB','86.155.200.224','Chrome','Windows 10','Desktop','1918','1038',61),('srqgv6rf0ootefs67c2eiho5eq',260,'Ian Sadler','2024-03-09',1709972556,'https://knowledgeframe.co.uk/axcessdev/index.php/sectors/financial-services-payment-processing/are-you-a-professional-advisor?view=form&layout=edit&a_id=95&return=aHR0cHM6Ly9rbm93bGVkZ2VmcmFtZS5jby51ay9heGNlc3NkZXYvaW5kZXgucGhwL3NlY3RvcnMvZmluYW5jaWFsLXNl','GB','86.155.200.224','Chrome','Windows 10','Desktop','1918','1038',0),('srqgv6rf0ootefs67c2eiho5eq',260,'Ian Sadler','2024-03-09',1709976114,'https://knowledgeframe.co.uk/axcessdev/index.php/sectors/gaming-and-gambling-accounts','GB','86.155.200.224','Chrome','Windows 10','Desktop','1918','1038',5),('srqgv6rf0ootefs67c2eiho5eq',260,'Ian Sadler','2024-03-09',1709978552,'https://knowledgeframe.co.uk/axcessdev/index.php/sectors/online-retail','GB','86.155.200.224','Chrome','Windows 10','Desktop','1918','1038',2),('srqgv6rf0ootefs67c2eiho5eq',260,'Ian Sadler','2024-03-09',1709976230,'https://knowledgeframe.co.uk/axcessdev/index.php/sectors/skill-based-competition-merchants','GB','86.155.200.224','Chrome','Windows 10','Desktop','1918','1038',2),('srqgv6rf0ootefs67c2eiho5eq',260,'Ian Sadler','2024-03-09',1709976014,'https://knowledgeframe.co.uk/axcessdev/index.php/sectors/subscription-businesses','GB','86.155.200.224','Chrome','Windows 10','Desktop','1918','1038',6),('srqgv6rf0ootefs67c2eiho5eq',260,'Ian Sadler','2024-03-09',1709976295,'https://knowledgeframe.co.uk/axcessdev/index.php/sectors/travel-payment-processing','GB','86.155.200.224','Chrome','Windows 10','Desktop','1918','1038',220),('srqgv6rf0ootefs67c2eiho5eq',260,'Ian Sadler','2024-03-09',1709977450,'https://knowledgeframe.co.uk/axcessdev/index.php/sectors/travel-payment-processing/10-key-questions-answered','GB','86.155.200.224','Chrome','Windows 10','Desktop','1918','1038',57),('srqgv6rf0ootefs67c2eiho5eq',260,'Ian Sadler','2024-03-09',1709977794,'https://knowledgeframe.co.uk/axcessdev/index.php/sectors/travel-payment-processing/10-key-questions-answered?view=form&layout=edit&a_id=23&return=aHR0cHM6Ly9rbm93bGVkZ2VmcmFtZS5jby51ay9heGNlc3NkZXYvaW5kZXgucGhwL3NlY3RvcnMvdHJhdmVsLXBheW1lbnQtcHJvY2Vzc2luZ','GB','86.155.200.224','Chrome','Windows 10','Desktop','1918','1038',0),('srqgv6rf0ootefs67c2eiho5eq',260,'Ian Sadler','2024-03-09',1709979439,'https://knowledgeframe.co.uk/axcessdev/index.php/solutions/point-of-sale-solutions','GB','86.155.200.224','Chrome','Windows 10','Desktop','1918','1038',12),('srqgv6rf0ootefs67c2eiho5eq',260,'Ian Sadler','2024-03-09',1709978762,'https://knowledgeframe.co.uk/axcessdev/index.php?Itemid=168','GB','86.155.200.224','Chrome','Windows 10','Desktop','1918','1038',47),('srqgv6rf0ootefs67c2eiho5eq',260,'Ian Sadler','2024-03-09',1709980071,'https://knowledgeframe.co.uk/axcessdev/index.php?option=com_config&view=modules&id=230&Itemid=319&return=aHR0cHM6Ly9rbm93bGVkZ2VmcmFtZS5jby51ay9heGNlc3NkZXYvaW5kZXgucGhwL3NlY3RvcnMvZmluYW5jaWFsLXNlcnZpY2VzLXBheW1lbnQtcHJvY2Vzc2luZw==','GB','86.155.200.224','Chrome','Windows 10','Desktop','1918','1038',1),('srqgv6rf0ootefs67c2eiho5eq',260,'Ian Sadler','2024-03-09',1709980080,'https://knowledgeframe.co.uk/axcessdev/index.php?option=com_config&view=modules&id=232&Itemid=319&return=aHR0cHM6Ly9rbm93bGVkZ2VmcmFtZS5jby51ay9heGNlc3NkZXYvaW5kZXgucGhwP29wdGlvbj1jb21fY29uZmlnJnZpZXc9bW9kdWxlcyZpZD0yMzAmSXRlbWlkPTMxOSZyZXR1cm49YUhSMGNITT','GB','86.155.200.224','Chrome','Windows 10','Desktop','1918','1038',0),('srqgv6rf0ootefs67c2eiho5eq',260,'Ian Sadler','2024-03-09',1709973235,'https://knowledgeframe.co.uk/axcessdev/index.php?option=com_config&view=modules&id=273&Itemid=315&return=aHR0cHM6Ly9rbm93bGVkZ2VmcmFtZS5jby51ay9heGNlc3NkZXYvaW5kZXgucGhwL3NlY3RvcnMvY2JkLW1lcmNoYW50LWFjY291bnRz','GB','86.155.200.224','Chrome','Windows 10','Desktop','1918','1038',46),('srqgv6rf0ootefs67c2eiho5eq',260,'Ian Sadler','2024-03-09',1709975833,'https://knowledgeframe.co.uk/axcessdev/index.php?option=com_config&view=modules&id=274&Itemid=317&return=aHR0cHM6Ly9rbm93bGVkZ2VmcmFtZS5jby51ay9heGNlc3NkZXYvaW5kZXgucGhwL3NlY3RvcnMvY3J5cHRvY3VycmVuY3ktbWVyY2hhbnQtYWNjb3VudA==','GB','86.155.200.224','Chrome','Windows 10','Desktop','1918','1038',25),('srqgv6rf0ootefs67c2eiho5eq',260,'Ian Sadler','2024-03-09',1709972810,'https://knowledgeframe.co.uk/axcessdev/index.php?option=com_config&view=modules&id=275&Itemid=319&return=aHR0cHM6Ly9rbm93bGVkZ2VmcmFtZS5jby51ay9heGNlc3NkZXYvaW5kZXgucGhwL3NlY3RvcnMvZmluYW5jaWFsLXNlcnZpY2VzLXBheW1lbnQtcHJvY2Vzc2luZw==','GB','86.155.200.224','Chrome','Windows 10','Desktop','1918','1038',41),('srqgv6rf0ootefs67c2eiho5eq',260,'Ian Sadler','2024-03-09',1709976157,'https://knowledgeframe.co.uk/axcessdev/index.php?option=com_config&view=modules&id=276&Itemid=320&return=aHR0cHM6Ly9rbm93bGVkZ2VmcmFtZS5jby51ay9heGNlc3NkZXYvaW5kZXgucGhwL3NlY3RvcnMvZ2FtaW5nLWFuZC1nYW1ibGluZy1hY2NvdW50cw==','GB','86.155.200.224','Chrome','Windows 10','Desktop','1918','1038',8),('srqgv6rf0ootefs67c2eiho5eq',260,'Ian Sadler','2024-03-09',1709976237,'https://knowledgeframe.co.uk/axcessdev/index.php?option=com_config&view=modules&id=277&Itemid=321&return=aHR0cHM6Ly9rbm93bGVkZ2VmcmFtZS5jby51ay9heGNlc3NkZXYvaW5kZXgucGhwL3NlY3RvcnMvc2tpbGwtYmFzZWQtY29tcGV0aXRpb24tbWVyY2hhbnRz','GB','86.155.200.224','Chrome','Windows 10','Desktop','1918','1038',6),('srqgv6rf0ootefs67c2eiho5eq',260,'Ian Sadler','2024-03-09',1709976318,'https://knowledgeframe.co.uk/axcessdev/index.php?option=com_config&view=modules&id=278&Itemid=322&return=aHR0cHM6Ly9rbm93bGVkZ2VmcmFtZS5jby51ay9heGNlc3NkZXYvaW5kZXgucGhwL3NlY3RvcnMvdHJhdmVsLXBheW1lbnQtcHJvY2Vzc2luZw==','GB','86.155.200.224','Chrome','Windows 10','Desktop','1918','1038',92),('srqgv6rf0ootefs67c2eiho5eq',260,'Ian Sadler','2024-03-09',1709978563,'https://knowledgeframe.co.uk/axcessdev/index.php?option=com_config&view=modules&id=279&Itemid=323&return=aHR0cHM6Ly9rbm93bGVkZ2VmcmFtZS5jby51ay9heGNlc3NkZXYvaW5kZXgucGhwL3NlY3RvcnMvb25saW5lLXJldGFpbA==','GB','86.155.200.224','Chrome','Windows 10','Desktop','1918','1038',8),('srqgv6rf0ootefs67c2eiho5eq',260,'Ian Sadler','2024-03-09',1709976021,'https://knowledgeframe.co.uk/axcessdev/index.php?option=com_config&view=modules&id=281&Itemid=318&return=aHR0cHM6Ly9rbm93bGVkZ2VmcmFtZS5jby51ay9heGNlc3NkZXYvaW5kZXgucGhwL3NlY3RvcnMvc3Vic2NyaXB0aW9uLWJ1c2luZXNzZXM=','GB','86.155.200.224','Chrome','Windows 10','Desktop','1918','1038',11),('svjkjn8pl1eu2bllvm5ghi3f0k',0,'Visitor_8125','2024-03-01',1709283689,'https://knowledgeframe.co.uk/axcessdev/','GB','84.39.114.156','Edge','Windows 10','Desktop','1536','816',0),('svjkjn8pl1eu2bllvm5ghi3f0k',0,'Visitor_8125','2024-03-01',1709283712,'https://knowledgeframe.co.uk/axcessdev/index.php/component/users/login?Itemid=101','GB','84.39.114.156','Edge','Windows 10','Desktop','1536','816',0),('t1vld947rml3qvho1ja4id3us1',0,'Visitor_1947','2023-10-03',1696313953,'https://knowledgeframe.co.uk/axcessdev/index.php#solutions','GB','86.156.98.42','Firefox','Windows 10','Desktop','1936','1056',590),('t1vld947rml3qvho1ja4id3us1',0,'Visitor_1947','2023-10-04',1696399940,'https://knowledgeframe.co.uk/axcessdev/index.php#solutions','GB','2a00:23c5:c8b3:b401:2d61:620b:589e:458e','Firefox','Windows 10','Desktop','1936','1056',5566),('t68jphh8e55g2qpohmcqev1tv0',0,'Visitor_6885','2024-02-08',1707392860,'https://knowledgeframe.co.uk/axcessdev/','GB','212.159.119.174','Chrome','MacOS','Desktop','1911','1003',17),('t68jphh8e55g2qpohmcqev1tv0',0,'Visitor_6885','2024-02-08',1707392977,'https://knowledgeframe.co.uk/axcessdev/index.php/rsform-test','GB','212.159.119.174','Chrome','MacOS','Desktop','1911','1003',0),('t68jphh8e55g2qpohmcqev1tv0',0,'Visitor_6885','2024-02-08',1707392982,'https://knowledgeframe.co.uk/axcessdev/index.php/rsform-test/test-rsform-conditional-fields','GB','212.159.119.174','Chrome','MacOS','Desktop','1911','1003',242),('tallpr536tne177jd38b8s1rf2',0,'Visitor_5361','2024-02-16',1708077251,'https://knowledgeframe.co.uk/axcessdev/index.php/features/redshield','GB','138.124.141.130','Chrome','Windows 10','Desktop','1918','1038',0),('td905ig0ek3cume6gkku17b2jo',0,'Visitor_9050','2023-08-24',1692894257,'https://knowledgeframe.co.uk/axcessdev/','GB','86.138.121.22','Safari','iOS iPhone','Mobile','375','667',1),('td9jk1807sip2l4tit208k1lh9',0,'Visitor_9180','2024-03-18',1710773583,'https://knowledgeframe.co.uk/axcessdev/index.php','GB','2a00:23c8:9493:a901:643a:28c9:34b5:5115','Chrome','Windows 10','Desktop','1918','1038',0),('tg938rs6sgnopohgges2qeebte',265,'Surinder','2024-03-21',1711033763,'https://knowledgeframe.co.uk/axcessdev/','GB','188.240.171.164','Chrome','MacOS','Desktop','1680','962',2),('th8sijrlt8p0877va8smbkjjcu',0,'Visitor_8808','2023-09-07',1694082257,'https://knowledgeframe.co.uk/axcessdev/','GB','212.159.119.174','Chrome','MacOS','Desktop','0','0',707),('th8sijrlt8p0877va8smbkjjcu',0,'Visitor_8808','2023-09-07',1694087640,'https://knowledgeframe.co.uk/axcessdev/index.php','GB','212.159.119.174','Chrome','MacOS','Desktop','1864','1000',1832),('th8sijrlt8p0877va8smbkjjcu',0,'Visitor_8808','2023-09-07',1694087634,'https://knowledgeframe.co.uk/axcessdev/index.php#solutions','GB','212.159.119.174','Chrome','MacOS','Desktop','1864','1000',2),('tjmsk5ioqsnjoofkhjmo28ina5',0,'Visitor_5285','2024-02-05',1707148368,'https://knowledgeframe.co.uk/axcessdev/','US','66.249.93.168','Chrome','MacOS','Desktop','1','1',0),('tn1emna8mp8ibqas4uun1djcl0',0,'Visitor_1884','2024-02-12',1707753062,'https://knowledgeframe.co.uk/axcessdev/','GB','2a00:23c6:34ce:f201:eccd:bdd2:5dbb:c147','Chrome','Windows 10','Desktop','0','0',0),('to1fed5gh25ioam8c8ke5ii2ue',0,'Visitor_1525','2023-07-21',1689950383,'https://knowledgeframe.co.uk/axcessdev/','GB','138.124.141.130','Chrome','Windows 10','Desktop','1918','1038',49),('to1fed5gh25ioam8c8ke5ii2ue',0,'Visitor_1525','2023-07-21',1689950802,'https://knowledgeframe.co.uk/axcessdev/index.php','GB','138.124.141.130','Chrome','Windows 10','Desktop','1918','1038',1),('to1fed5gh25ioam8c8ke5ii2ue',0,'Visitor_1525','2023-07-21',1689950394,'https://knowledgeframe.co.uk/axcessdev/index.php/test','GB','138.124.141.130','Chrome','Windows 10','Desktop','1918','1038',74),('tqvk3nsrlufj4qo59egerlv0js',0,'Visitor_3459','2024-03-18',1710763827,'https://knowledgeframe.co.uk/axcessdev/','GB','2a02:c7e:28ab:900:dc2c:930f:2593:fc7c','Edge','Windows 10','Desktop','1918','1038',0),('tqvk3nsrlufj4qo59egerlv0js',0,'Visitor_3459','2024-03-18',1710765812,'https://knowledgeframe.co.uk/axcessdev/index.php','GB','2a02:c7e:28ab:900:dc2c:930f:2593:fc7c','Edge','Windows 10','Desktop','1918','1038',5),('tqvk3nsrlufj4qo59egerlv0js',0,'Visitor_3459','2024-03-18',1710765796,'https://knowledgeframe.co.uk/axcessdev/index.php/about-us','GB','2a02:c7e:28ab:900:dc2c:930f:2593:fc7c','Edge','Windows 10','Desktop','1918','1038',2),('tqvk3nsrlufj4qo59egerlv0js',0,'Visitor_3459','2024-03-18',1710764369,'https://knowledgeframe.co.uk/axcessdev/index.php/blog','GB','2a02:c7e:28ab:900:dc2c:930f:2593:fc7c','Edge','Windows 10','Desktop','1918','1038',183),('tqvk3nsrlufj4qo59egerlv0js',0,'Visitor_3459','2024-03-18',1710764287,'https://knowledgeframe.co.uk/axcessdev/index.php/blog/high-risk-sectors','GB','2a02:c7e:28ab:900:dc2c:930f:2593:fc7c','Edge','Windows 10','Desktop','1918','1038',6),('tqvk3nsrlufj4qo59egerlv0js',0,'Visitor_3459','2024-03-18',1710763869,'https://knowledgeframe.co.uk/axcessdev/index.php/blog/partnership','GB','2a02:c7e:28ab:900:dc2c:930f:2593:fc7c','Edge','Windows 10','Desktop','1918','1038',7),('tqvk3nsrlufj4qo59egerlv0js',0,'Visitor_3459','2024-03-18',1710763833,'https://knowledgeframe.co.uk/axcessdev/index.php/blog/partnership/partnership-with-axcess','GB','2a02:c7e:28ab:900:dc2c:930f:2593:fc7c','Edge','Windows 10','Desktop','1918','1038',1),('tqvk3nsrlufj4qo59egerlv0js',0,'Visitor_3459','2024-03-18',1710763918,'https://knowledgeframe.co.uk/axcessdev/index.php/blog/payment-services','GB','2a02:c7e:28ab:900:dc2c:930f:2593:fc7c','Edge','Windows 10','Desktop','1918','1038',15),('tqvk3nsrlufj4qo59egerlv0js',0,'Visitor_3459','2024-03-18',1710763842,'https://knowledgeframe.co.uk/axcessdev/index.php/blog/travel','GB','2a02:c7e:28ab:900:dc2c:930f:2593:fc7c','Edge','Windows 10','Desktop','1918','1038',6),('tqvk3nsrlufj4qo59egerlv0js',0,'Visitor_3459','2024-03-18',1710764026,'https://knowledgeframe.co.uk/axcessdev/index.php/blog/travel/travel-blogs','GB','2a02:c7e:28ab:900:dc2c:930f:2593:fc7c','Edge','Windows 10','Desktop','1918','1038',41),('tqvk3nsrlufj4qo59egerlv0js',0,'Visitor_3459','2024-03-18',1710764375,'https://knowledgeframe.co.uk/axcessdev/index.php/contact','GB','2a02:c7e:28ab:900:dc2c:930f:2593:fc7c','Edge','Windows 10','Desktop','1918','1038',14),('tqvk3nsrlufj4qo59egerlv0js',0,'Visitor_3459','2024-03-18',1710765897,'https://knowledgeframe.co.uk/axcessdev/index.php/contact/book-a-demo','GB','2a02:c7e:28ab:900:dc2c:930f:2593:fc7c','Edge','Windows 10','Desktop','1918','1038',5),('tqvk3nsrlufj4qo59egerlv0js',0,'Visitor_3459','2024-03-18',1710765868,'https://knowledgeframe.co.uk/axcessdev/index.php/contact/contact-us','GB','2a02:c7e:28ab:900:dc2c:930f:2593:fc7c','Edge','Windows 10','Desktop','1918','1038',189),('tqvk3nsrlufj4qo59egerlv0js',0,'Visitor_3459','2024-03-18',1710766025,'https://knowledgeframe.co.uk/axcessdev/index.php?option=com_config&view=modules&id=188&Itemid=357&return=aHR0cHM6Ly9rbm93bGVkZ2VmcmFtZS5jby51ay9heGNlc3NkZXYvaW5kZXgucGhwL2NvbnRhY3QvY29udGFjdC11cw==','GB','2a02:c7e:28ab:900:dc2c:930f:2593:fc7c','Edge','Windows 10','Desktop','1918','1038',4),('tsgj05qjie1tm3up1ac9etkerc',0,'Visitor_5131','2023-07-20',1689845349,'https://knowledgeframe.co.uk/axcessdev/','GB','2a06:a8c0:1:1:250:56ff:febd:5d6e','Chrome','MacOS','Desktop','1','1',1),('tsimeftpupkijl2vmthu1h3mj0',0,'Visitor_2130','2023-10-26',1698325190,'https://knowledgeframe.co.uk/axcessdev/','GB','212.159.119.174','Chrome','MacOS','Desktop','1889','1001',303),('tu1q0sc2ag1msvfaqgajs4riv0',0,'Visitor_1021','2024-03-21',1711006859,'https://knowledgeframe.co.uk/axcessdev/','GB','2a00:23c8:9493:a901:b8e0:4373:ead2:8953','Edge','Windows 10','Desktop','1536','824',0),('tu1q0sc2ag1msvfaqgajs4riv0',0,'Visitor_1021','2024-03-21',1711006878,'https://knowledgeframe.co.uk/axcessdev/index.php/component/users/login?Itemid=101','GB','2a00:23c8:9493:a901:b8e0:4373:ead2:8953','Edge','Windows 10','Desktop','1536','824',0),('tu78agq045l5gc246u9035ugc0',0,'Visitor_7804','2024-02-23',1708684957,'https://knowledgeframe.co.uk/axcessdev/index.php/features/feature-1','GB','20.90.17.67','Chrome','Windows 10','Desktop','1280','960',0),('tuclafgbdlg1cogki70q5tmusf',0,'Visitor_1705','2024-03-13',1710355672,'https://knowledgeframe.co.uk/axcessdev/index.php/features/telephone-and-billing-solutions','GB','2a00:23c8:9493:a901:f5d3:d8d7:372a:8320','Chrome','Windows 10','Desktop','1918','1038',0),('tv250rfc52qt8jl0rbtekgsn3p',260,'Ian Sadler','2024-03-13',1710344691,'https://knowledgeframe.co.uk/axcessdev/','GB','2a02:c7e:28ab:900:dc3a:e3b1:8a66:340a','Edge','Windows 10','Desktop','1536','824',0),('tv250rfc52qt8jl0rbtekgsn3p',260,'Ian Sadler','2024-03-13',1710347245,'https://knowledgeframe.co.uk/axcessdev/index.php','GB','2a02:c7e:28ab:900:dc3a:e3b1:8a66:340a','Edge','Windows 10','Desktop','1536','824',123),('tv250rfc52qt8jl0rbtekgsn3p',260,'Ian Sadler','2024-03-13',1710344696,'https://knowledgeframe.co.uk/axcessdev/index.php/features/redshield','GB','2a02:c7e:28ab:900:dc3a:e3b1:8a66:340a','Edge','Windows 10','Desktop','1536','824',1),('tv250rfc52qt8jl0rbtekgsn3p',260,'Ian Sadler','2024-03-13',1710344706,'https://knowledgeframe.co.uk/axcessdev/index.php/solutions/ecommerce-payment-solutions','GB','2a02:c7e:28ab:900:dc3a:e3b1:8a66:340a','Edge','Windows 10','Desktop','1536','824',24),('tv250rfc52qt8jl0rbtekgsn3p',260,'Ian Sadler','2024-03-13',1710344883,'https://knowledgeframe.co.uk/axcessdev/index.php/solutions/payment-gateway-services','GB','2a02:c7e:28ab:900:dc3a:e3b1:8a66:340a','Edge','Windows 10','Desktop','1536','824',38),('tv250rfc52qt8jl0rbtekgsn3p',260,'Ian Sadler','2024-03-13',1710345237,'https://knowledgeframe.co.uk/axcessdev/index.php/solutions/point-of-sale-solutions','GB','2a02:c7e:28ab:900:dc3a:e3b1:8a66:340a','Edge','Windows 10','Desktop','1536','824',16),('tv250rfc52qt8jl0rbtekgsn3p',260,'Ian Sadler','2024-03-13',1710344872,'https://knowledgeframe.co.uk/axcessdev/index.php/solutions/telephone-and-virtual-terminal-facilities','GB','2a02:c7e:28ab:900:dc3a:e3b1:8a66:340a','Edge','Windows 10','Desktop','1536','824',2),('tv250rfc52qt8jl0rbtekgsn3p',260,'Ian Sadler','2024-03-13',1710347148,'https://knowledgeframe.co.uk/axcessdev/index.php?option=com_config&view=modules&id=125&Itemid=313&return=aHR0cHM6Ly9rbm93bGVkZ2VmcmFtZS5jby51ay9heGNlc3NkZXYvaW5kZXgucGhwL3NvbHV0aW9ucy9wYXltZW50LWdhdGV3YXktc2VydmljZXM=','GB','2a02:c7e:28ab:900:dc3a:e3b1:8a66:340a','Edge','Windows 10','Desktop','1536','824',6),('tv250rfc52qt8jl0rbtekgsn3p',260,'Ian Sadler','2024-03-13',1710345250,'https://knowledgeframe.co.uk/axcessdev/index.php?option=com_config&view=modules&id=246&Itemid=190&return=aHR0cHM6Ly9rbm93bGVkZ2VmcmFtZS5jby51ay9heGNlc3NkZXYvaW5kZXgucGhwL3NvbHV0aW9ucy9wb2ludC1vZi1zYWxlLXNvbHV0aW9ucw==','GB','2a02:c7e:28ab:900:dc3a:e3b1:8a66:340a','Edge','Windows 10','Desktop','1536','824',5),('tv250rfc52qt8jl0rbtekgsn3p',260,'Ian Sadler','2024-03-13',1710344902,'https://knowledgeframe.co.uk/axcessdev/index.php?option=com_config&view=modules&id=247&Itemid=313&return=aHR0cHM6Ly9rbm93bGVkZ2VmcmFtZS5jby51ay9heGNlc3NkZXYvaW5kZXgucGhwL3NvbHV0aW9ucy9wYXltZW50LWdhdGV3YXktc2VydmljZXM=','GB','2a02:c7e:28ab:900:dc3a:e3b1:8a66:340a','Edge','Windows 10','Desktop','1536','824',271),('u9ncjocqb925mn9m91u7f6bhq2',0,'Visitor_9925','2024-02-19',1708354485,'https://knowledgeframe.co.uk/axcessdev/index.php/about-us/privacy-policy?view=article&id=51:privacy-policy-slovenian&catid=2:uncategorised','GB','2a00:23c8:9493:a901:60fa:a0de:2220:37d8','Chrome','Windows 10','Desktop','1918','1038',0),('u9ncjocqb925mn9m91u7f6bhq2',0,'Visitor_9925','2024-02-20',1708417186,'https://knowledgeframe.co.uk/axcessdev/index.php/about-us/privacy-policy?view=article&id=51:privacy-policy-slovenian&catid=2:uncategorised','GB','2a00:23c8:9493:a901:55a2:5ee5:431c:ea46','Chrome','Windows 10','Desktop','0','0',0),('u9ncjocqb925mn9m91u7f6bhq2',0,'Visitor_9925','2024-02-21',1708506698,'https://knowledgeframe.co.uk/axcessdev/index.php/contact/discuss-partnerships','GB','86.165.61.244','Chrome','Windows 10','Desktop','1918','1038',0),('uc3f6b1nootbqb4lqnjm31s910',0,'Visitor_3614','2024-03-21',1711033745,'https://knowledgeframe.co.uk/axcessdev/index.php/features/managed-merchant-services','GB','188.240.171.164','Chrome','MacOS','Desktop','1680','962',0),('uerqoq95nou3hiv1nu9om7b0jf',259,'Sarah Hughes','2024-03-14',1710428913,'https://knowledgeframe.co.uk/axcessdev/','GB','138.124.141.130','Chrome','Windows 10','Desktop','1918','1038',241),('uerqoq95nou3hiv1nu9om7b0jf',259,'Sarah Hughes','2024-03-14',1710428929,'https://knowledgeframe.co.uk/axcessdev/index.php/contact/discuss-partnerships','GB','138.124.141.130','Chrome','Windows 10','Desktop','1918','1038',22),('uerqoq95nou3hiv1nu9om7b0jf',259,'Sarah Hughes','2024-03-14',1710429109,'https://knowledgeframe.co.uk/axcessdev/index.php/features/redshield','GB','138.124.141.130','Chrome','Windows 10','Desktop','1918','1038',0),('uerqoq95nou3hiv1nu9om7b0jf',259,'Sarah Hughes','2024-03-14',1710429115,'https://knowledgeframe.co.uk/axcessdev/index.php/sectors/dating-merchant-services','GB','138.124.141.130','Chrome','Windows 10','Desktop','1918','1038',100),('uerqoq95nou3hiv1nu9om7b0jf',259,'Sarah Hughes','2024-03-14',1710429848,'https://knowledgeframe.co.uk/axcessdev/index.php/sectors/subscription-businesses','GB','138.124.141.130','Chrome','Windows 10','Desktop','1918','1038',1),('uerqoq95nou3hiv1nu9om7b0jf',259,'Sarah Hughes','2024-03-14',1710429096,'https://knowledgeframe.co.uk/axcessdev/index.php/solutions/point-of-sale-solutions','GB','138.124.141.130','Chrome','Windows 10','Desktop','1918','1038',1),('uerqoq95nou3hiv1nu9om7b0jf',259,'Sarah Hughes','2024-03-14',1710431015,'https://knowledgeframe.co.uk/axcessdev/index.php?Itemid=168','GB','138.124.141.130','Chrome','Windows 10','Desktop','1918','1038',150),('uerqoq95nou3hiv1nu9om7b0jf',259,'Sarah Hughes','2024-03-14',1710431012,'https://knowledgeframe.co.uk/axcessdev/index.php?Itemid=357','GB','138.124.141.130','Chrome','Windows 10','Desktop','1918','1038',0),('uerqoq95nou3hiv1nu9om7b0jf',0,'Visitor_9531','2024-03-15',1710496247,'https://knowledgeframe.co.uk/axcessdev/','GB','138.124.141.130','Chrome','Windows 10','Desktop','1918','1038',0),('uf39ok7itoecc49j8hft8pc4uv',260,'Ian Sadler','2024-02-12',1707733517,'https://knowledgeframe.co.uk/axcessdev/','GB','2a00:23c8:9493:a901:5948:b8df:c74d:ddc2','Chrome','Windows 10','Desktop','1920','1080',22),('uf39ok7itoecc49j8hft8pc4uv',260,'Ian Sadler','2024-02-12',1707739739,'https://knowledgeframe.co.uk/axcessdev/index.php','GB','2a00:23c8:9493:a901:5948:b8df:c74d:ddc2','Chrome','Windows 10','Desktop','1920','1080',172),('uf39ok7itoecc49j8hft8pc4uv',260,'Ian Sadler','2024-02-12',1707733612,'https://knowledgeframe.co.uk/axcessdev/index.php/about-us/support','GB','2a00:23c8:9493:a901:5948:b8df:c74d:ddc2','Chrome','Windows 10','Desktop','1920','1080',0),('uf39ok7itoecc49j8hft8pc4uv',260,'Ian Sadler','2024-02-12',1707739198,'https://knowledgeframe.co.uk/axcessdev/index.php/features/managed-merchant-services','GB','2a00:23c8:9493:a901:5948:b8df:c74d:ddc2','Chrome','Windows 10','Desktop','1920','1080',2),('uf39ok7itoecc49j8hft8pc4uv',260,'Ian Sadler','2024-02-12',1707742843,'https://knowledgeframe.co.uk/axcessdev/index.php/features/multi-territory-merchant-services','GB','2a00:23c8:9493:a901:5948:b8df:c74d:ddc2','Chrome','Windows 10','Desktop','1920','1080',0),('uf39ok7itoecc49j8hft8pc4uv',260,'Ian Sadler','2024-02-12',1707739673,'https://knowledgeframe.co.uk/axcessdev/index.php/sectors/cbd-merchant-accounts','GB','2a00:23c8:9493:a901:5948:b8df:c74d:ddc2','Chrome','Windows 10','Desktop','1920','1080',9),('uf39ok7itoecc49j8hft8pc4uv',260,'Ian Sadler','2024-02-12',1707740028,'https://knowledgeframe.co.uk/axcessdev/index.php/sectors/cbd-merchant-accounts?view=form&layout=edit&a_id=30&return=aHR0cHM6Ly9rbm93bGVkZ2VmcmFtZS5jby51ay9heGNlc3NkZXYvaW5kZXgucGhwL3NlY3RvcnMvY2JkLW1lcmNoYW50LWFjY291bnRz','GB','2a00:23c8:9493:a901:5948:b8df:c74d:ddc2','Chrome','Windows 10','Desktop','1920','1080',40),('uf39ok7itoecc49j8hft8pc4uv',260,'Ian Sadler','2024-02-12',1707739206,'https://knowledgeframe.co.uk/axcessdev/index.php/sectors/cfd-forex-broker-payments','GB','2a00:23c8:9493:a901:5948:b8df:c74d:ddc2','Chrome','Windows 10','Desktop','1920','1080',10),('uf39ok7itoecc49j8hft8pc4uv',260,'Ian Sadler','2024-02-12',1707739226,'https://knowledgeframe.co.uk/axcessdev/index.php/sectors/cfd-forex-broker-payments?view=form&layout=edit&a_id=31&return=aHR0cHM6Ly9rbm93bGVkZ2VmcmFtZS5jby51ay9heGNlc3NkZXYvaW5kZXgucGhwL3NlY3RvcnMvY2ZkLWZvcmV4LWJyb2tlci1wYXltZW50cw==','GB','2a00:23c8:9493:a901:5948:b8df:c74d:ddc2','Chrome','Windows 10','Desktop','1920','1080',65),('uf39ok7itoecc49j8hft8pc4uv',260,'Ian Sadler','2024-02-12',1707740871,'https://knowledgeframe.co.uk/axcessdev/index.php/sectors/cryptocurrency-merchant-account','GB','2a00:23c8:9493:a901:5948:b8df:c74d:ddc2','Chrome','Windows 10','Desktop','1920','1080',2),('uf39ok7itoecc49j8hft8pc4uv',260,'Ian Sadler','2024-02-12',1707740878,'https://knowledgeframe.co.uk/axcessdev/index.php/sectors/cryptocurrency-merchant-account?view=form&layout=edit&a_id=28&return=aHR0cHM6Ly9rbm93bGVkZ2VmcmFtZS5jby51ay9heGNlc3NkZXYvaW5kZXgucGhwL3NlY3RvcnMvY3J5cHRvY3VycmVuY3ktbWVyY2hhbnQtYWNjb3VudA==','GB','2a00:23c8:9493:a901:5948:b8df:c74d:ddc2','Chrome','Windows 10','Desktop','1920','1080',31),('uf39ok7itoecc49j8hft8pc4uv',260,'Ian Sadler','2024-02-12',1707740310,'https://knowledgeframe.co.uk/axcessdev/index.php/sectors/dating-merchant-services','GB','2a00:23c8:9493:a901:5948:b8df:c74d:ddc2','Chrome','Windows 10','Desktop','1920','1080',9),('uf39ok7itoecc49j8hft8pc4uv',260,'Ian Sadler','2024-02-12',1707740359,'https://knowledgeframe.co.uk/axcessdev/index.php/sectors/dating-merchant-services?view=form&layout=edit&a_id=29&return=aHR0cHM6Ly9rbm93bGVkZ2VmcmFtZS5jby51ay9heGNlc3NkZXYvaW5kZXgucGhwL3NlY3RvcnMvZGF0aW5nLW1lcmNoYW50LXNlcnZpY2Vz','GB','2a00:23c8:9493:a901:5948:b8df:c74d:ddc2','Chrome','Windows 10','Desktop','1920','1080',76),('uf39ok7itoecc49j8hft8pc4uv',260,'Ian Sadler','2024-02-12',1707741404,'https://knowledgeframe.co.uk/axcessdev/index.php/sectors/financial-services-payment-processing','GB','2a00:23c8:9493:a901:5948:b8df:c74d:ddc2','Chrome','Windows 10','Desktop','1920','1080',5),('uf39ok7itoecc49j8hft8pc4uv',260,'Ian Sadler','2024-02-12',1707741414,'https://knowledgeframe.co.uk/axcessdev/index.php/sectors/financial-services-payment-processing?view=form&layout=edit&a_id=26&return=aHR0cHM6Ly9rbm93bGVkZ2VmcmFtZS5jby51ay9heGNlc3NkZXYvaW5kZXgucGhwL3NlY3RvcnMvZmluYW5jaWFsLXNlcnZpY2VzLXBheW1lbnQtcHJvY2Vzc2l','GB','2a00:23c8:9493:a901:5948:b8df:c74d:ddc2','Chrome','Windows 10','Desktop','1920','1080',0),('uf39ok7itoecc49j8hft8pc4uv',260,'Ian Sadler','2024-02-12',1707741962,'https://knowledgeframe.co.uk/axcessdev/index.php/sectors/gaming-and-gambling-accounts','GB','2a00:23c8:9493:a901:5948:b8df:c74d:ddc2','Chrome','Windows 10','Desktop','1920','1080',5),('uf39ok7itoecc49j8hft8pc4uv',260,'Ian Sadler','2024-02-12',1707741971,'https://knowledgeframe.co.uk/axcessdev/index.php/sectors/gaming-and-gambling-accounts?view=form&layout=edit&a_id=25&return=aHR0cHM6Ly9rbm93bGVkZ2VmcmFtZS5jby51ay9heGNlc3NkZXYvaW5kZXgucGhwL3NlY3RvcnMvZ2FtaW5nLWFuZC1nYW1ibGluZy1hY2NvdW50cw==','GB','2a00:23c8:9493:a901:5948:b8df:c74d:ddc2','Chrome','Windows 10','Desktop','1920','1080',40),('uf39ok7itoecc49j8hft8pc4uv',260,'Ian Sadler','2024-02-12',1707742697,'https://knowledgeframe.co.uk/axcessdev/index.php/sectors/online-retail','GB','2a00:23c8:9493:a901:5948:b8df:c74d:ddc2','Chrome','Windows 10','Desktop','1920','1080',4),('uf39ok7itoecc49j8hft8pc4uv',260,'Ian Sadler','2024-02-12',1707742706,'https://knowledgeframe.co.uk/axcessdev/index.php/sectors/online-retail?view=form&layout=edit&a_id=21&return=aHR0cHM6Ly9rbm93bGVkZ2VmcmFtZS5jby51ay9heGNlc3NkZXYvaW5kZXgucGhwL3NlY3RvcnMvb25saW5lLXJldGFpbA==','GB','2a00:23c8:9493:a901:5948:b8df:c74d:ddc2','Chrome','Windows 10','Desktop','1920','1080',17),('uf39ok7itoecc49j8hft8pc4uv',260,'Ian Sadler','2024-02-12',1707742201,'https://knowledgeframe.co.uk/axcessdev/index.php/sectors/skill-based-competition-merchants','GB','2a00:23c8:9493:a901:5948:b8df:c74d:ddc2','Chrome','Windows 10','Desktop','1920','1080',3),('uf39ok7itoecc49j8hft8pc4uv',260,'Ian Sadler','2024-02-12',1707742211,'https://knowledgeframe.co.uk/axcessdev/index.php/sectors/skill-based-competition-merchants?view=form&layout=edit&a_id=24&return=aHR0cHM6Ly9rbm93bGVkZ2VmcmFtZS5jby51ay9heGNlc3NkZXYvaW5kZXgucGhwL3NlY3RvcnMvc2tpbGwtYmFzZWQtY29tcGV0aXRpb24tbWVyY2hhbnRz','GB','2a00:23c8:9493:a901:5948:b8df:c74d:ddc2','Chrome','Windows 10','Desktop','1920','1080',39),('uf39ok7itoecc49j8hft8pc4uv',260,'Ian Sadler','2024-02-12',1707741089,'https://knowledgeframe.co.uk/axcessdev/index.php/sectors/subscription-businesses','GB','2a00:23c8:9493:a901:5948:b8df:c74d:ddc2','Chrome','Windows 10','Desktop','1920','1080',5),('uf39ok7itoecc49j8hft8pc4uv',260,'Ian Sadler','2024-02-12',1707741109,'https://knowledgeframe.co.uk/axcessdev/index.php/sectors/subscription-businesses?view=form&layout=edit&a_id=27&return=aHR0cHM6Ly9rbm93bGVkZ2VmcmFtZS5jby51ay9heGNlc3NkZXYvaW5kZXgucGhwL3NlY3RvcnMvc3Vic2NyaXB0aW9uLWJ1c2luZXNzZXM=','GB','2a00:23c8:9493:a901:5948:b8df:c74d:ddc2','Chrome','Windows 10','Desktop','1920','1080',39),('uf39ok7itoecc49j8hft8pc4uv',260,'Ian Sadler','2024-02-12',1707733677,'https://knowledgeframe.co.uk/axcessdev/index.php/sectors/travel-payment-processing','GB','2a00:23c8:9493:a901:5948:b8df:c74d:ddc2','Chrome','Windows 10','Desktop','1920','1080',231),('uf39ok7itoecc49j8hft8pc4uv',260,'Ian Sadler','2024-02-12',1707733696,'https://knowledgeframe.co.uk/axcessdev/index.php/sectors/travel-payment-processing?view=form&layout=edit&a_id=23&return=aHR0cHM6Ly9rbm93bGVkZ2VmcmFtZS5jby51ay9heGNlc3NkZXYvaW5kZXgucGhwL3NlY3RvcnMvdHJhdmVsLXBheW1lbnQtcHJvY2Vzc2luZw==','GB','2a00:23c8:9493:a901:5948:b8df:c74d:ddc2','Chrome','Windows 10','Desktop','1920','1080',648),('uf39ok7itoecc49j8hft8pc4uv',260,'Ian Sadler','2024-02-12',1707739666,'https://knowledgeframe.co.uk/axcessdev/index.php/solutions/point-of-sale-solutions','GB','2a00:23c8:9493:a901:5948:b8df:c74d:ddc2','Chrome','Windows 10','Desktop','1920','1080',1),('uj8iutj5g1t54hfde9p0spp9en',0,'Visitor_8515','2024-03-08',1709896760,'https://knowledgeframe.co.uk/axcessdev/index.php/rsform-test/quotation-form','GB','212.159.119.174','Chrome','MacOS','Desktop','1884','1003',0),('uktq65mfbs6uolna4fpkid2u2d',259,'Sarah Hughes','2024-03-22',1711098522,'https://knowledgeframe.co.uk/axcessdev/','GB','138.124.141.130','Chrome','Windows 10','Desktop','1918','1038',4),('ul9uhhmhjgl22610ndunqbhlap',259,'Sarah Hughes','2024-02-09',1707487858,'https://knowledgeframe.co.uk/axcessdev/','GB','138.124.141.130','Chrome','Windows 10','Desktop','1536','824',50),('uoa2ll78n7dbas6inv8tetj26a',0,'Visitor_2787','2023-07-21',1689950399,'https://knowledgeframe.co.uk/axcessdev/','GB','40.94.93.49','Chrome','Windows 10','Desktop','1280','960',14),('upq1es1kr6ptman3v6a466c6uf',259,'Sarah Hughes','2024-02-14',1707913982,'https://knowledgeframe.co.uk/axcessdev/','GB','86.157.162.202','Chrome','Windows 10','Desktop','1536','824',602),('upq1es1kr6ptman3v6a466c6uf',259,'Sarah Hughes','2024-02-14',1707915073,'https://knowledgeframe.co.uk/axcessdev/index.php','GB','86.157.162.202','Chrome','Windows 10','Desktop','1536','824',238),('upq1es1kr6ptman3v6a466c6uf',259,'Sarah Hughes','2024-02-14',1707916769,'https://knowledgeframe.co.uk/axcessdev/index.php/features/feature-1','GB','86.157.162.202','Chrome','Windows 10','Desktop','1536','824',642),('upq1es1kr6ptman3v6a466c6uf',259,'Sarah Hughes','2024-02-14',1707916779,'https://knowledgeframe.co.uk/axcessdev/index.php/features/managed-merchant-services?view=form&layout=edit&a_id=20&return=aHR0cHM6Ly9rbm93bGVkZ2VmcmFtZS5jby51ay9heGNlc3NkZXYvaW5kZXgucGhwL2ZlYXR1cmVzL2ZlYXR1cmUtMQ==','GB','86.157.162.202','Chrome','Windows 10','Desktop','1536','824',182),('upq1es1kr6ptman3v6a466c6uf',259,'Sarah Hughes','2024-02-14',1707914130,'https://knowledgeframe.co.uk/axcessdev/index.php/rsform-test','GB','86.157.162.202','Chrome','Windows 10','Desktop','1536','824',135),('upq1es1kr6ptman3v6a466c6uf',259,'Sarah Hughes','2024-02-14',1707914060,'https://knowledgeframe.co.uk/axcessdev/index.php/rsform-test/test-rsform-conditional-fields','GB','86.157.162.202','Chrome','Windows 10','Desktop','1536','824',10),('upq1es1kr6ptman3v6a466c6uf',259,'Sarah Hughes','2024-02-14',1707917028,'https://knowledgeframe.co.uk/axcessdev/index.php?option=com_config&view=modules&id=187&Itemid=331&return=aHR0cHM6Ly9rbm93bGVkZ2VmcmFtZS5jby51ay9heGNlc3NkZXYvaW5kZXgucGhwL2ZlYXR1cmVzL2ZlYXR1cmUtMQ==','GB','86.157.162.202','Chrome','Windows 10','Desktop','1536','824',9),('upq1es1kr6ptman3v6a466c6uf',259,'Sarah Hughes','2024-02-14',1707921246,'https://knowledgeframe.co.uk/axcessdev/index.php?option=com_config&view=modules&id=189&Itemid=331&return=aHR0cHM6Ly9rbm93bGVkZ2VmcmFtZS5jby51ay9heGNlc3NkZXYvaW5kZXgucGhwL2ZlYXR1cmVzL2ZlYXR1cmUtMQ==','GB','86.157.162.202','Chrome','Windows 10','Desktop','1536','824',1),('uqkguoioo4ooro1hhcmucph30h',0,'Visitor_4130','2023-07-25',1690281118,'https://knowledgeframe.co.uk/axcessdev/','GB','138.124.141.130','Chrome','Windows 10','Desktop','1918','1038',1),('uqkguoioo4ooro1hhcmucph30h',0,'Visitor_4130','2023-07-25',1690281639,'https://knowledgeframe.co.uk/axcessdev/index.php','GB','138.124.141.130','Chrome','Windows 10','Desktop','1918','1038',47),('uqkguoioo4ooro1hhcmucph30h',0,'Visitor_4130','2023-07-25',1690281128,'https://knowledgeframe.co.uk/axcessdev/index.php/test','GB','138.124.141.130','Chrome','Windows 10','Desktop','1918','1038',56),('ussv3om699j29muqqifiulpmom',0,'Visitor_3699','2024-01-09',1704809979,'https://knowledgeframe.co.uk/axcessdev/','GB','212.159.119.174','Chrome','MacOS','Desktop','1911','1002',82),('ussv3om699j29muqqifiulpmom',0,'Visitor_3699','2024-01-09',1704810720,'https://knowledgeframe.co.uk/axcessdev/index.php','GB','212.159.119.174','Chrome','MacOS','Desktop','1911','1002',826),('ussv3om699j29muqqifiulpmom',0,'Visitor_3699','2024-01-09',1704810683,'https://knowledgeframe.co.uk/axcessdev/index.php#sectors','GB','212.159.119.174','Chrome','MacOS','Desktop','1911','1002',5),('ussv3om699j29muqqifiulpmom',0,'Visitor_3699','2024-01-09',1704810560,'https://knowledgeframe.co.uk/axcessdev/index.php/contact','GB','212.159.119.174','Chrome','MacOS','Desktop','1911','1002',3),('ussv3om699j29muqqifiulpmom',0,'Visitor_3699','2024-01-09',1704810624,'https://knowledgeframe.co.uk/axcessdev/index.php/contact/calendly-axcess','GB','212.159.119.174','Chrome','MacOS','Desktop','1911','1002',2),('ussv3om699j29muqqifiulpmom',0,'Visitor_3699','2024-01-09',1704810640,'https://knowledgeframe.co.uk/axcessdev/index.php/contact/calendly-partner','GB','212.159.119.174','Chrome','MacOS','Desktop','1911','1002',0),('ussv3om699j29muqqifiulpmom',0,'Visitor_3699','2024-01-09',1704810585,'https://knowledgeframe.co.uk/axcessdev/index.php/contact/test-rsform-1','GB','212.159.119.174','Chrome','MacOS','Desktop','1911','1002',4),('ussv3om699j29muqqifiulpmom',0,'Visitor_3699','2024-01-09',1704810619,'https://knowledgeframe.co.uk/axcessdev/index.php/contact/test-rsform-multi-page','GB','212.159.119.174','Chrome','MacOS','Desktop','1911','1002',0),('ussv3om699j29muqqifiulpmom',0,'Visitor_3699','2024-01-09',1704810646,'https://knowledgeframe.co.uk/axcessdev/index.php/contact/workable','GB','212.159.119.174','Chrome','MacOS','Desktop','1911','1002',5),('v2lb48l5vmav03nl0na7v333vg',0,'Visitor_2485','2024-03-12',1710256751,'https://knowledgeframe.co.uk/axcessdev/','GB','86.180.193.61','Chrome','Windows 10','Desktop','1536','824',832),('v2lb48l5vmav03nl0na7v333vg',0,'Visitor_2485','2024-03-13',1710322941,'https://knowledgeframe.co.uk/axcessdev/','GB','86.180.193.61','Chrome','Windows 10','Desktop','1536','824',0),('v59mbf39d5s8alg82rke2fk71m',0,'Visitor_5939','2024-03-22',1711132993,'https://knowledgeframe.co.uk/axcessdev/','GB','86.167.229.20','Chrome','Windows 10','Desktop','1918','1038',16),('v59mbf39d5s8alg82rke2fk71m',0,'Visitor_5939','2024-03-22',1711097410,'https://knowledgeframe.co.uk/axcessdev/index.php','GB','86.167.229.20','Chrome','Windows 10','Desktop','1918','1038',4702),('v59mbf39d5s8alg82rke2fk71m',0,'Visitor_5939','2024-03-22',1711133913,'https://knowledgeframe.co.uk/axcessdev/index.php/about-us','GB','86.167.229.20','Chrome','Windows 10','Desktop','1918','1038',4),('v59mbf39d5s8alg82rke2fk71m',0,'Visitor_5939','2024-03-22',1711132813,'https://knowledgeframe.co.uk/axcessdev/index.php/about-us/about','GB','86.167.229.20','Chrome','Windows 10','Desktop','1918','1038',45),('v59mbf39d5s8alg82rke2fk71m',0,'Visitor_5939','2024-03-22',1711133988,'https://knowledgeframe.co.uk/axcessdev/index.php/component/config/?view=modules&id=301&return=aHR0cHM6Ly9rbm93bGVkZ2VmcmFtZS5jby51ay9heGNlc3NkZXYvaW5kZXgucGhwL2Fib3V0LXVz&Itemid=101','GB','86.167.229.20','Chrome','Windows 10','Desktop','1918','1038',17),('v59mbf39d5s8alg82rke2fk71m',0,'Visitor_5939','2024-03-22',1711133647,'https://knowledgeframe.co.uk/axcessdev/index.php/component/config/?view=modules&id=301&return=aHR0cHM6Ly9rbm93bGVkZ2VmcmFtZS5jby51ay9heGNlc3NkZXYvaW5kZXgucGhwL2Fib3V0LXVzL2Fib3V0&Itemid=101','GB','86.167.229.20','Chrome','Windows 10','Desktop','1918','1038',14),('v59mbf39d5s8alg82rke2fk71m',0,'Visitor_5939','2024-03-22',1711133904,'https://knowledgeframe.co.uk/axcessdev/index.php/component/config/?view=modules&id=301&return=aHR0cHM6Ly9rbm93bGVkZ2VmcmFtZS5jby51ay9heGNlc3NkZXYvaW5kZXgucGhwP29wdGlvbj1jb21fY29uZmlnJnZpZXc9bW9kdWxlcyZpZD0zMDEmSXRlbWlkPTEwMSZyZXR1cm49YUhSMGNITTZMeTlyYm05M','GB','86.167.229.20','Chrome','Windows 10','Desktop','1918','1038',0),('v59mbf39d5s8alg82rke2fk71m',0,'Visitor_5939','2024-03-22',1711133909,'https://knowledgeframe.co.uk/axcessdev/index.php/search?f=1','GB','86.167.229.20','Chrome','Windows 10','Desktop','1918','1038',0),('v59mbf39d5s8alg82rke2fk71m',0,'Visitor_5939','2024-03-22',1711097875,'https://knowledgeframe.co.uk/axcessdev/index.php/solutions/partnerships','GB','86.167.229.20','Chrome','Windows 10','Desktop','1918','1038',277),('v59mbf39d5s8alg82rke2fk71m',0,'Visitor_5939','2024-03-22',1711134097,'https://knowledgeframe.co.uk/axcessdev/index.php/solutions/point-of-sale-solutions','GB','86.167.229.20','Chrome','Windows 10','Desktop','1918','1038',18),('v59mbf39d5s8alg82rke2fk71m',0,'Visitor_5939','2024-03-22',1711097872,'https://knowledgeframe.co.uk/axcessdev/index.php?Itemid=168','GB','86.167.229.20','Chrome','Windows 10','Desktop','1918','1038',0),('v59mbf39d5s8alg82rke2fk71m',0,'Visitor_5939','2024-03-22',1711133741,'https://knowledgeframe.co.uk/axcessdev/index.php?option=com_config&view=modules&id=301&Itemid=101&return=aHR0cHM6Ly9rbm93bGVkZ2VmcmFtZS5jby51ay9heGNlc3NkZXYvaW5kZXgucGhwL2NvbXBvbmVudC9jb25maWcvP3ZpZXc9bW9kdWxlcyZpZD0zMDEmcmV0dXJuPWFIUjBjSE02THk5cmJtOTNiR1','GB','86.167.229.20','Chrome','Windows 10','Desktop','1918','1038',0),('v59mbf39d5s8alg82rke2fk71m',0,'Visitor_5939','2024-03-22',1711133747,'https://knowledgeframe.co.uk/axcessdev/index.php?option=com_config&view=modules&id=301&Itemid=101&return=aHR0cHM6Ly9rbm93bGVkZ2VmcmFtZS5jby51ay9heGNlc3NkZXYvaW5kZXgucGhwP29wdGlvbj1jb21fY29uZmlnJnZpZXc9bW9kdWxlcyZpZD0zMDEmSXRlbWlkPTEwMSZyZXR1cm49YUhSMGNITT','GB','86.167.229.20','Chrome','Windows 10','Desktop','1918','1038',0),('v59mbf39d5s8alg82rke2fk71m',0,'Visitor_5939','2024-03-22',1711133942,'https://knowledgeframe.co.uk/axcessdev/index.php?option=com_config&view=modules&id=301&Itemid=150&return=aHR0cHM6Ly9rbm93bGVkZ2VmcmFtZS5jby51ay9heGNlc3NkZXYvaW5kZXgucGhwL2Fib3V0LXVz','GB','86.167.229.20','Chrome','Windows 10','Desktop','1918','1038',7),('v59mbf39d5s8alg82rke2fk71m',0,'Visitor_5939','2024-03-22',1711134165,'https://knowledgeframe.co.uk/axcessdev/index.php?option=com_config&view=modules&id=301&Itemid=190&return=aHR0cHM6Ly9rbm93bGVkZ2VmcmFtZS5jby51ay9heGNlc3NkZXYvaW5kZXgucGhwL3NvbHV0aW9ucy9wb2ludC1vZi1zYWxlLXNvbHV0aW9ucw==','GB','86.167.229.20','Chrome','Windows 10','Desktop','1918','1038',7),('v59mbf39d5s8alg82rke2fk71m',0,'Visitor_5939','2024-03-22',1711132963,'https://knowledgeframe.co.uk/axcessdev/index.php?option=com_config&view=modules&id=301&Itemid=347&return=aHR0cHM6Ly9rbm93bGVkZ2VmcmFtZS5jby51ay9heGNlc3NkZXYvaW5kZXgucGhwL2Fib3V0LXVzL2Fib3V0','GB','86.167.229.20','Chrome','Windows 10','Desktop','1918','1038',85),('v59mbf39d5s8alg82rke2fk71m',0,'Visitor_5939','2024-03-23',1711181077,'https://knowledgeframe.co.uk/axcessdev/index.php','GB','86.167.229.20','Chrome','Windows 10','Desktop','1918','1038',0),('vg81d31ss16r6qh5mn5c36djj5',0,'Visitor_8131','2024-02-15',1708005563,'https://knowledgeframe.co.uk/axcessdev/','GB','138.124.141.130','Chrome','Windows 10','Desktop','1536','824',31),('vg81d31ss16r6qh5mn5c36djj5',0,'Visitor_8131','2024-02-15',1708009062,'https://knowledgeframe.co.uk/axcessdev/index.php/features/feature-1','GB','138.124.141.130','Chrome','Windows 10','Desktop','1536','824',7),('vg81d31ss16r6qh5mn5c36djj5',0,'Visitor_8131','2024-02-15',1708005786,'https://knowledgeframe.co.uk/axcessdev/index.php/features/managed-merchant-services','GB','138.124.141.130','Chrome','Windows 10','Desktop','1536','824',616),('vhqv4eq5a6410se7er1tdaavlu',0,'Visitor_4564','2024-02-13',1707834935,'https://knowledgeframe.co.uk/axcessdev/','GB','212.159.119.174','Chrome','MacOS','Desktop','1874','977',0),('vhrckmejmpn7l3sil9b9l35gep',0,'Visitor_7399','2024-02-15',1707990793,'https://knowledgeframe.co.uk/axcessdev/#collapse','GB','2a00:23c8:9493:a901:7918:b80:b246:a472','Chrome','Windows 10','Desktop','1918','1038',0),('vhrckmejmpn7l3sil9b9l35gep',0,'Visitor_7399','2024-02-15',1707990811,'https://knowledgeframe.co.uk/axcessdev/index.php/component/users/login?Itemid=101','GB','2a00:23c8:9493:a901:7918:b80:b246:a472','Chrome','Windows 10','Desktop','1918','1038',0),('vipj36hm3i19h55hnt0foatej4',257,'Administrator','2024-02-07',1707318633,'https://knowledgeframe.co.uk/axcessdev/','GB','212.159.119.174','Chrome','MacOS','Desktop','1911','1003',5),('vipj36hm3i19h55hnt0foatej4',257,'Administrator','2024-02-07',1707320507,'https://knowledgeframe.co.uk/axcessdev/index.php','GB','212.159.119.174','Chrome','MacOS','Desktop','1911','1003',0),('vipj36hm3i19h55hnt0foatej4',257,'Administrator','2024-02-07',1707321422,'https://knowledgeframe.co.uk/axcessdev/index.php/features/feature-1','GB','212.159.119.174','Chrome','MacOS','Desktop','1911','1003',252),('vipj36hm3i19h55hnt0foatej4',257,'Administrator','2024-02-07',1707318643,'https://knowledgeframe.co.uk/axcessdev/index.php/rsform-test','GB','212.159.119.174','Chrome','MacOS','Desktop','1911','1003',261),('vipj36hm3i19h55hnt0foatej4',257,'Administrator','2024-02-07',1707320510,'https://knowledgeframe.co.uk/axcessdev/index.php/rsform-test/test-rsform-1','GB','212.159.119.174','Chrome','MacOS','Desktop','1911','1003',130),('vipj36hm3i19h55hnt0foatej4',257,'Administrator','2024-02-07',1707318639,'https://knowledgeframe.co.uk/axcessdev/index.php?option=com_rsform&view=rsform&formId=6','GB','212.159.119.174','Chrome','MacOS','Desktop','1911','1003',0),('vjqe4n2b154tfqej9e1v36h0s9',0,'Visitor_4215','2023-11-24',1700813949,'https://knowledgeframe.co.uk/axcessdev/index.php#solutions','GB','2a00:23c8:9493:a901:3041:e8b3:718e:91b5','Chrome','Windows 10','Desktop','1918','1038',321),('vjqe4n2b154tfqej9e1v36h0s9',0,'Visitor_4215','2023-11-29',1701274971,'https://knowledgeframe.co.uk/axcessdev/index.php','GB','2a00:23c8:9493:a901:55ea:7963:4757:5711','Chrome','Windows 10','Desktop','1918','1038',1),('vjqe4n2b154tfqej9e1v36h0s9',0,'Visitor_4215','2023-11-29',1701274962,'https://knowledgeframe.co.uk/axcessdev/index.php#solutions','GB','2a00:23c8:9493:a901:55ea:7963:4757:5711','Chrome','Windows 10','Desktop','1918','1038',1),('vjqe4n2b154tfqej9e1v36h0s9',0,'Visitor_4215','2023-11-30',1701333414,'https://knowledgeframe.co.uk/axcessdev/index.php','GB','2a00:23c8:9493:a901:55ea:7963:4757:5711','Chrome','Windows 10','Desktop','1918','1038',10),('vjqe4n2b154tfqej9e1v36h0s9',0,'Visitor_4215','2023-12-01',1701427206,'https://knowledgeframe.co.uk/axcessdev/index.php#company','GB','2a00:23c8:9493:a901:55ea:7963:4757:5711','Chrome','Windows 10','Desktop','1918','1038',1466),('vjqe4n2b154tfqej9e1v36h0s9',0,'Visitor_4215','2024-01-03',1704274920,'https://knowledgeframe.co.uk/axcessdev/index.php#company','GB','2a00:23c8:9493:a901:f9e5:2d01:3ab7:c4c7','Chrome','Windows 10','Desktop','1918','1038',230),('vl1ogfh2d57qtskouvb21atq3m',257,'Administrator','2024-02-29',1709215300,'https://knowledgeframe.co.uk/axcessdev/','GB','212.159.119.174','Chrome','MacOS','Desktop','1884','1003',656),('vl1ogfh2d57qtskouvb21atq3m',257,'Administrator','2024-02-29',1709220300,'https://knowledgeframe.co.uk/axcessdev/index.php','GB','212.159.119.174','Chrome','MacOS','Desktop','1884','1003',175),('vl1ogfh2d57qtskouvb21atq3m',257,'Administrator','2024-02-29',1709220021,'https://knowledgeframe.co.uk/axcessdev/index.php/features/redshield','GB','212.159.119.174','Chrome','MacOS','Desktop','1884','1003',0),('vl1ogfh2d57qtskouvb21atq3m',257,'Administrator','2024-02-29',1709219938,'https://knowledgeframe.co.uk/axcessdev/index.php/sectors/dating-merchant-services','GB','212.159.119.174','Chrome','MacOS','Desktop','1884','1003',51),('vl1ogfh2d57qtskouvb21atq3m',257,'Administrator','2024-02-29',1709220026,'https://knowledgeframe.co.uk/axcessdev/index.php/solutions/point-of-sale-solutions','GB','212.159.119.174','Chrome','MacOS','Desktop','1884','1003',0),('vl90520jjid46m5jgt2jt1r2bu',259,'Sarah Hughes','2024-02-15',1708012219,'https://knowledgeframe.co.uk/axcessdev/','GB','138.124.141.130','Chrome','Windows 10','Desktop','1918','1038',0),('vl90520jjid46m5jgt2jt1r2bu',259,'Sarah Hughes','2024-02-15',1708014880,'https://knowledgeframe.co.uk/axcessdev/index.php/features/ecommerce-payment-solutions','GB','138.124.141.130','Chrome','Windows 10','Desktop','1918','1038',55),('vl90520jjid46m5jgt2jt1r2bu',259,'Sarah Hughes','2024-02-15',1708012254,'https://knowledgeframe.co.uk/axcessdev/index.php/features/feature-1','GB','138.124.141.130','Chrome','Windows 10','Desktop','1918','1038',15),('vl90520jjid46m5jgt2jt1r2bu',259,'Sarah Hughes','2024-02-15',1708013183,'https://knowledgeframe.co.uk/axcessdev/index.php/features/fraud-risk-management','GB','138.124.141.130','Chrome','Windows 10','Desktop','1918','1038',89),('vl90520jjid46m5jgt2jt1r2bu',259,'Sarah Hughes','2024-02-15',1708012222,'https://knowledgeframe.co.uk/axcessdev/index.php/features/managed-merchant-services','GB','138.124.141.130','Chrome','Windows 10','Desktop','1918','1038',104),('vl90520jjid46m5jgt2jt1r2bu',259,'Sarah Hughes','2024-02-15',1708012246,'https://knowledgeframe.co.uk/axcessdev/index.php/features/multi-territory-merchant-services','GB','138.124.141.130','Chrome','Windows 10','Desktop','1918','1038',1),('vl90520jjid46m5jgt2jt1r2bu',259,'Sarah Hughes','2024-02-15',1708014050,'https://knowledgeframe.co.uk/axcessdev/index.php/features/recurring-payments','GB','138.124.141.130','Chrome','Windows 10','Desktop','1918','1038',42),('vl90520jjid46m5jgt2jt1r2bu',259,'Sarah Hughes','2024-02-15',1708012357,'https://knowledgeframe.co.uk/axcessdev/index.php/features/redshield','GB','138.124.141.130','Chrome','Windows 10','Desktop','1918','1038',263),('vl90520jjid46m5jgt2jt1r2bu',259,'Sarah Hughes','2024-02-15',1708012515,'https://knowledgeframe.co.uk/axcessdev/index.php?option=com_config&view=modules&id=197&Itemid=312&return=aHR0cHM6Ly9rbm93bGVkZ2VmcmFtZS5jby51ay9heGNlc3NkZXYvaW5kZXgucGhwL2ZlYXR1cmVzL3JlZHNoaWVsZA==','GB','138.124.141.130','Chrome','Windows 10','Desktop','1918','1038',1),('vl90520jjid46m5jgt2jt1r2bu',0,'Visitor_9052','2024-02-16',1708072000,'https://knowledgeframe.co.uk/axcessdev/index.php/features/redshield','GB','138.124.141.130','Chrome','Windows 10','Desktop','1536','824',0),('vlmghrgukivlht99dc37t9vo5q',0,'Visitor_9937','2024-01-15',1705307260,'https://knowledgeframe.co.uk/axcessdev/index.php','GB','2a00:23c8:9493:a901:a571:7594:1f90:89dd','Chrome','Windows 10','Desktop','1918','1038',0),('vlmghrgukivlht99dc37t9vo5q',0,'Visitor_9937','2024-01-15',1705307257,'https://knowledgeframe.co.uk/axcessdev/index.php#company','GB','2a00:23c8:9493:a901:a571:7594:1f90:89dd','Chrome','Windows 10','Desktop','1918','1038',0),('vlmghrgukivlht99dc37t9vo5q',0,'Visitor_9937','2024-01-18',1705578220,'https://knowledgeframe.co.uk/axcessdev/index.php#sectors','GB','2a00:23c8:9493:a901:5415:c223:4fc8:5c77','Chrome','Windows 10','Desktop','1918','1038',1498),('vlmghrgukivlht99dc37t9vo5q',0,'Visitor_9937','2024-01-23',1706003172,'https://knowledgeframe.co.uk/axcessdev/index.php#sectors','GB','2a00:23c8:9493:a901:18b8:b3ad:682e:eb90','Chrome','Windows 10','Desktop','1918','1038',4449),('vu93u0v3cpiufqi0dih82jfs22',0,'Visitor_9303','2024-03-25',1711357234,'https://knowledgeframe.co.uk/axcessdev/index.php/about-us','GB','62.252.173.132','Chrome','Windows 10','Desktop','1','1',0),('vvrgbcsr3m3vh1ruqmto08vc71',0,'Visitor_3310','2023-08-17',1692277679,'https://knowledgeframe.co.uk/axcessdev/','GB','138.124.141.130','Chrome','Windows 10','Desktop','1918','1038',0),('vvrgbcsr3m3vh1ruqmto08vc71',0,'Visitor_3310','2023-08-17',1692277684,'https://knowledgeframe.co.uk/axcessdev/index.php','GB','138.124.141.130','Chrome','Windows 10','Desktop','1918','1038',572),('vvrgbcsr3m3vh1ruqmto08vc71',0,'Visitor_3310','2023-08-17',1692277682,'https://knowledgeframe.co.uk/axcessdev/index.php/test','GB','138.124.141.130','Chrome','Windows 10','Desktop','1918','1038',0),('vvrgbcsr3m3vh1ruqmto08vc71',0,'Visitor_3310','2023-08-17',1692277739,'https://knowledgeframe.co.uk/axcessdev/index.php/test/benefits-features','GB','138.124.141.130','Chrome','Windows 10','Desktop','1918','1038',6),('vvrgbcsr3m3vh1ruqmto08vc71',0,'Visitor_3310','2023-08-31',1693472626,'https://knowledgeframe.co.uk/axcessdev/','GB','138.124.141.130','Chrome','Windows 10','Desktop','1918','1038',2),('vvrgbcsr3m3vh1ruqmto08vc71',0,'Visitor_3310','2023-08-31',1693472638,'https://knowledgeframe.co.uk/axcessdev/index.php','GB','138.124.141.130','Chrome','Windows 10','Desktop','1918','1038',330),('vvrgbcsr3m3vh1ruqmto08vc71',0,'Visitor_3310','2023-08-31',1693472484,'https://knowledgeframe.co.uk/axcessdev/index.php/solutions-footer/managed-merchant-services','GB','138.124.141.130','Chrome','Windows 10','Desktop','1918','1038',347);

--
-- Table structure for table `josuk_redirect_links`
--

CREATE TABLE `josuk_redirect_links` (
  `id` int(10) unsigned NOT NULL AUTO_INCREMENT,
  `old_url` varchar(2048) NOT NULL,
  `new_url` varchar(2048) DEFAULT NULL,
  `referer` varchar(2048) NOT NULL,
  `comment` varchar(255) NOT NULL DEFAULT '',
  `hits` int(10) unsigned NOT NULL DEFAULT 0,
  `published` tinyint(4) NOT NULL,
  `created_date` datetime NOT NULL,
  `modified_date` datetime NOT NULL,
  `header` smallint(6) NOT NULL DEFAULT 301,
  PRIMARY KEY (`id`),
  KEY `idx_old_url` (`old_url`(100)),
  KEY `idx_link_modified` (`modified_date`)
) ENGINE=InnoDB DEFAULT CHARSET=utf8mb4 COLLATE=utf8mb4_unicode_ci;

--
-- Dumping data for table `josuk_redirect_links`
--


--
-- Table structure for table `josuk_rsform_calculations`
--

CREATE TABLE `josuk_rsform_calculations` (
  `id` int(11) NOT NULL AUTO_INCREMENT,
  `formId` int(11) NOT NULL,
  `total` varchar(255) NOT NULL,
  `expression` text NOT NULL,
  `ordering` int(11) NOT NULL,
  PRIMARY KEY (`id`),
  KEY `formId` (`formId`),
  KEY `ordering` (`ordering`),
  KEY `formId_2` (`formId`,`ordering`)
) ENGINE=InnoDB DEFAULT CHARSET=utf8mb3 COLLATE=utf8mb3_general_ci;

--
-- Dumping data for table `josuk_rsform_calculations`
--


--
-- Table structure for table `josuk_rsform_component_type_fields`
--

CREATE TABLE `josuk_rsform_component_type_fields` (
  `ComponentTypeId` int(11) NOT NULL DEFAULT 0,
  `FieldName` text NOT NULL,
  `FieldType` varchar(32) NOT NULL DEFAULT 'hidden',
  `FieldValues` text NOT NULL,
  `Properties` text NOT NULL,
  `Ordering` int(11) NOT NULL DEFAULT 0,
  KEY `ComponentTypeId` (`ComponentTypeId`)
) ENGINE=InnoDB DEFAULT CHARSET=utf8mb4 COLLATE=utf8mb4_unicode_ci;

--
-- Dumping data for table `josuk_rsform_component_type_fields`
--

INSERT INTO `josuk_rsform_component_type_fields` VALUES (600,'NAME','textbox','','',1),(600,'CAPTION','textbox','','',2),(600,'ITEMS','hiddenparam','0\r\n1','',11),(600,'SWITCHSTATE','select','ON\r\nOFF','',4),(600,'OFFVALUE','textbox','0','',4),(600,'ONVALUE','textbox','1','',5),(600,'ONPRICE','textbox','1','',6),(600,'ADDITIONALATTRIBUTES','textarea','','',6),(600,'DESCRIPTION','textarea','','',7),(600,'COMPONENTTYPE','hidden','600','',8),(600,'REQUIRED','select','NO\r\nYES','',9),(600,'VALIDATIONMESSAGE','textarea','INVALIDINPUT','',10),(602,'NAME','textbox','','',1),(602,'CAPTION','textbox','','',2),(602,'NUMBERSTARS','textbox','5','numeric',3),(602,'RATINGTYPE','select','singlecolor\r\nmulticolor','{\"case\":{\"singlecolor\":{\"show\":[\"FILLCOLOR\"],\"hide\":[\"STARTCOLOR\", \"ENDCOLOR\"]},\"multicolor\":{\"show\":[\"STARTCOLOR\", \"ENDCOLOR\"],\"hide\":[\"FILLCOLOR\"]}}}',4),(602,'BASECOLOR','color','#808080','',5),(602,'FILLCOLOR','color','#F39C12','',6),(602,'STARTCOLOR','color','#F39C12','',7),(602,'ENDCOLOR','color','#FF0000','',8),(602,'HALFSTAR','select','NO\r\nYES','',9),(602,'ADDITIONALATTRIBUTES','textarea','','',9),(602,'DESCRIPTION','textarea','','',10),(602,'COMPONENTTYPE','hidden','602','',11),(602,'REQUIRED','select','NO\r\nYES','',12),(602,'VALIDATIONMESSAGE','textarea','INVALIDINPUT','',13),(603,'NAME','textbox','','',1),(603,'CAPTION','textbox','','',2),(603,'REQUIRED','select','NO\r\nYES','',3),(603,'COLS','textbox','50','numeric',4),(603,'ROWS','textbox','5','numeric',5),(603,'MAXWIDTH','textbox','0','numeric',6),(603,'MAXHEIGHT','textbox','0','numeric',7),(603,'VALIDATIONRULE','select','//<code>\r\nreturn RSFormProHelper::getValidationRules();\r\n//</code>','',6),(603,'VALIDATIONMULTIPLE','selectmultiple','//<code>\r\nreturn RSFormProHelper::getValidationRules(false, true);\r\n//</code>','',6),(603,'VALIDATIONMESSAGE','textarea','INVALIDINPUT','',7),(603,'ADDITIONALATTRIBUTES','textarea','','',8),(603,'DEFAULTVALUE','textarea','','',9),(603,'DESCRIPTION','textarea','','',10),(603,'COMPONENTTYPE','hidden','603','',10),(603,'PLACEHOLDER','textbox','','',10),(603,'VALIDATIONEXTRA','textbox','','',6),(604,'NAME','textbox','','',1),(604,'CAPTION','textbox','','',2),(604,'REQUIRED','select','NO\r\nYES','',3),(604,'ADDITIONALATTRIBUTES','textarea','','',4),(604,'COMPONENTTYPE','hidden','604','',5),(604,'DEFAULTVALUE','textarea','#FFFFFF','',6),(604,'SHOWCOLORINPUT','select','NO\r\nYES','',9),(604,'DESCRIPTION','textarea','','',7),(604,'VALIDATIONMESSAGE','textarea','INVALIDINPUT','',8),(605,'NAME','textbox','','',1),(605,'CAPTION','textbox','','',2),(605,'RSFPA_THEME','select','legacy\r\nstandard\r\nbootstrap2\r\nbootstrap3\r\nbootstrap4\r\nbootstrap5','',3),(605,'MULTIPLE','select','NO\r\nYES','{\"case\":{\"YES\":{\"show\":[\"NUMBERITEMS\"],\"hide\":[]},\"NO\":{\"show\":[],\"hide\":[\"NUMBERITEMS\"]}}}',4),(605,'NUMBERITEMS','textbox','3','numeric',5),(605,'ITEMS','textarea','','',6),(605,'PLACEHOLDER','textbox','','',8),(605,'REQUIRED','select','NO\r\nYES','',7),(605,'ADDITIONALATTRIBUTES','textarea','','',8),(605,'DESCRIPTION','textarea','','',9),(605,'COMPONENTTYPE','hidden','605','',10),(605,'VALIDATIONMESSAGE','textarea','INVALIDINPUT','',11),(606,'NAME','textbox','','',1),(606,'CAPTION','textbox','','',2),(606,'ITEMS','textarea','','',3),(606,'FLOW','select','HORIZONTAL\r\nVERTICAL\r\nVERTICAL2COLUMNS\r\nVERTICAL3COlUMNS\r\nVERTICAL4COLUMNS\r\nVERTICAL6COLUMNS','',4),(606,'MAXSELECTIONS','textbox','0','',5),(606,'MINSELECTIONS','textbox','0','',6),(606,'REQUIRED','select','NO\r\nYES','{\"case\":{\"YES\":{\"show\":[\"VALIDATIONMESSAGE\"],\"hide\":[]},\"NO\":{\"show\":[],\"hide\":[\"VALIDATIONMESSAGE\"]}}}',5),(606,'ADDITIONALATTRIBUTES','textarea','','',6),(606,'DESCRIPTION','textarea','','',7),(606,'COMPONENTTYPE','hidden','606','',8),(606,'VALIDATIONMESSAGE','textarea','INVALIDINPUT','',9),(607,'NAME','textbox','','',1),(607,'CAPTION','textbox','','',2),(607,'ITEMS','textarea','','',3),(607,'FLOW','select','HORIZONTAL\r\nVERTICAL\r\nVERTICAL2COLUMNS\r\nVERTICAL3COlUMNS\r\nVERTICAL4COLUMNS\r\nVERTICAL6COLUMNS','',4),(607,'REQUIRED','select','NO\r\nYES','{\"case\":{\"YES\":{\"show\":[\"VALIDATIONMESSAGE\"],\"hide\":[]},\"NO\":{\"show\":[],\"hide\":[\"VALIDATIONMESSAGE\"]}}}',5),(607,'ADDITIONALATTRIBUTES','textarea','','',6),(607,'DESCRIPTION','textarea','','',6),(607,'COMPONENTTYPE','hidden','607','',7),(607,'VALIDATIONMESSAGE','textarea','INVALIDINPUT','',8),(608,'NAME','textbox','','',1),(608,'CAPTION','textbox','','',2),(608,'INIT_ANIMATION','select','fadein\r\nbounce\r\ndropdown','',3),(608,'DATE_FORMAT','textbox','m-d-Y','',4),(608,'DEFAULTVALUE','textarea','','',5),(608,'FORCE_DATE','select','disabled\r\nfrom\r\nto','',6),(608,'MINYEAR','textbox','1970','numeric',7),(608,'MAXYEAR','textbox','','numeric',8),(608,'YEARSRANGE','textbox','10','numeric',9),(608,'DROPPRIMARYCOLOR','color','#01CEFF','',10),(608,'DROPTEXTCOLOR','color','#333333','',11),(608,'DROPBACKGROUNDCOLOR','color','#FFFFFF','',12),(608,'DROPBORDER','textbox','1px solid #08C','',13),(608,'DROPBORDERRADIUS','textbox','8','numeric',14),(608,'DROPSHADOW','textbox','0 0 10px 0 rgba(0, 136, 204, 0.45)','',15),(608,'DROPWIDTH','textbox','124','numeric',16),(608,'ADDITIONALATTRIBUTES','textarea','','',17),(608,'DESCRIPTION','textarea','','',18),(608,'COMPONENTTYPE','hidden','608','',19),(608,'REQUIRED','select','NO\r\nYES','',20),(608,'VALIDATIONMESSAGE','textarea','INVALIDINPUT','',21),(609,'NAME','textbox','','',1),(609,'CAPTION','textbox','','',2),(609,'MERIDIANS','select','NO\r\nYES','',4),(609,'TIME_FORMAT','textbox','hh:mm A','',5),(609,'TIME_INIT_ANIMATION','select','fadein\r\nbounce\r\ndropdown','',7),(609,'SETCURRENTTIME','select','NO\r\nYES','',8),(609,'PRIMARYCOLOR','color','#1977CC','',9),(609,'TEXTCOLOR','color','#555555','',10),(609,'BACKGROUNDCOLOR','color','#FFFFFF','',11),(609,'BORDERCOLOR','color','#1977CC','',12),(609,'ADDITIONALATTRIBUTES','textarea','','',13),(609,'DEFAULTVALUE','textarea','','',14),(609,'COMPONENTTYPE','hidden','609','',15),(609,'REQUIRED','select','NO\r\nYES','',16),(609,'DESCRIPTION','textarea','','',17),(609,'VALIDATIONMESSAGE','textarea','INVALIDINPUT','',18),(610,'NAME','textbox','','',1),(610,'CAPTION','textbox','','',2),(610,'DEFAULTVALUE','textarea','','',3),(610,'DESCRIPTION','textarea','','',4),(610,'REQUIRED','select','NO\r\nYES','',5),(610,'VALIDATIONCALENDAR','select','//<code>\r\nreturn RSFormProHelper::getOtherCalendars(610);\r\n//</code>','{\"case\":{\"\":{\"show\":[],\"hide\":[\"VALIDATIONCALENDAROFFSET\"]}},\"indexcase\":{\"min\":{\"show\":[\"VALIDATIONCALENDAROFFSET\"],\"hide\":[]},\"max\":{\"show\":[\"VALIDATIONCALENDAROFFSET\"],\"hide\":[]}}}',6),(610,'VALIDATIONCALENDAROFFSET','textbox','1','numeric',7),(610,'VALIDATIONDATE','select','YES\r\nNO','',8),(610,'VALIDATIONMESSAGE','textarea','INVALIDINPUT','',9),(610,'DATE_FORMAT_PICKER','textbox','m/d/Y','',10),(610,'MINDATE','textarea','','',11),(610,'MAXDATE','textarea','','',12),(610,'SELECTYEARS','select','NO\r\nYES','',13),(610,'SELECTMONTHS','select','NO\r\nYES','',14),(610,'FIRSTDAYOFWEEK','select','day0\r\nday1','',15),(610,'WEEKDAYFORMAT','select','FULL\r\nSHORT','',16),(610,'MONTHSFORMAT','select','FULL\r\nSHORT','',17),(610,'READONLY','select','NO\r\nYES','',18),(610,'DISABLEALL','select','NO\r\nYES','{\"case\":{\"YES\":{\"show\":[],\"hide\":[\"DAYSOFWEEKDISABLED\"]},\"NO\":{\"show\":[\"DAYSOFWEEKDISABLED\"],\"hide\":[]}}}',19),(610,'DAYSOFWEEKDISABLED','textbox','','',20),(610,'DISABLEEXCEPTIONS','textarea','','',21),(610,'ADDITIONALATTRIBUTES','textarea','','',22),(610,'COMPONENTTYPE','hidden','610','',23),(1,'NAME','textbox','','',1),(1,'CAPTION','textbox','','',2),(1,'REQUIRED','select','NO\r\nYES','',3),(1,'SIZE','textbox','20','numeric',4),(1,'MAXSIZE','textbox','','numeric',5),(1,'VALIDATIONRULE','select','//<code>\r\nreturn RSFormProHelper::getValidationRules();\r\n//</code>','',6),(1,'VALIDATIONMULTIPLE','selectmultiple','//<code>\r\nreturn RSFormProHelper::getValidationRules(false, true);\r\n//</code>','',7),(1,'VALIDATIONMESSAGE','textarea','INVALIDINPUT','',8),(1,'ADDITIONALATTRIBUTES','textarea','','',8),(1,'DEFAULTVALUE','textarea','','',9),(1,'PLACEHOLDER','textbox','','',10),(1,'DESCRIPTION','textarea','','',11),(1,'INPUTTYPE','select','text\r\nemail\r\ntel\r\nnumber\r\nrange\r\nurl','{\"case\":{\"number\":{\"show\":[\"ATTRMIN\",\"ATTRMAX\",\"ATTRSTEP\"],\"hide\":[\"MAXSIZE\"]},\"range\":{\"show\":[\"ATTRMIN\",\"ATTRMAX\",\"ATTRSTEP\"],\"hide\":[\"MAXSIZE\"]},\"text\":{\"show\":[\"MAXSIZE\"],\"hide\":[\"ATTRMIN\",\"ATTRMAX\",\"ATTRSTEP\"]},\"email\":{\"show\":[\"MAXSIZE\"],\"hide\":[\"ATTRMIN\",\"ATTRMAX\",\"ATTRSTEP\"]},\"tel\":{\"show\":[\"MAXSIZE\"],\"hide\":[\"ATTRMIN\",\"ATTRMAX\",\"ATTRSTEP\"]},\"url\":{\"show\":[\"MAXSIZE\"],\"hide\":[\"ATTRMIN\",\"ATTRMAX\",\"ATTRSTEP\"]}}}',0),(1,'ATTRMIN','textbox','','float',1),(1,'ATTRMAX','textbox','','float',2),(1,'ATTRSTEP','textbox','1','float',2),(1,'COMPONENTTYPE','hidden','1','',15),(1,'VALIDATIONEXTRA','textbox','','',8),(2,'NAME','textbox','','',1),(2,'CAPTION','textbox','','',2),(2,'REQUIRED','select','NO\r\nYES','',3),(2,'COLS','textbox','50','textareasize',4),(2,'ROWS','textbox','5','textareasize',5),(2,'VALIDATIONRULE','select','//<code>\r\nreturn RSFormProHelper::getValidationRules();\r\n//</code>','',6),(2,'VALIDATIONMULTIPLE','selectmultiple','//<code>\r\nreturn RSFormProHelper::getValidationRules(false, true);\r\n//</code>','',7),(2,'VALIDATIONMESSAGE','textarea','INVALIDINPUT','',100),(2,'ADDITIONALATTRIBUTES','textarea','','',8),(2,'DEFAULTVALUE','textarea','','',9),(2,'DESCRIPTION','textarea','','',10),(2,'COMPONENTTYPE','hidden','2','',10),(2,'PLACEHOLDER','textbox','','',10),(2,'WYSIWYG','select','NO\r\nYES','{\"case\":{\"YES\":{\"show\":[\"WYSIWYGBUTTONS\"],\"hide\":[\"MAXSIZE\",\"SHOW_CHAR_COUNT\"]},\"NO\":{\"show\":[\"MAXSIZE\",\"SHOW_CHAR_COUNT\"],\"hide\":[\"WYSIWYGBUTTONS\"]}}}',11),(2,'WYSIWYGBUTTONS','select','NO\r\nYES','',12),(2,'MAXSIZE','textbox','','numeric',13),(2,'SHOW_CHAR_COUNT','select','NO\r\nYES','',14),(2,'VALIDATIONEXTRA','textbox','','',8),(3,'NAME','textbox','','',1),(3,'CAPTION','textbox','','',2),(3,'SIZE','textbox','','numeric',3),(3,'MULTIPLE','select','NO\r\nYES','',4),(3,'ITEMS','textarea','','',5),(3,'REQUIRED','select','NO\r\nYES','{\"case\":{\"YES\":{\"show\":[\"VALIDATIONMESSAGE\"],\"hide\":[]},\"NO\":{\"show\":[],\"hide\":[\"VALIDATIONMESSAGE\"]}}}',6),(3,'ADDITIONALATTRIBUTES','textarea','','',7),(3,'DESCRIPTION','textarea','','',8),(3,'COMPONENTTYPE','hidden','3','',10),(3,'VALIDATIONMESSAGE','textarea','INVALIDINPUT','',100),(4,'NAME','textbox','','',1),(4,'CAPTION','textbox','','',2),(4,'ITEMS','textarea','','',3),(4,'FLOW','select','HORIZONTAL\r\nVERTICAL\r\nVERTICAL2COLUMNS\r\nVERTICAL3COlUMNS\r\nVERTICAL4COLUMNS\r\nVERTICAL6COLUMNS','',4),(4,'MAXSELECTIONS','textbox','0','',5),(4,'MINSELECTIONS','textbox','0','',6),(4,'REQUIRED','select','NO\r\nYES','{\"case\":{\"YES\":{\"show\":[\"VALIDATIONMESSAGE\"],\"hide\":[]},\"NO\":{\"show\":[],\"hide\":[\"VALIDATIONMESSAGE\"]}}}',5),(4,'ADDITIONALATTRIBUTES','textarea','','',6),(4,'DESCRIPTION','textarea','','',6),(4,'COMPONENTTYPE','hidden','4','',7),(4,'VALIDATIONMESSAGE','textarea','INVALIDINPUT','',100),(5,'NAME','textbox','','',1),(5,'CAPTION','textbox','','',2),(5,'ITEMS','textarea','','',3),(5,'FLOW','select','HORIZONTAL\r\nVERTICAL\r\nVERTICAL2COLUMNS\r\nVERTICAL3COlUMNS\r\nVERTICAL4COLUMNS\r\nVERTICAL6COLUMNS','',4),(5,'REQUIRED','select','NO\r\nYES','{\"case\":{\"YES\":{\"show\":[\"VALIDATIONMESSAGE\"],\"hide\":[]},\"NO\":{\"show\":[],\"hide\":[\"VALIDATIONMESSAGE\"]}}}',5),(5,'ADDITIONALATTRIBUTES','textarea','','',6),(5,'DESCRIPTION','textarea','','',6),(5,'COMPONENTTYPE','hidden','5','',7),(5,'VALIDATIONMESSAGE','textarea','INVALIDINPUT','',100),(6,'NAME','textbox','','',1),(6,'CAPTION','textbox','','',2),(6,'DEFAULTVALUE','textarea','','',3),(6,'REQUIRED','select','NO\r\nYES','',4),(6,'VALIDATIONCALENDAR','select','//<code>\r\nreturn RSFormProHelper::getOtherCalendars(6);\r\n//</code>','{\"case\":{\"\":{\"show\":[],\"hide\":[\"VALIDATIONCALENDAROFFSET\"]}},\"indexcase\":{\"min\":{\"show\":[\"VALIDATIONCALENDAROFFSET\"],\"hide\":[]},\"max\":{\"show\":[\"VALIDATIONCALENDAROFFSET\"],\"hide\":[]}}}',4),(6,'VALIDATIONCALENDAROFFSET','textbox','1','numeric',5),(6,'VALIDATIONDATE','select','YES\r\nNO','',8),(6,'DATEFORMAT','textbox','d-m-Y','',4),(6,'CALENDARLAYOUT','select','FLAT\r\nPOPUP','{\"case\":{\"POPUP\":{\"show\":[\"READONLY\", \"POPUPLABEL\", \"ALLOWHTML\",\"PLACEHOLDER\"],\"hide\":[]},\"FLAT\":{\"show\":[],\"hide\":[\"READONLY\", \"POPUPLABEL\", \"ALLOWHTML\",\"PLACEHOLDER\"]}}}',5),(6,'ADDITIONALATTRIBUTES','textarea','','',6),(6,'DESCRIPTION','textarea','','',7),(6,'COMPONENTTYPE','hidden','6','',8),(6,'VALIDATIONMESSAGE','textarea','INVALIDINPUT','',100),(6,'READONLY','select','NO\r\nYES','',6),(6,'POPUPLABEL','textbox','...','',7),(6,'ALLOWHTML','select','NO\nYES','',8),(6,'PLACEHOLDER','textbox','','',9),(6,'MINDATE','textarea','','',5),(6,'MAXDATE','textarea','','',5),(7,'NAME','textbox','','',1),(7,'CAPTION','textbox','','',3),(7,'LABEL','textbox','','',2),(7,'RESET','select','NO\r\nYES','{\"case\":{\"YES\":{\"show\":[\"RESETLABEL\"],\"hide\":[]},\"NO\":{\"show\":[],\"hide\":[\"RESETLABEL\"]}}}',4),(7,'RESETLABEL','textbox','','',5),(7,'ADDITIONALATTRIBUTES','textarea','','',6),(7,'DESCRIPTION','textarea','','',7),(7,'COMPONENTTYPE','hidden','7','',8),(7,'ALLOWHTML','select','NO\nYES','',7),(8,'NAME','textbox','','',1),(8,'CAPTION','textbox','','',2),(8,'LENGTH','textbox','4','',3),(8,'BACKGROUNDCOLOR','textbox','#FFFFFF','',4),(8,'TEXTCOLOR','textbox','#000000','',5),(8,'TYPE','select','ALPHA\r\nNUMERIC\r\nALPHANUMERIC','',6),(8,'ADDITIONALATTRIBUTES','textarea','','',7),(8,'DESCRIPTION','textarea','','',9),(8,'COMPONENTTYPE','hidden','8','',9),(8,'VALIDATIONMESSAGE','textarea','INVALIDINPUT','',100),(8,'FLOW','select','VERTICAL\r\nHORIZONTAL','',7),(8,'SHOWREFRESH','select','NO\r\nYES','{\"case\":{\"YES\":{\"show\":[\"REFRESHTEXT\"],\"hide\":[]},\"NO\":{\"show\":[],\"hide\":[\"REFRESHTEXT\"]}}}',8),(8,'REFRESHTEXT','textbox','REFRESH','',11),(8,'SIZE','textbox','15','numeric',12),(8,'IMAGETYPE','select','FREETYPE\r\nNOFREETYPE\r\nINVISIBLE','{\"case\":{\"FREETYPE\":{\"show\":[\"BACKGROUNDCOLOR\",\"TEXTCOLOR\",\"TYPE\",\"FLOW\",\"LENGTH\",\"SHOWREFRESH\",\"REFRESHTEXT\",\"SIZE\"],\"hide\":[]},\"NOFREETYPE\":{\"show\":[\"BACKGROUNDCOLOR\",\"TEXTCOLOR\",\"TYPE\",\"FLOW\",\"LENGTH\",\"SHOWREFRESH\",\"REFRESHTEXT\",\"SIZE\"],\"hide\":[]},\"INVISIBLE\":{\"show\":[],\"hide\":[\"BACKGROUNDCOLOR\",\"TEXTCOLOR\",\"TYPE\",\"FLOW\",\"LENGTH\",\"SHOWREFRESH\",\"REFRESHTEXT\",\"SIZE\"]}}}',3),(9,'NAME','textbox','','',1),(9,'CAPTION','textbox','','',2),(9,'REQUIRED','select','NO\r\nYES','',3),(9,'FILESIZE','textbox','','numeric',0),(9,'DESTINATION','textbox','//<code>\r\nreturn \'components/com_rsform/uploads/\';\r\n//</code>','',1),(9,'MULTIPLE','select','NO\r\nYES','{\"case\":{\"YES\":{\"show\":[\"FILESSEPARATOR\",\"MINFILES\",\"MAXFILES\",\"MULTIPLEPLUS\"],\"hide\":[]},\"NO\":{\"show\":[],\"hide\":[\"FILESSEPARATOR\",\"MINFILES\",\"MAXFILES\",\"MULTIPLEPLUS\"]}}}',2),(9,'MULTIPLEPLUS','select','NO\r\nYES','',3),(9,'MINFILES','textbox','1','numeric',4),(9,'MAXFILES','textbox','0','numeric',5),(9,'FILESSEPARATOR','textbox','<br />','',6),(9,'ACCEPTEDFILES','textarea','','oneperline',7),(9,'ACCEPTEDFILESIMAGES','select','NO\r\nYES','{\"case\":{\"YES\":{\"show\":[\"THUMBSIZE\",\"THUMBQUALITY\",\"SHOWIMAGEPREVIEW\",\"THUMBEXTENSION\"],\"hide\":[\"ACCEPTEDFILES\"]},\"NO\":{\"show\":[\"ACCEPTEDFILES\"],\"hide\":[\"THUMBSIZE\",\"THUMBQUALITY\",\"SHOWIMAGEPREVIEW\",\"THUMBEXTENSION\"]}}}',7),(9,'SHOWIMAGEPREVIEW','select','NO\r\nYES','',8),(9,'THUMBSIZE','textbox','220','numeric',9),(9,'THUMBQUALITY','textbox','75','numeric',10),(9,'THUMBEXTENSION','select','jpg\r\npng\r\nwebp','',11),(9,'SANITIZEFILENAME','select','NO\r\nYES','',101),(9,'ADDITIONALATTRIBUTES','textarea','','',7),(9,'DESCRIPTION','textarea','','',8),(9,'COMPONENTTYPE','hidden','9','',9),(9,'VALIDATIONMESSAGE','textarea','INVALIDINPUT','',100),(9,'PREFIX','textarea','','',102),(9,'EMAILATTACH','selectmultiple','//<code>\r\nreturn RSFormProHelper::getEmailAttachOptions();\r\n//</code>','',103),(10,'NAME','textbox','','',1),(10,'TEXT','textarea','','',1),(10,'COMPONENTTYPE','hidden','10','',9),(11,'NAME','textbox','','',1),(11,'DEFAULTVALUE','textarea','','',2),(11,'ADDITIONALATTRIBUTES','textarea','','',1),(11,'COMPONENTTYPE','hidden','11','',9),(13,'NAME','textbox','','',1),(13,'CAPTION','textbox','','',3),(13,'LABEL','textbox','','',2),(13,'RESET','select','NO\r\nYES','{\"case\":{\"YES\":{\"show\":[\"RESETLABEL\"],\"hide\":[]},\"NO\":{\"show\":[],\"hide\":[\"RESETLABEL\"]}}}',6),(13,'RESETLABEL','textbox','','',7),(13,'ADDITIONALATTRIBUTES','textarea','','',9),(13,'COMPONENTTYPE','hidden','13','',12),(13,'ALLOWHTML','select','NO\nYES','',12),(13,'PREVBUTTON','textbox','< Prev','',8),(13,'DISPLAYPROGRESS','select','NO\r\nAUTO\r\nYES','{\"case\":{\"YES\":{\"show\":[\"DISPLAYPROGRESSMSG\"],\"hide\":[]},\"NO\":{\"show\":[],\"hide\":[\"DISPLAYPROGRESSMSG\"]}, \"AUTO\":{\"show\":[],\"hide\":[\"DISPLAYPROGRESSMSG\"]}}}',9),(13,'DISPLAYPROGRESSMSG','textarea','<div>\r\n <p><em>Page <strong>{page}</strong> of {total}</em></p>\r\n <div class=\"rsformProgressContainer\">\r\n  <div class=\"rsformProgressBar\" style=\"width: {percent}%;\"></div>\r\n </div>\r\n</div>','',10),(14,'NAME','textbox','','',1),(14,'CAPTION','textbox','','',2),(14,'REQUIRED','select','NO\r\nYES','',3),(14,'SIZE','textbox','','numeric',4),(14,'MAXSIZE','textbox','','numeric',5),(14,'DEFAULTVALUE','textarea','','',6),(14,'ADDITIONALATTRIBUTES','textarea','','',7),(14,'COMPONENTTYPE','hidden','14','',8),(14,'DESCRIPTION','textarea','','',100),(14,'VALIDATIONMESSAGE','textarea','INVALIDINPUT','',100),(14,'VALIDATIONRULE','select','//<code>\r\nreturn RSFormProHelper::getValidationRules();\r\n//</code>','',9),(14,'VALIDATIONMULTIPLE','selectmultiple','//<code>\r\nreturn RSFormProHelper::getValidationRules(false, true);\r\n//</code>','',10),(14,'PLACEHOLDER','textbox','','',10),(14,'VALIDATIONEXTRA','textbox','','',11),(15,'NAME','textbox','','',1),(15,'LENGTH','textbox','8','',4),(15,'ADDITIONALATTRIBUTES','textarea','','',7),(15,'COMPONENTTYPE','hidden','15','',8),(15,'CHARACTERS','select','ALPHANUMERIC\r\nALPHA\r\nNUMERIC','',3),(15,'TICKETTYPE','select','RANDOM\r\nSEQUENTIAL','{\"case\":{\"RANDOM\":{\"show\":[\"CHARACTERS\", \"LENGTH\"],\"hide\":[\"LEADINGZEROLENGTH\"]},\"SEQUENTIAL\":{\"show\":[\"LEADINGZEROLENGTH\"],\"hide\":[\"CHARACTERS\", \"LENGTH\"]}}}',2),(15,'LEADINGZEROLENGTH','select','0\r\n1\r\n2\r\n3\r\n4\r\n5\r\n6\r\n7\r\n8\r\n9\r\n10','',5),(41,'NAME','textbox','','',1),(41,'COMPONENTTYPE','hidden','41','',5),(41,'NEXTBUTTON','textbox','Next >','',2),(41,'PREVBUTTON','textbox','< Prev','',3),(41,'ADDITIONALATTRIBUTES','textarea','','',4),(41,'VALIDATENEXTPAGE','select','NO\r\nYES','',5),(41,'DISPLAYPROGRESS','select','NO\r\nAUTO\r\nYES','{\"case\":{\"YES\":{\"show\":[\"DISPLAYPROGRESSMSG\"],\"hide\":[]},\"NO\":{\"show\":[],\"hide\":[\"DISPLAYPROGRESSMSG\"]}, \"AUTO\":{\"show\":[],\"hide\":[\"DISPLAYPROGRESSMSG\"]}}}',6),(41,'DISPLAYPROGRESSMSG','textarea','<div>\r\n <p><em>Page <strong>{page}</strong> of {total}</em></p>\r\n <div class=\"rsformProgressContainer\">\r\n  <div class=\"rsformProgressBar\" style=\"width: {percent}%;\"></div>\r\n </div>\r\n</div>','',7),(41,'ALLOWHTML','select','NO\nYES','',9),(211,'VALIDATION_ALLOW_INCORRECT_DATE','select','NO\r\nYES','',0),(211,'NAME','textbox','','',1),(211,'VALIDATIONRULE_DATE','select','//<code>\r\nreturn RSFormProHelper::getDateValidationRules();\r\n//</code>','',1),(211,'CAPTION','textbox','','',2),(211,'DESCRIPTION','textarea','','',3),(211,'REQUIRED','select','NO\r\nYES','',4),(211,'VALIDATIONMESSAGE','textarea','INVALIDINPUT','',5),(211,'DATEORDERING','select','DMY\r\nMDY\r\nYMD\r\nYDM\r\nMYD\r\nDYM','',6),(211,'DATESEPARATOR','textbox',' / ','',7),(211,'SHOWDAY','select','YES\r\nNO','{\"case\":{\"YES\":{\"show\":[\"SHOWDAYPLEASE\" ,\"SHOWDAYTYPE\"],\"hide\":[]},\"NO\":{\"show\":[],\"hide\":[\"SHOWDAYPLEASE\" ,\"SHOWDAYTYPE\"]}}}',8),(211,'SHOWDAYPLEASE','textbox','Day','',9),(211,'SHOWDAYTYPE','select','DAY_TYPE_01\r\nDAY_TYPE_1','',10),(211,'SHOWMONTH','select','YES\r\nNO','{\"case\":{\"YES\":{\"show\":[\"SHOWMONTHPLEASE\" ,\"SHOWMONTHTYPE\"],\"hide\":[]},\"NO\":{\"show\":[],\"hide\":[\"SHOWMONTHPLEASE\" ,\"SHOWMONTHTYPE\"]}}}',11),(211,'SHOWMONTHPLEASE','textbox','Month','',12),(211,'SHOWMONTHTYPE','select','MONTH_TYPE_01\r\nMONTH_TYPE_1\r\nMONTH_TYPE_TEXT_SHORT\r\nMONTH_TYPE_TEXT_LONG','',13),(211,'SHOWYEAR','select','YES\r\nNO','{\"case\":{\"YES\":{\"show\":[\"SHOWYEARPLEASE\" ,\"STARTYEAR\", \"ENDYEAR\"],\"hide\":[]},\"NO\":{\"show\":[],\"hide\":[\"SHOWYEARPLEASE\" ,\"STARTYEAR\", \"ENDYEAR\"]}}}',14),(211,'SHOWYEARPLEASE','textbox','Year','',15),(211,'STARTYEAR','textbox','1960','',16),(211,'ENDYEAR','textbox','0','',17),(211,'STORELEADINGZERO','select','NO\r\nYES','',18),(211,'ADDITIONALATTRIBUTES','textarea','','',18),(211,'COMPONENTTYPE','hidden','211','',19),(212,'NAME','textbox','','',0),(212,'CAPTION','textbox','','',1),(212,'DESCRIPTION','textarea','','',3),(212,'REQUIRED','select','NO\r\nYES','{\"case\":{\"YES\":{\"show\":[\"VALIDATIONMESSAGE\"],\"hide\":[]},\"NO\":{\"show\":[],\"hide\":[\"VALIDATIONMESSAGE\"]}}}',4),(212,'VALIDATIONMESSAGE','textarea','INVALIDINPUT','',5),(212,'DEFAULTVALUE','textarea','','',2),(212,'ADDITIONALATTRIBUTES','textarea','','',6),(212,'MAPWIDTH','textbox','450px','',7),(212,'MAPHEIGHT','textbox','300px','',8),(212,'REQUESTLOCATION','select','NO\r\nYES','',9),(212,'MAPCENTER','textbox','39.5500507,-105.7820674','',9),(212,'COMPONENTTYPE','hidden','212','',12),(212,'SIZE','textbox','20','numeric',13),(212,'MAPZOOM','textbox','10','numeric',10),(212,'MAPRESULT','select','ADDRESS\r\nCOORDINATES','',12),(212,'MAPTYPE','select','ROADMAP\r\nSATELLITE\r\nHYBRID\r\nTERRAIN','',13),(212,'GEOLOCATION','select','NO\r\nYES','',11),(411,'NAME','textbox','','',1),(411,'CAPTION','textbox','','',2),(411,'DEFAULTVALUE','textarea','','',3),(411,'DESCRIPTION','textarea','','',4),(411,'REQUIRED','select','NO\r\nYES','',5),(411,'VALIDATIONRULE','select','//<code>\r\nreturn RSFormProHelper::getValidationRules(false, array(\'alpha\',\'numeric\',\'alphanumeric\',\'alphaaccented\',\'alphanumericaccented\',\'email\',\'emaildns\',\'uszipcode\',\'phonenumber\',\'creditcard\',\'custom\',\'password\',\'ipaddress\',\'validurl\',\'multiplerules\',\'iban\',\'minlength\',\'maxlength\'));\r\n//</code>','',6),(411,'VALIDATIONMULTIPLE','selectmultiple','//<code>\r\nreturn RSFormProHelper::getValidationRules(false, true);\r\n//</code>','',7),(411,'VALIDATIONCALENDAR','select','//<code>\nreturn RSFormProHelper::getOtherCalendars(411);\n//</code>','{\"case\":{\"\":{\"show\":[],\"hide\":[\"VALIDATIONCALENDAROFFSET\"]}},\"indexcase\":{\"min\":{\"show\":[\"VALIDATIONCALENDAROFFSET\"],\"hide\":[]},\"max\":{\"show\":[\"VALIDATIONCALENDAROFFSET\"],\"hide\":[]}}}',8),(411,'VALIDATIONCALENDAROFFSET','textbox','1','numeric',9),(411,'VALIDATIONMESSAGE','textarea','INVALIDINPUT','',10),(411,'VALIDATIONDATE','select','YES\r\nNO','',11),(411,'VALIDATIONEXTRA','textbox','','',8),(411,'DATEFORMAT','textbox','d-m-Y H:i','',8),(411,'MINDATEJQ','textarea','','',9),(411,'MAXDATEJQ','textarea','','',10),(411,'ALLOWDATERE','textbox','','',11),(411,'ALLOWDATES','textarea','','',12),(411,'DISABLEDDATES','textarea','','',13),(411,'DISABLEDWEEKDAYS','textarea','','',14),(411,'TIMEPICKER','select','YES\r\nNO','{\"case\":{\"YES\":{\"show\":[\"TIMEPICKERFORMAT\", \"TIMESTEP\",\"MINTIMEJQ\", \"MAXTIMEJQ\"],\"hide\":[]},\"NO\":{\"show\":[],\"hide\":[\"TIMEPICKERFORMAT\", \"TIMESTEP\",\"MINTIMEJQ\", \"MAXTIMEJQ\"]}}}',15),(411,'TIMEPICKERFORMAT','textbox','H:i','',16),(411,'TIMESTEP','textbox','30','',17),(411,'MINTIMEJQ','textarea','','',18),(411,'MAXTIMEJQ','textarea','','',19),(411,'ADDITIONALATTRIBUTES','textarea','','',20),(411,'CALENDARLAYOUT','select','FLAT\r\nPOPUP','{\"case\":{\"POPUP\":{\"show\":[\"READONLY\", \"POPUPLABEL\", \"ALLOWHTML\",\"PLACEHOLDER\"],\"hide\":[]},\"FLAT\":{\"show\":[],\"hide\":[\"READONLY\", \"POPUPLABEL\", \"ALLOWHTML\",\"PLACEHOLDER\"]}}}',21),(411,'READONLY','select','NO\r\nYES','',22),(411,'POPUPLABEL','textbox','...','',23),(411,'ALLOWHTML','select','NO\nYES','',24),(411,'THEME','select','DEFAULT\r\nDARK','',25),(411,'PLACEHOLDER','textbox','','',26),(411,'COMPONENTTYPE','hidden','411','',200),(355,'NAME','textbox','','',1),(355,'CAPTION','textbox','','',2),(355,'DEFAULTVALUE','textarea','','',3),(355,'DESCRIPTION','textarea','','',4),(355,'REQUIRED','select','NO\r\nYES','{\"case\":{\"YES\":{\"show\":[\"VALIDATIONMESSAGE\"],\"hide\":[]},\"NO\":{\"show\":[],\"hide\":[\"VALIDATIONMESSAGE\"]}}}',5),(355,'VALIDATIONMESSAGE','textarea','INVALIDINPUT','',6),(355,'SLIDERTYPE','select','SINGLE\r\nDOUBLE','{\"case\":{\"SINGLE\":{\"show\":[],\"hide\":[\"FROMFIXED\",\"TOFIXED\"]},\"DOUBLE\":{\"show\":[\"FROMFIXED\",\"TOFIXED\"],\"hide\":[]}}}',7),(355,'SKIN','select','FLAT\r\nHTML5\r\nMODERN\r\nNICE\r\nSIMPLE','',8),(355,'USEVALUES','select','NO\r\nYES','{\"case\":{\"YES\":{\"show\":[\"VALUES\"],\"hide\":[\"MINVALUE\", \"MAXVALUE\", \"GRIDSNAP\", \"GRIDSTEP\"]},\"NO\":{\"show\":[\"MINVALUE\", \"MAXVALUE\", \"GRIDSNAP\", \"GRIDSTEP\"],\"hide\":[\"VALUES\"]}}}',9),(355,'VALUES','textarea','','',10),(355,'MINVALUE','textbox','0','numeric',11),(355,'MAXVALUE','textbox','100','numeric',12),(355,'GRID','select','YES\r\nNO','',13),(355,'GRIDSNAP','select','NO\r\nYES','',14),(355,'GRIDSTEP','textbox','10','numeric',15),(355,'FORCEEDGES','select','YES\r\nNO','',16),(355,'FROMFIXED','select','NO\r\nYES','',17),(355,'TOFIXED','select','NO\r\nYES','',18),(355,'KEYBOARD','select','NO\r\nYES','',19),(355,'READONLY','select','NO\r\nYES','',20),(355,'COMPONENTTYPE','hidden','355','',21),(16,'NAME','textbox','','',1),(16,'CAPTION','textbox','','',2),(16,'LABEL','textbox','HASHCASH_CLICK_ME','',3),(16,'DESCRIPTION','textarea','','',4),(16,'DIFFICULTY','textbox','4','numeric',3),(16,'ADDITIONALATTRIBUTES','textarea','','',7),(16,'COMPONENTTYPE','hidden','16','',9),(16,'VALIDATIONMESSAGE','textarea','INVALIDINPUT','',100);

--
-- Table structure for table `josuk_rsform_component_types`
--

CREATE TABLE `josuk_rsform_component_types` (
  `ComponentTypeId` int(11) NOT NULL AUTO_INCREMENT,
  `ComponentTypeName` text NOT NULL,
  `CanBeDuplicated` tinyint(1) NOT NULL DEFAULT 1,
  PRIMARY KEY (`ComponentTypeId`)
) ENGINE=InnoDB AUTO_INCREMENT=611 DEFAULT CHARSET=utf8mb3 COLLATE=utf8mb3_general_ci;

--
-- Dumping data for table `josuk_rsform_component_types`
--

INSERT INTO `josuk_rsform_component_types` VALUES (1,'textBox',1),(2,'textArea',1),(3,'selectList',1),(4,'checkboxGroup',1),(5,'radioGroup',1),(6,'calendar',1),(7,'button',1),(8,'captcha',0),(9,'fileUpload',1),(10,'freeText',1),(11,'hidden',1),(13,'submitButton',1),(14,'password',1),(15,'ticket',1),(16,'hashcash',0),(41,'pageBreak',1),(211,'birthDay',1),(212,'gmaps',1),(355,'rangeSlider',1),(411,'jQueryCalendar',1),(600,'switch',1),(602,'rating',1),(603,'advtextarea',1),(604,'colorpicker',1),(605,'selectize',1),(606,'advcheckbox',1),(607,'advradio',1),(608,'datedropper',1),(609,'timedropper',1),(610,'datepicker',1);

--
-- Table structure for table `josuk_rsform_components`
--

CREATE TABLE `josuk_rsform_components` (
  `ComponentId` int(11) NOT NULL AUTO_INCREMENT,
  `FormId` int(11) NOT NULL DEFAULT 0,
  `ComponentTypeId` int(11) NOT NULL DEFAULT 0,
  `Order` int(11) NOT NULL DEFAULT 0,
  `Published` tinyint(1) NOT NULL DEFAULT 1,
  UNIQUE KEY `ComponentId` (`ComponentId`),
  KEY `ComponentTypeId` (`ComponentTypeId`),
  KEY `FormId` (`FormId`)
) ENGINE=InnoDB AUTO_INCREMENT=56 DEFAULT CHARSET=utf8mb3 COLLATE=utf8mb3_general_ci;

--
-- Dumping data for table `josuk_rsform_components`
--

INSERT INTO `josuk_rsform_components` VALUES (1,1,1,1,1),(2,1,10,0,1),(3,1,1,2,1),(4,1,3,3,1),(5,1,5,4,1),(6,1,4,5,1),(7,1,6,6,1),(8,1,13,7,1),(9,1,10,8,1),(10,2,1,1,1),(11,2,10,0,1),(12,2,1,2,1),(13,2,3,5,1),(14,2,5,6,1),(15,2,4,9,1),(16,2,6,10,1),(17,2,13,11,1),(18,2,10,12,1),(19,2,41,3,1),(20,2,41,7,1),(21,2,10,4,1),(22,2,10,8,1),(23,3,1,0,1),(24,3,1,1,1),(25,3,13,3,1),(26,3,2,2,1),(27,5,1,0,1),(28,5,1,3,1),(29,5,1,1,1),(30,5,1,4,1),(31,5,1,2,1),(32,5,3,5,1),(34,5,2,7,1),(36,6,1,0,1),(37,6,13,5,1),(38,6,3,1,1),(39,6,3,3,1),(40,6,2,2,1),(41,6,4,4,1),(42,7,4,1,1),(43,7,13,4,1),(44,7,1,2,1),(45,5,5,6,1),(46,7,10,0,1),(47,7,10,5,1),(48,7,1,3,1),(52,5,16,8,1),(55,5,13,9,1);

--
-- Table structure for table `josuk_rsform_condition_details`
--

CREATE TABLE `josuk_rsform_condition_details` (
  `id` int(11) NOT NULL AUTO_INCREMENT,
  `condition_id` int(11) NOT NULL,
  `component_id` int(11) NOT NULL,
  `operator` varchar(16) NOT NULL,
  `value` varchar(255) NOT NULL,
  PRIMARY KEY (`id`),
  KEY `condition_id` (`condition_id`),
  KEY `component_id` (`component_id`)
) ENGINE=InnoDB AUTO_INCREMENT=9 DEFAULT CHARSET=utf8mb4 COLLATE=utf8mb4_unicode_ci;

--
-- Dumping data for table `josuk_rsform_condition_details`
--

INSERT INTO `josuk_rsform_condition_details` VALUES (4,1,42,'is','Other'),(5,2,42,'is','E-Mail'),(8,3,32,'is','No');

--
-- Table structure for table `josuk_rsform_conditions`
--

CREATE TABLE `josuk_rsform_conditions` (
  `id` int(11) NOT NULL AUTO_INCREMENT,
  `form_id` int(11) NOT NULL,
  `action` varchar(16) NOT NULL,
  `block` tinyint(1) NOT NULL,
  `component_id` text NOT NULL,
  `condition` varchar(16) NOT NULL,
  `lang_code` varchar(32) NOT NULL,
  PRIMARY KEY (`id`),
  KEY `form_id` (`form_id`)
) ENGINE=InnoDB AUTO_INCREMENT=4 DEFAULT CHARSET=utf8mb3 COLLATE=utf8mb3_general_ci;

--
-- Dumping data for table `josuk_rsform_conditions`
--

INSERT INTO `josuk_rsform_conditions` VALUES (1,7,'show',1,'[\"44\"]','all','en-GB'),(2,7,'show',1,'[\"48\"]','all','en-GB'),(3,5,'hide',1,'[\"45\"]','all','en-GB');

--
-- Table structure for table `josuk_rsform_config`
--

CREATE TABLE `josuk_rsform_config` (
  `SettingName` varchar(64) NOT NULL DEFAULT '',
  `SettingValue` text NOT NULL,
  PRIMARY KEY (`SettingName`)
) ENGINE=InnoDB DEFAULT CHARSET=utf8mb4 COLLATE=utf8mb4_unicode_ci;

--
-- Dumping data for table `josuk_rsform_config`
--

INSERT INTO `josuk_rsform_config` VALUES ('allow_unsafe','0'),('backup.mask','backup-{domain}-{date}'),('calculations.decimal','.'),('calculations.nodecimals','2'),('calculations.thousands',','),('deleteafter.interval','10'),('deleteafter.last_run','1711437574'),('disposable_domains',''),('export.limit','500'),('export.mask','export-{formId}-{domain}-{date}'),('global.codemirror','0'),('global.date_mask','Y-m-d H:i:s'),('global.default_language','en-GB'),('global.default_layout','bootstrap5'),('global.default_load_layout_framework','1'),('global.disable_multilanguage','0'),('global.filtering','joomla'),('global.grid_show_caption','0'),('global.grid_show_previews','1'),('global.preview_itemid',''),('global.register.code','LRBYD49GWJH6W67125BY'),('google.api_key',''),('logging','1'),('logging_verbose','0'),('mailchimp.key',''),('mailchimp.list_count','10'),('mailchimp.timeout','5'),('request_timeout','0'),('use_csrf','1');

--
-- Table structure for table `josuk_rsform_directory`
--

CREATE TABLE `josuk_rsform_directory` (
  `formId` int(11) NOT NULL,
  `filename` varchar(255) NOT NULL DEFAULT 'export.pdf',
  `csvfilename` varchar(255) NOT NULL DEFAULT '{alias}.csv',
  `enablepdf` tinyint(1) NOT NULL,
  `enablecsv` tinyint(1) NOT NULL,
  `AllowCSVFullDownload` tinyint(1) NOT NULL,
  `HideEmptyValues` tinyint(1) NOT NULL,
  `ShowGoogleMap` tinyint(1) NOT NULL,
  `ViewLayout` longtext NOT NULL,
  `ViewLayoutName` text NOT NULL,
  `ViewLayoutAutogenerate` tinyint(1) NOT NULL,
  `CSS` mediumtext NOT NULL,
  `JS` mediumtext NOT NULL,
  `ListScript` mediumtext NOT NULL,
  `EditScript` mediumtext NOT NULL,
  `SaveScript` mediumtext NOT NULL,
  `DetailsScript` mediumtext NOT NULL,
  `EmailsScript` mediumtext NOT NULL,
  `EmailsCreatedScript` mediumtext NOT NULL,
  `groups` text NOT NULL,
  `DeletionGroups` text NOT NULL,
  PRIMARY KEY (`formId`)
) ENGINE=InnoDB DEFAULT CHARSET=utf8mb4 COLLATE=utf8mb4_unicode_ci;

--
-- Dumping data for table `josuk_rsform_directory`
--


--
-- Table structure for table `josuk_rsform_directory_fields`
--

CREATE TABLE `josuk_rsform_directory_fields` (
  `formId` int(11) NOT NULL,
  `componentId` int(11) NOT NULL,
  `viewable` tinyint(1) NOT NULL,
  `searchable` tinyint(1) NOT NULL,
  `editable` tinyint(1) NOT NULL,
  `indetails` tinyint(1) NOT NULL,
  `incsv` tinyint(1) NOT NULL,
  `sort` tinyint(1) NOT NULL DEFAULT 0,
  `ordering` int(11) NOT NULL,
  UNIQUE KEY `formId` (`formId`,`componentId`)
) ENGINE=InnoDB DEFAULT CHARSET=utf8mb3 COLLATE=utf8mb3_general_ci;

--
-- Dumping data for table `josuk_rsform_directory_fields`
--


--
-- Table structure for table `josuk_rsform_emails`
--

CREATE TABLE `josuk_rsform_emails` (
  `id` int(11) NOT NULL AUTO_INCREMENT,
  `formId` int(11) NOT NULL,
  `type` varchar(255) NOT NULL,
  `from` varchar(255) NOT NULL,
  `fromname` varchar(255) NOT NULL,
  `replyto` varchar(255) NOT NULL,
  `replytoname` varchar(255) NOT NULL,
  `to` varchar(255) NOT NULL,
  `cc` varchar(255) NOT NULL,
  `bcc` varchar(255) NOT NULL,
  `subject` varchar(255) NOT NULL,
  `mode` tinyint(1) NOT NULL,
  `message` mediumtext NOT NULL,
  PRIMARY KEY (`id`)
) ENGINE=InnoDB DEFAULT CHARSET=utf8mb4 COLLATE=utf8mb4_unicode_ci;

--
-- Dumping data for table `josuk_rsform_emails`
--


--
-- Table structure for table `josuk_rsform_forms`
--

CREATE TABLE `josuk_rsform_forms` (
  `FormId` int(11) NOT NULL AUTO_INCREMENT,
  `FormName` text NOT NULL,
  `FormLayout` longtext NOT NULL,
  `GridLayout` mediumtext NOT NULL,
  `FormLayoutName` text NOT NULL,
  `LoadFormLayoutFramework` tinyint(1) NOT NULL DEFAULT 1,
  `FormLayoutAutogenerate` tinyint(1) NOT NULL DEFAULT 1,
  `FormLayoutFlow` tinyint(1) NOT NULL DEFAULT 0,
  `DisableSubmitButton` tinyint(1) NOT NULL DEFAULT 0,
  `RemoveCaptchaLogged` tinyint(1) NOT NULL DEFAULT 0,
  `CSS` mediumtext NOT NULL,
  `JS` mediumtext NOT NULL,
  `FormTitle` text NOT NULL,
  `ShowFormTitle` tinyint(1) NOT NULL DEFAULT 1,
  `Published` tinyint(1) NOT NULL DEFAULT 1,
  `Lang` varchar(32) NOT NULL DEFAULT '',
  `ReturnUrl` text NOT NULL,
  `ShowSystemMessage` tinyint(1) NOT NULL DEFAULT 1,
  `ShowThankyou` tinyint(1) NOT NULL DEFAULT 1,
  `ScrollToThankYou` tinyint(1) NOT NULL DEFAULT 0,
  `ThankYouMessagePopUp` tinyint(1) NOT NULL DEFAULT 0,
  `Thankyou` mediumtext NOT NULL,
  `ShowContinue` tinyint(1) NOT NULL DEFAULT 1,
  `UserEmailText` mediumtext NOT NULL,
  `UserEmailTo` text NOT NULL,
  `UserEmailCC` text NOT NULL,
  `UserEmailBCC` text NOT NULL,
  `UserEmailFrom` text NOT NULL,
  `UserEmailReplyTo` text NOT NULL,
  `UserEmailReplyToName` text NOT NULL,
  `UserEmailFromName` text NOT NULL,
  `UserEmailSubject` text NOT NULL,
  `UserEmailMode` tinyint(1) NOT NULL DEFAULT 1,
  `UserEmailAttach` tinyint(1) NOT NULL,
  `UserEmailAttachFile` text NOT NULL,
  `UserEmailGenerate` tinyint(1) NOT NULL DEFAULT 0,
  `AdminEmailText` mediumtext NOT NULL,
  `AdminEmailTo` text NOT NULL,
  `AdminEmailCC` text NOT NULL,
  `AdminEmailBCC` text NOT NULL,
  `AdminEmailFrom` text NOT NULL,
  `AdminEmailReplyTo` text NOT NULL,
  `AdminEmailReplyToName` text NOT NULL,
  `AdminEmailFromName` text NOT NULL,
  `AdminEmailSubject` text NOT NULL,
  `AdminEmailMode` tinyint(1) NOT NULL DEFAULT 1,
  `AdminEmailGenerate` tinyint(1) NOT NULL DEFAULT 0,
  `DeletionEmailText` mediumtext NOT NULL,
  `DeletionEmailTo` text NOT NULL,
  `DeletionEmailCC` text NOT NULL,
  `DeletionEmailBCC` text NOT NULL,
  `DeletionEmailFrom` text NOT NULL,
  `DeletionEmailReplyTo` text NOT NULL,
  `DeletionEmailReplyToName` text NOT NULL,
  `DeletionEmailFromName` text NOT NULL,
  `DeletionEmailSubject` text NOT NULL,
  `DeletionEmailMode` tinyint(1) NOT NULL DEFAULT 1,
  `ScriptProcess` mediumtext NOT NULL,
  `ScriptProcess2` mediumtext NOT NULL,
  `ScriptBeforeDisplay` mediumtext NOT NULL,
  `ScriptBeforeValidation` mediumtext NOT NULL,
  `ScriptDisplay` mediumtext NOT NULL,
  `UserEmailScript` mediumtext NOT NULL,
  `AdminEmailScript` mediumtext NOT NULL,
  `AdditionalEmailsScript` mediumtext NOT NULL,
  `MetaTitle` tinyint(1) NOT NULL,
  `MetaDesc` text NOT NULL,
  `MetaKeywords` text NOT NULL,
  `Required` varchar(255) NOT NULL DEFAULT '(*)',
  `ErrorMessage` text NOT NULL,
  `MultipleSeparator` varchar(64) NOT NULL DEFAULT '\\n',
  `TextareaNewLines` tinyint(1) NOT NULL DEFAULT 1,
  `CSSClass` varchar(255) NOT NULL,
  `CSSId` varchar(255) NOT NULL DEFAULT 'userForm',
  `CSSName` varchar(255) NOT NULL,
  `CSSAction` text NOT NULL,
  `CSSAdditionalAttributes` text NOT NULL,
  `AjaxValidation` tinyint(1) NOT NULL,
  `ScrollToError` tinyint(1) NOT NULL,
  `Keepdata` tinyint(1) NOT NULL DEFAULT 1,
  `KeepIP` tinyint(1) NOT NULL DEFAULT 1,
  `DeleteSubmissionsAfter` int(11) NOT NULL DEFAULT 0,
  `Backendmenu` tinyint(1) NOT NULL,
  `ConfirmSubmission` tinyint(1) NOT NULL DEFAULT 0,
  `ConfirmSubmissionDefer` text NOT NULL,
  `ConfirmSubmissionUrl` text NOT NULL,
  `Access` varchar(5) NOT NULL,
  `LimitSubmissions` int(11) NOT NULL DEFAULT 0,
  PRIMARY KEY (`FormId`)
) ENGINE=InnoDB AUTO_INCREMENT=10 DEFAULT CHARSET=utf8mb4 COLLATE=utf8mb4_unicode_ci;

--
-- Dumping data for table `josuk_rsform_forms`
--

INSERT INTO `josuk_rsform_forms` VALUES (1,'RSFormPro example','{error}\n<!-- Do not remove this ID, it is used to identify the page so that the pagination script can work correctly -->\n<div class=\"formContainer formHorizontal\" id=\"rsform_{global:formid}_page_0\">\n	<div class=\"formRow\">\n		<div class=\"formSpan12\">\n			<div class=\"rsform-block rsform-block-header rsform-type-freetext{Header:errorClass}\">\n					{Header:body}\n			</div>\n			<div class=\"rsform-block rsform-block-fullname rsform-type-textbox{FullName:errorClass}\">\n				<label class=\"formControlLabel\" for=\"FullName\">{FullName:caption}<strong class=\"formRequired\">(*)</strong></label>\n				<div class=\"formControls\">\n					<div class=\"formBody\">\n						{FullName:body}\n						<span class=\"formValidation\">{FullName:validation}</span>\n						<p class=\"formDescription\">{FullName:description}</p>\n					</div>\n				</div>\n			</div>\n			<div class=\"rsform-block rsform-block-email rsform-type-textbox{Email:errorClass}\">\n				<label class=\"formControlLabel\" for=\"Email\">{Email:caption}<strong class=\"formRequired\">(*)</strong></label>\n				<div class=\"formControls\">\n					<div class=\"formBody\">\n						{Email:body}\n						<span class=\"formValidation\">{Email:validation}</span>\n						<p class=\"formDescription\">{Email:description}</p>\n					</div>\n				</div>\n			</div>\n			<div class=\"rsform-block rsform-block-companysize rsform-type-selectlist{CompanySize:errorClass}\">\n				<label class=\"formControlLabel\" for=\"CompanySize\">{CompanySize:caption}<strong class=\"formRequired\">(*)</strong></label>\n				<div class=\"formControls\">\n					<div class=\"formBody\">\n						{CompanySize:body}\n						<span class=\"formValidation\">{CompanySize:validation}</span>\n						<p class=\"formDescription\">{CompanySize:description}</p>\n					</div>\n				</div>\n			</div>\n			<div class=\"rsform-block rsform-block-position rsform-type-radiogroup{Position:errorClass}\">\n				<label class=\"formControlLabel\" id=\"Position-grouplbl\">{Position:caption}<strong class=\"formRequired\">(*)</strong></label>\n				<div class=\"formControls\" role=\"group\" aria-labelledby=\"Position-grouplbl\">\n					<div class=\"formBody\">\n						{Position:body}\n						<span class=\"formValidation\">{Position:validation}</span>\n						<p class=\"formDescription\">{Position:description}</p>\n					</div>\n				</div>\n			</div>\n			<div class=\"rsform-block rsform-block-contactby rsform-type-checkboxgroup{ContactBy:errorClass}\">\n				<label class=\"formControlLabel\" id=\"ContactBy-grouplbl\">{ContactBy:caption}</label>\n				<div class=\"formControls\" role=\"group\" aria-labelledby=\"ContactBy-grouplbl\">\n					<div class=\"formBody\">\n						{ContactBy:body}\n						<span class=\"formValidation\">{ContactBy:validation}</span>\n						<p class=\"formDescription\">{ContactBy:description}</p>\n					</div>\n				</div>\n			</div>\n			<div class=\"rsform-block rsform-block-contactwhen rsform-type-calendar{ContactWhen:errorClass}\">\n				<label class=\"formControlLabel\" for=\"txtcal1_0\">{ContactWhen:caption}<strong class=\"formRequired\">(*)</strong></label>\n				<div class=\"formControls\">\n					<div class=\"formBody\">\n						{ContactWhen:body}\n						<span class=\"formValidation\">{ContactWhen:validation}</span>\n						<p class=\"formDescription\">{ContactWhen:description}</p>\n					</div>\n				</div>\n			</div>\n			<div class=\"rsform-block rsform-block-submit rsform-type-submitbutton{Submit:errorClass}\">\n				<label class=\"formControlLabel\">{Submit:caption}</label>\n				<div class=\"formControls\">\n					<div class=\"formBody\">\n						{Submit:body}\n						<span class=\"formValidation\">{Submit:validation}</span>\n						<p class=\"formDescription\">{Submit:description}</p>\n					</div>\n				</div>\n			</div>\n			<div class=\"rsform-block rsform-block-footer rsform-type-freetext{Footer:errorClass}\">\n					{Footer:body}\n			</div>\n		</div>\n	</div>\n</div>','[[{\"columns\":[[\"2\",\"1\",\"3\",\"4\",\"5\",\"6\",\"7\",\"8\",\"9\"]],\"sizes\":[\"12\"]}],[]]','responsive',1,1,0,0,0,'','','RSForm! Pro example',0,1,'en-GB','',1,1,0,0,'<p>Dear {FullName:value},</p><p> thank you for your submission. One of our staff members will contact you by  {ContactBy:value} as soon as possible.</p>',1,'<p>Dear {FullName:value},</p><p> we received your contact request. Someone will get back to you by {ContactBy:value} soon. </p>','{Email:value}','','','{global:mailfrom}','','','{global:fromname}','Contact confirmation',1,0,'',0,'<p>Customize this e-mail also. You will receive it as administrator. </p><p>{FullName:caption}:{FullName:value}<br />\n{Email:caption}:{Email:value}<br />\n{CompanySize:caption}:{CompanySize:value}<br />\n{Position:caption}:{Position:value}<br />\n{ContactBy:caption}:{ContactBy:value}<br />\n{ContactWhen:caption}:{ContactWhen:value}</p>','youradminemail@email.com','','','{global:mailfrom}','{Email:value}','','{FullName:value}','Contact',1,0,'','','','','','','','','',1,'','','','','','','','',0,'','','(*)','',', ',1,'','userForm','','','',0,0,1,1,0,0,0,'\"\"','','',0),(2,'RSFormPro Multipage example','\r\n{error}\r\n<!-- Do not remove this ID, it is used to identify the page so that the pagination script can work correctly -->\r\n<div class=\"formContainer formHorizontal formHidden\" id=\"rsform_{global:formid}_page_0\">\r\n	<div class=\"formRow\">\r\n		<div class=\"formSpan12\">\r\n			<div class=\"rsform-block rsform-block-header rsform-type-freetext{Header:errorClass}\">\r\n					{Header:body}\r\n			</div>\r\n			<div class=\"rsform-block rsform-block-fullname rsform-type-textbox{FullName:errorClass}\">\r\n				<label class=\"formControlLabel\" for=\"FullName\">{FullName:caption}<strong class=\"formRequired\">(*)</strong></label>\r\n				<div class=\"formControls\">\r\n					<div class=\"formBody\">\r\n						{FullName:body}\r\n						<span class=\"formValidation\">{FullName:validation}</span>\r\n						<p class=\"formDescription\">{FullName:description}</p>\r\n					</div>\r\n				</div>\r\n			</div>\r\n			<div class=\"rsform-block rsform-block-email rsform-type-textbox{Email:errorClass}\">\r\n				<label class=\"formControlLabel\" for=\"Email\">{Email:caption}<strong class=\"formRequired\">(*)</strong></label>\r\n				<div class=\"formControls\">\r\n					<div class=\"formBody\">\r\n						{Email:body}\r\n						<span class=\"formValidation\">{Email:validation}</span>\r\n						<p class=\"formDescription\">{Email:description}</p>\r\n					</div>\r\n				</div>\r\n			</div>\r\n		</div>\r\n	</div>\r\n	<div class=\"formRow\">\r\n		<div class=\"formSpan12\">\r\n			<div class=\"rsform-block rsform-block-page1 rsform-type-pagebreak{Page1:errorClass}\">\r\n				<label class=\"formControlLabel\" for=\"Page1\">{Page1:caption}</label>\r\n				<div class=\"formControls\">\r\n					<div class=\"formBody\">\r\n						{Page1:body}\r\n					</div>\r\n				</div>\r\n			</div>\r\n		</div>\r\n	</div>\r\n</div>\r\n<!-- Do not remove this ID, it is used to identify the page so that the pagination script can work correctly -->\r\n<div class=\"formContainer formHorizontal formHidden\" id=\"rsform_{global:formid}_page_1\">\r\n	<div class=\"formRow\">\r\n		<div class=\"formSpan12\">\r\n			<div class=\"rsform-block rsform-block-companyheader rsform-type-freetext{CompanyHeader:errorClass}\">\r\n					{CompanyHeader:body}\r\n			</div>\r\n			<div class=\"rsform-block rsform-block-companysize rsform-type-selectlist{CompanySize:errorClass}\">\r\n				<label class=\"formControlLabel\" for=\"CompanySize\">{CompanySize:caption}<strong class=\"formRequired\">(*)</strong></label>\r\n				<div class=\"formControls\">\r\n					<div class=\"formBody\">\r\n						{CompanySize:body}\r\n						<span class=\"formValidation\">{CompanySize:validation}</span>\r\n						<p class=\"formDescription\">{CompanySize:description}</p>\r\n					</div>\r\n				</div>\r\n			</div>\r\n			<div class=\"rsform-block rsform-block-position rsform-type-radiogroup{Position:errorClass}\">\r\n				<label class=\"formControlLabel\" id=\"Position-grouplbl\">{Position:caption}<strong class=\"formRequired\">(*)</strong></label>\r\n				<div class=\"formControls\" role=\"group\" aria-labelledby=\"Position-grouplbl\">\r\n					<div class=\"formBody\">\r\n						{Position:body}\r\n						<span class=\"formValidation\">{Position:validation}</span>\r\n						<p class=\"formDescription\">{Position:description}</p>\r\n					</div>\r\n				</div>\r\n			</div>\r\n		</div>\r\n	</div>\r\n	<div class=\"formRow\">\r\n		<div class=\"formSpan12\">\r\n			<div class=\"rsform-block rsform-block-page2 rsform-type-pagebreak{Page2:errorClass}\">\r\n				<label class=\"formControlLabel\" for=\"Page2\">{Page2:caption}</label>\r\n				<div class=\"formControls\">\r\n					<div class=\"formBody\">\r\n						{Page2:body}\r\n					</div>\r\n				</div>\r\n			</div>\r\n		</div>\r\n	</div>\r\n</div>\r\n<!-- Do not remove this ID, it is used to identify the page so that the pagination script can work correctly -->\r\n<div class=\"formContainer formHorizontal formHidden\" id=\"rsform_{global:formid}_page_2\">\r\n	<div class=\"formRow\">\r\n		<div class=\"formSpan12\">\r\n			<div class=\"rsform-block rsform-block-contactheader rsform-type-freetext{ContactHeader:errorClass}\">\r\n					{ContactHeader:body}\r\n			</div>\r\n			<div class=\"rsform-block rsform-block-contactby rsform-type-checkboxgroup{ContactBy:errorClass}\">\r\n				<label class=\"formControlLabel\" id=\"ContactBy-grouplbl\">{ContactBy:caption}</label>\r\n				<div class=\"formControls\" role=\"group\" aria-labelledby=\"ContactBy-grouplbl\">\r\n					<div class=\"formBody\">\r\n						{ContactBy:body}\r\n						<span class=\"formValidation\">{ContactBy:validation}</span>\r\n						<p class=\"formDescription\">{ContactBy:description}</p>\r\n					</div>\r\n				</div>\r\n			</div>\r\n			<div class=\"rsform-block rsform-block-contactwhen rsform-type-calendar{ContactWhen:errorClass}\">\r\n				<label class=\"formControlLabel\" for=\"txtcal2_0\">{ContactWhen:caption}<strong class=\"formRequired\">(*)</strong></label>\r\n				<div class=\"formControls\">\r\n					<div class=\"formBody\">\r\n						{ContactWhen:body}\r\n						<span class=\"formValidation\">{ContactWhen:validation}</span>\r\n						<p class=\"formDescription\">{ContactWhen:description}</p>\r\n					</div>\r\n				</div>\r\n			</div>\r\n			<div class=\"rsform-block rsform-block-submit rsform-type-submitbutton{Submit:errorClass}\">\r\n				<label class=\"formControlLabel\">{Submit:caption}</label>\r\n				<div class=\"formControls\">\r\n					<div class=\"formBody\">\r\n						{Submit:body}\r\n						<span class=\"formValidation\">{Submit:validation}</span>\r\n						<p class=\"formDescription\">{Submit:description}</p>\r\n					</div>\r\n				</div>\r\n			</div>\r\n			<div class=\"rsform-block rsform-block-footer rsform-type-freetext{Footer:errorClass}\">\r\n					{Footer:body}\r\n			</div>\r\n		</div>\r\n	</div>\r\n</div>','[[{\"columns\":[[\"11\",\"10\",\"12\"]],\"sizes\":[\"12\"]},{\"columns\":[[\"19\"]],\"sizes\":[\"12\"]},{\"columns\":[[\"21\",\"13\",\"14\"]],\"sizes\":[\"12\"]},{\"columns\":[[\"20\"]],\"sizes\":[\"12\"]},{\"columns\":[[\"22\",\"15\",\"16\",\"17\",\"18\"]],\"sizes\":[\"12\"]}],[]]','responsive',1,0,0,0,0,'','','RSForm! Pro Multipage example',1,1,'en-GB','',1,1,0,0,'<p>Dear {FullName:value},</p><p> thank you for your submission. One of our staff members will contact you by  {ContactBy:value} as soon as possible.</p>',1,'<p>Dear {FullName:value},</p><p> we received your contact request. Someone will get back to you by {ContactBy:value} soon. </p>','{Email:value}','','','{global:mailfrom}','','','{global:fromname}','Contact confirmation',1,0,'',0,'<p>Customize this e-mail also. You will receive it as administrator. </p><p>{FullName:caption}:{FullName:value}<br />\n{Email:caption}:{Email:value}<br />\n{CompanySize:caption}:{CompanySize:value}<br />\n{Position:caption}:{Position:value}<br />\n{ContactBy:caption}:{ContactBy:value}<br />\n{ContactWhen:caption}:{ContactWhen:value}</p>','youradminemail@email.com','','','{global:mailfrom}','{Email:value}','','{FullName:value}','Contact request',1,0,'','','','','','','','','',1,'','','','','','','','',0,'This is the meta description of your form. You can use it for SEO purposes.','rsform, contact, form, joomla','(*)','<p class=\"formRed\">Please complete all required fields!</p>',', ',1,'','userForm','','','',0,0,1,1,0,0,0,'\"\"','','',0),(3,'test-form-1','<h2>{global:formtitle}</h2>\n{error}\n<!-- Do not remove this ID, it is used to identify the page so that the pagination script can work correctly -->\n<div class=\"formContainer\" id=\"rsform_{global:formid}_page_0\">\n	<div class=\"row\">\n		<div class=\"col-md-12\">\n			<div class=\"row mb-3 rsform-block rsform-block-name rsform-type-textbox{Name:errorClass}\">\n				<label class=\"col-sm-3 col-form-label formControlLabel\" data-bs-toggle=\"tooltip\" title=\"{Name:descriptionhtml}\" for=\"Name\">{Name:caption}<strong class=\"formRequired\">(*)</strong></label>\n				<div class=\"formControls col-sm-9\">\n					{Name:body}\n					<div><span class=\"formValidation\">{Name:validation}</span></div>\n				</div>\n			</div>\n			<div class=\"row mb-3 rsform-block rsform-block-email-address rsform-type-textbox{Email_Address:errorClass}\">\n				<label class=\"col-sm-3 col-form-label formControlLabel\" data-bs-toggle=\"tooltip\" title=\"{Email_Address:descriptionhtml}\" for=\"Email_Address\">{Email_Address:caption}<strong class=\"formRequired\">(*)</strong></label>\n				<div class=\"formControls col-sm-9\">\n					{Email_Address:body}\n					<div><span class=\"formValidation\">{Email_Address:validation}</span></div>\n				</div>\n			</div>\n			<div class=\"row mb-3 rsform-block rsform-block-your-message rsform-type-textarea{Your_Message:errorClass}\">\n				<label class=\"col-sm-3 col-form-label formControlLabel\" data-bs-toggle=\"tooltip\" title=\"{Your_Message:descriptionhtml}\" for=\"Your_Message\">{Your_Message:caption}<strong class=\"formRequired\">(*)</strong></label>\n				<div class=\"formControls col-sm-9\">\n					{Your_Message:body}\n					<div><span class=\"formValidation\">{Your_Message:validation}</span></div>\n				</div>\n			</div>\n			<div class=\"row mb-3 rsform-block rsform-block-send-message rsform-type-submitbutton{Send_Message:errorClass}\">\n				<label class=\"col-sm-3 col-form-label formControlLabel\" data-bs-toggle=\"tooltip\" title=\"{Send_Message:descriptionhtml}\">{Send_Message:caption}</label>\n				<div class=\"formControls col-sm-9\">\n					{Send_Message:body}\n					<div><span class=\"formValidation\">{Send_Message:validation}</span></div>\n				</div>\n			</div>\n		</div>\n	</div>\n</div>','[[{\"columns\":[[\"23\",\"24\",\"26\",\"25\"]],\"sizes\":[\"12\"]}],[]]','bootstrap5',1,1,0,1,0,'','','Test Form 1',1,1,'en-GB','',1,1,0,0,'<p>Thank you for your submission! We will contact you as soon as possible.</p>',1,'<p>Thank you for contacting us. We will get back to you as soon as possible.</p>','','','','support@knowledgeframe.co.uk','','','AxcessDev','Thank you for your submission!',1,0,'',0,'<p>You have a new submission.</p>','support@knowledgeframe.co.uk, sarah.hughes@axcessms.com','','','support@knowledgeframe.co.uk','','','AxcessDev','New submission from \'Test Form 1\'!',1,1,'','','','','{global:mailfrom}','','','{global:fromname}','',1,'','','','','','','','',0,'','','(*)','<p class=\"formRed\">Please complete all required fields!</p>','\\n',1,'','userForm','','','',0,0,1,1,0,0,0,'\"\"','','',0),(5,'ams-contact-form','{error}\r\n<!-- Do not remove this ID, it is used to identify the page so that the pagination script can work correctly -->\r\n<div class=\"formContainer\" id=\"rsform_{global:formid}_page_0\">\r\n	<div class=\"row\">\r\n		<div class=\"col-md-6\">\r\n			<div class=\"row mb-3 rsform-block rsform-block-company-name rsform-type-textbox{Company_Name:errorClass}\">\r\n				<label class=\"col-sm-3 col-form-label formControlLabel\" data-bs-toggle=\"tooltip\" title=\"{Company_Name:descriptionhtml}\" for=\"Company_Name\">{Company_Name:caption}<strong class=\"formRequired\">(*)</strong></label>\r\n				<div class=\"formControls col-sm-9\">\r\n					{Company_Name:body}\r\n					<div><span class=\"formValidation\">{Company_Name:validation}</span></div>\r\n				</div>\r\n			</div>\r\n			<div class=\"row mb-3 rsform-block rsform-block-email rsform-type-textbox{Email:errorClass}\">\r\n				<label class=\"col-sm-3 col-form-label formControlLabel\" data-bs-toggle=\"tooltip\" title=\"{Email:descriptionhtml}\" for=\"Email\">{Email:caption}<strong class=\"formRequired\">(*)</strong></label>\r\n				<div class=\"formControls col-sm-9\">\r\n					{Email:body}\r\n					<div><span class=\"formValidation\">{Email:validation}</span></div>\r\n				</div>\r\n			</div>\r\n			<div class=\"row mb-3 rsform-block rsform-block-industry rsform-type-textbox{Industry:errorClass}\">\r\n				<label class=\"col-sm-3 col-form-label formControlLabel\" data-bs-toggle=\"tooltip\" title=\"{Industry:descriptionhtml}\" for=\"Industry\">{Industry:caption}<strong class=\"formRequired\">(*)</strong></label>\r\n				<div class=\"formControls col-sm-9\">\r\n					{Industry:body}\r\n					<div><span class=\"formValidation\">{Industry:validation}</span></div>\r\n				</div>\r\n			</div>\r\n		</div>\r\n		<div class=\"col-md-6\">\r\n			<div class=\"row mb-3 rsform-block rsform-block-contact-name rsform-type-textbox{Contact_Name:errorClass}\">\r\n				<label class=\"col-sm-3 col-form-label formControlLabel\" data-bs-toggle=\"tooltip\" title=\"{Contact_Name:descriptionhtml}\" for=\"Contact_Name\">{Contact_Name:caption}<strong class=\"formRequired\">(*)</strong></label>\r\n				<div class=\"formControls col-sm-9\">\r\n					{Contact_Name:body}\r\n					<div><span class=\"formValidation\">{Contact_Name:validation}</span></div>\r\n				</div>\r\n			</div>\r\n			<div class=\"row mb-3 rsform-block rsform-block-phone-number rsform-type-textbox{Phone_Number:errorClass}\">\r\n				<label class=\"col-sm-3 col-form-label formControlLabel\" data-bs-toggle=\"tooltip\" title=\"{Phone_Number:descriptionhtml}\" for=\"Phone_Number\">{Phone_Number:caption}<strong class=\"formRequired\">(*)</strong></label>\r\n				<div class=\"formControls col-sm-9\">\r\n					{Phone_Number:body}\r\n					<div><span class=\"formValidation\">{Phone_Number:validation}</span></div>\r\n				</div>\r\n			</div>\r\n			<div class=\"row mb-3 rsform-block rsform-block-are-you-currently-processing rsform-type-selectlist{Are_you_currently_processing:errorClass}\">\r\n				<label class=\"col-sm-3 col-form-label formControlLabel\" data-bs-toggle=\"tooltip\" title=\"{Are_you_currently_processing:descriptionhtml}\" for=\"Are_you_currently_processing\">{Are_you_currently_processing:caption}<strong class=\"formRequired\">(*)</strong></label>\r\n				<div class=\"formControls col-sm-9\">\r\n					{Are_you_currently_processing:body}\r\n					<div><span class=\"formValidation\">{Are_you_currently_processing:validation}</span></div>\r\n				</div>\r\n			</div>\r\n		</div>\r\n	</div>\r\n	<div class=\"row\">\r\n		<div class=\"col-md-12\">\r\n			<div class=\"row mb-3 rsform-block rsform-block-how-much-are-you-currently-processing rsform-type-radiogroup{How_much_are_you_currently_processing:errorClass}\">\r\n				<label class=\"col-sm-3 col-form-label pt-0 formControlLabel\" data-bs-toggle=\"tooltip\" title=\"{How_much_are_you_currently_processing:descriptionhtml}\" id=\"How_much_are_you_currently_processing-grouplbl\">{How_much_are_you_currently_processing:caption}</label>\r\n				<div class=\"formControls col-sm-9\" role=\"group\" aria-labelledby=\"How_much_are_you_currently_processing-grouplbl\">\r\n					{How_much_are_you_currently_processing:body}\r\n					<div><span class=\"formValidation\">{How_much_are_you_currently_processing:validation}</span></div>\r\n				</div>\r\n			</div>\r\n			<div class=\"row mb-3 rsform-block rsform-block-message rsform-type-textarea{Message:errorClass}\">\r\n				<label class=\"col-sm-3 col-form-label formControlLabel\" data-bs-toggle=\"tooltip\" title=\"{Message:descriptionhtml}\" for=\"Message\">{Message:caption}</label>\r\n				<div class=\"formControls col-sm-9\">\r\n					{Message:body}\r\n					<div><span class=\"formValidation\">{Message:validation}</span></div>\r\n				</div>\r\n			</div>\r\n			<div class=\"row mb-3 rsform-block rsform-block-captcha-form rsform-type-hashcash{CAPTCHA_Form:errorClass}\">\r\n				<label class=\"col-sm-3 col-form-label formControlLabel\" data-bs-toggle=\"tooltip\" title=\"{CAPTCHA_Form:descriptionhtml}\" for=\"CAPTCHA_Form\">{CAPTCHA_Form:caption}<strong class=\"formRequired\">(*)</strong></label>\r\n				<div class=\"formControls col-sm-9\">\r\n					{CAPTCHA_Form:body}\r\n					<div><span class=\"formValidation\">{CAPTCHA_Form:validation}</span></div>\r\n				</div>\r\n			</div>\r\n			<div class=\"row mb-3 rsform-block rsform-block-submit-button rsform-type-submitbutton{Submit_Button:errorClass}\">\r\n				<label class=\"col-sm-3 col-form-label formControlLabel\" data-bs-toggle=\"tooltip\" title=\"{Submit_Button:descriptionhtml}\">{Submit_Button:caption}</label>\r\n				<div class=\"formControls col-sm-9\">\r\n					{Submit_Button:body}\r\n					<div><span class=\"formValidation\">{Submit_Button:validation}</span></div>\r\n				</div>\r\n			</div>\r\n		</div>\r\n	</div>\r\n</div>','[[{\"columns\":[[\"27\",\"29\",\"31\"],[\"28\",\"30\",\"32\"]],\"sizes\":[\"6\",\"6\"]},{\"columns\":[[\"45\",\"34\",\"52\",\"55\"]],\"sizes\":[\"12\"]}],[]]','bootstrap5',1,1,0,0,0,'','','AMS Contact Form',0,1,'en-GB','',1,1,0,0,'<p>Thank you for your submission! We will contact you as soon as possible.</p>',1,'','','','','{global:mailfrom}','','','{global:fromname}','',1,0,'',0,'<p>You have a new submission.</p>','sarah.hughes@axcessms.com','','','support@knowledgeframe.co.uk','','','AxcessDev','New submission from \'AMS Contact Form\'!',1,0,'','','','','{global:mailfrom}','','','{global:fromname}','',1,'','','','','','','','',0,'','','(*)','<p class=\"formRed\">Please complete all required fields!</p>','\\n',1,'','userForm','','','',0,0,1,1,0,0,0,'\"\"','','',0),(6,'Test Wednesday','<h2>{global:formtitle}</h2>\r\n{error}\r\n<!-- Do not remove this ID, it is used to identify the page so that the pagination script can work correctly -->\r\n<div class=\"formContainer\" id=\"rsform_{global:formid}_page_0\">\r\n	<div class=\"row\">\r\n		<div class=\"col-md-12\">\r\n			<div class=\"row mb-3 rsform-block rsform-block-test-text-field rsform-type-textbox{Test_Text_Field:errorClass}\">\r\n				<label class=\"col-sm-3 col-form-label formControlLabel\" data-bs-toggle=\"tooltip\" title=\"{Test_Text_Field:descriptionhtml}\" for=\"Test_Text_Field\">{Test_Text_Field:caption}<strong class=\"formRequired\">(*)</strong></label>\r\n				<div class=\"formControls col-sm-9\">\r\n					{Test_Text_Field:body}\r\n					<div><span class=\"formValidation\">{Test_Text_Field:validation}</span></div>\r\n				</div>\r\n			</div>\r\n			<div class=\"row mb-3 rsform-block rsform-block-test-dropdown rsform-type-selectlist{Test_Dropdown:errorClass}\">\r\n				<label class=\"col-sm-3 col-form-label formControlLabel\" data-bs-toggle=\"tooltip\" title=\"{Test_Dropdown:descriptionhtml}\" for=\"Test_Dropdown\">{Test_Dropdown:caption}</label>\r\n				<div class=\"formControls col-sm-9\">\r\n					{Test_Dropdown:body}\r\n					<div><span class=\"formValidation\">{Test_Dropdown:validation}</span></div>\r\n				</div>\r\n			</div>\r\n			<div class=\"row mb-3 rsform-block rsform-block-test-text-area rsform-type-textarea{Test_Text_Area:errorClass}\">\r\n				<label class=\"col-sm-3 col-form-label formControlLabel\" data-bs-toggle=\"tooltip\" title=\"{Test_Text_Area:descriptionhtml}\" for=\"Test_Text_Area\">{Test_Text_Area:caption}</label>\r\n				<div class=\"formControls col-sm-9\">\r\n					{Test_Text_Area:body}\r\n					<div><span class=\"formValidation\">{Test_Text_Area:validation}</span></div>\r\n				</div>\r\n			</div>\r\n			<div class=\"row mb-3 rsform-block rsform-block-test-dropdown-multi rsform-type-selectlist{Test_Dropdown_Multi:errorClass}\">\r\n				<label class=\"col-sm-3 col-form-label formControlLabel\" data-bs-toggle=\"tooltip\" title=\"{Test_Dropdown_Multi:descriptionhtml}\" for=\"Test_Dropdown_Multi\">{Test_Dropdown_Multi:caption}</label>\r\n				<div class=\"formControls col-sm-9\">\r\n					{Test_Dropdown_Multi:body}\r\n					<div><span class=\"formValidation\">{Test_Dropdown_Multi:validation}</span></div>\r\n				</div>\r\n			</div>\r\n			<div class=\"row mb-3 rsform-block rsform-block-test-checkbox-group rsform-type-checkboxgroup{Test_Checkbox_Group:errorClass}\">\r\n				<label class=\"col-sm-3 col-form-label pt-0 formControlLabel\" data-bs-toggle=\"tooltip\" title=\"{Test_Checkbox_Group:descriptionhtml}\" id=\"Test_Checkbox_Group-grouplbl\">{Test_Checkbox_Group:caption}</label>\r\n				<div class=\"formControls col-sm-9\" role=\"group\" aria-labelledby=\"Test_Checkbox_Group-grouplbl\">\r\n					{Test_Checkbox_Group:body}\r\n					<div><span class=\"formValidation\">{Test_Checkbox_Group:validation}</span></div>\r\n				</div>\r\n			</div>\r\n			<div class=\"row mb-3 rsform-block rsform-block-submit rsform-type-submitbutton{Submit:errorClass}\">\r\n				<label class=\"col-sm-3 col-form-label formControlLabel\" data-bs-toggle=\"tooltip\" title=\"{Submit:descriptionhtml}\">{Submit:caption}</label>\r\n				<div class=\"formControls col-sm-9\">\r\n					{Submit:body}\r\n					<div><span class=\"formValidation\">{Submit:validation}</span></div>\r\n				</div>\r\n			</div>\r\n		</div>\r\n	</div>\r\n</div>','[[{\"columns\":[[\"36\",\"38\",\"40\",\"39\",\"41\",\"37\"]],\"sizes\":[\"12\"]}],[]]','bootstrap5',1,1,0,0,0,'','','Test Wednesday',1,1,'en-GB','',1,1,0,0,'',0,'','','','','{global:mailfrom}','','','{global:fromname}','',1,0,'',0,'','burnsy@northcountrywoods.co.uk, sarah.hughes@axcessms.com, arran.brannan@axcessms.com','','','support@knowledgeframe.co.uk','','','burnsy','Blah blah blah',1,1,'','','','','{global:mailfrom}','','','{global:fromname}','',1,'','','','','','','','',0,'','','(*)','<p class=\"formRed\">Please complete all required fields!</p>','\\n',1,'','userForm','','','',0,0,1,1,0,0,0,'\"\"','','',0),(7,'Conditional Test','<h2>{global:formtitle}</h2>\n{error}\n<!-- Do not remove this ID, it is used to identify the page so that the pagination script can work correctly -->\n<div class=\"formContainer\" id=\"rsform_{global:formid}_page_0\">\n	<div class=\"row\">\n		<div class=\"col-md-12\">\n			<div class=\"rsform-block rsform-block-test rsform-type-freetext{Test:errorClass}\">\n					{Test:body}\n			</div>\n			<div class=\"row mb-3 rsform-block rsform-block-contactby rsform-type-checkboxgroup{ContactBy:errorClass}\">\n				<label class=\"col-sm-3 col-form-label pt-0 formControlLabel\" data-bs-toggle=\"tooltip\" title=\"{ContactBy:descriptionhtml}\" id=\"ContactBy-grouplbl\">{ContactBy:caption}</label>\n				<div class=\"formControls col-sm-9\" role=\"group\" aria-labelledby=\"ContactBy-grouplbl\">\n					{ContactBy:body}\n					<div><span class=\"formValidation\">{ContactBy:validation}</span></div>\n				</div>\n			</div>\n			<div class=\"row mb-3 rsform-block rsform-block-specifybelow rsform-type-textbox{SpecifyBelow:errorClass}\">\n				<label class=\"col-sm-3 col-form-label formControlLabel\" data-bs-toggle=\"tooltip\" title=\"{SpecifyBelow:descriptionhtml}\" for=\"SpecifyBelow\">{SpecifyBelow:caption}</label>\n				<div class=\"formControls col-sm-9\">\n					{SpecifyBelow:body}\n					<div><span class=\"formValidation\">{SpecifyBelow:validation}</span></div>\n				</div>\n			</div>\n			<div class=\"row mb-3 rsform-block rsform-block-youremail rsform-type-textbox{YourEmail:errorClass}\">\n				<label class=\"col-sm-3 col-form-label formControlLabel\" data-bs-toggle=\"tooltip\" title=\"{YourEmail:descriptionhtml}\" for=\"YourEmail\">{YourEmail:caption}</label>\n				<div class=\"formControls col-sm-9\">\n					{YourEmail:body}\n					<div><span class=\"formValidation\">{YourEmail:validation}</span></div>\n				</div>\n			</div>\n			<div class=\"row mb-3 rsform-block rsform-block-submit rsform-type-submitbutton{Submit:errorClass}\">\n				<label class=\"col-sm-3 col-form-label formControlLabel\" data-bs-toggle=\"tooltip\" title=\"{Submit:descriptionhtml}\">{Submit:caption}</label>\n				<div class=\"formControls col-sm-9\">\n					{Submit:body}\n					<div><span class=\"formValidation\">{Submit:validation}</span></div>\n				</div>\n			</div>\n			<div class=\"rsform-block rsform-block-posttext rsform-type-freetext{PostText:errorClass}\">\n					{PostText:body}\n			</div>\n		</div>\n	</div>\n</div>','[[{\"columns\":[[\"46\",\"42\",\"44\",\"48\",\"43\",\"47\"]],\"sizes\":[\"12\"]}],[]]','bootstrap5',1,1,0,0,0,'','','Demonstrate Conditional Fields',1,1,'en-GB','',1,1,0,0,'',1,'','','','','{global:mailfrom}','','','{global:fromname}','',1,0,'',0,'','','','','{global:mailfrom}','','','{global:fromname}','',1,0,'','','','','{global:mailfrom}','','','{global:fromname}','',1,'','','','','','','','',0,'','','(*)','<p class=\"formRed\">Please complete all required fields!</p>','\\n',1,'','userForm','','','',0,0,1,1,0,0,0,'\"\"','','',0),(9,'Test Zapier Post','<h2>{global:formtitle}</h2>\r\n{error}\r\n<!-- Do not remove this ID, it is used to identify the page so that the pagination script can work correctly -->\r\n<div class=\"formContainer\" id=\"rsform_{global:formid}_page_0\">\r\n</div>','[[],[]]','bootstrap5',1,1,0,0,0,'','','Test Zapier Post',1,1,'en-GB','',1,1,0,0,'',1,'','','','','{global:mailfrom}','','','{global:fromname}','',1,0,'',0,'','','','','{global:mailfrom}','','','{global:fromname}','',1,0,'','','','','{global:mailfrom}','','','{global:fromname}','',1,'','','','','','','','',0,'','','(*)','<p class=\"formRed\">Please complete all required fields!</p>','\\n',1,'','userForm','','','',0,0,1,1,0,0,0,'\"\"','','',0);

--
-- Table structure for table `josuk_rsform_mailchimp`
--

CREATE TABLE `josuk_rsform_mailchimp` (
  `form_id` int(11) NOT NULL,
  `mc_list_id` varchar(16) NOT NULL,
  `mc_action` tinyint(1) NOT NULL,
  `mc_action_field` varchar(255) NOT NULL,
  `mc_merge_vars` text NOT NULL,
  `mc_cached_values` text NOT NULL,
  `mc_interest_groups` text NOT NULL,
  `mc_tags` text NOT NULL,
  `mc_append_tags` tinyint(1) NOT NULL,
  `mc_trigger_tags_automation` tinyint(1) NOT NULL,
  `mc_email_type` varchar(32) NOT NULL,
  `mc_email_type_field` varchar(255) NOT NULL,
  `mc_double_optin` tinyint(1) NOT NULL,
  `mc_update_existing` tinyint(1) NOT NULL,
  `mc_replace_interests` tinyint(1) NOT NULL,
  `mc_delete_member` tinyint(1) NOT NULL,
  `mc_language` varchar(255) NOT NULL DEFAULT '',
  `mc_published` tinyint(1) NOT NULL,
  PRIMARY KEY (`form_id`)
) ENGINE=InnoDB DEFAULT CHARSET=utf8mb3 COLLATE=utf8mb3_general_ci;

--
-- Dumping data for table `josuk_rsform_mailchimp`
--

INSERT INTO `josuk_rsform_mailchimp` VALUES (1,'',1,'','a:0:{}','a:0:{}','a:0:{}','',0,1,'html','',1,0,1,0,'',0),(5,'',1,'','a:0:{}','a:0:{}','a:0:{}','',0,1,'html','',1,0,1,0,'',0),(9,'',1,'','a:0:{}','a:0:{}','a:0:{}','',0,1,'html','',1,0,1,0,'',0);

--
-- Table structure for table `josuk_rsform_mappings`
--

CREATE TABLE `josuk_rsform_mappings` (
  `id` int(11) NOT NULL AUTO_INCREMENT,
  `formId` int(11) NOT NULL,
  `connection` tinyint(1) NOT NULL,
  `host` varchar(255) NOT NULL,
  `driver` varchar(16) NOT NULL,
  `port` int(10) NOT NULL,
  `username` varchar(255) NOT NULL,
  `password` varchar(255) NOT NULL,
  `database` varchar(255) NOT NULL,
  `method` tinyint(1) NOT NULL,
  `table` varchar(255) NOT NULL,
  `data` mediumtext NOT NULL,
  `wheredata` mediumtext NOT NULL,
  `extra` mediumtext NOT NULL,
  `andor` text NOT NULL,
  `ordering` int(11) NOT NULL,
  PRIMARY KEY (`id`)
) ENGINE=InnoDB DEFAULT CHARSET=utf8mb4 COLLATE=utf8mb4_unicode_ci;

--
-- Dumping data for table `josuk_rsform_mappings`
--


--
-- Table structure for table `josuk_rsform_posts`
--

CREATE TABLE `josuk_rsform_posts` (
  `form_id` int(11) NOT NULL,
  `enabled` tinyint(1) NOT NULL,
  `method` tinyint(1) NOT NULL,
  `fields` mediumtext NOT NULL,
  `headers` mediumtext NOT NULL,
  `silent` tinyint(1) NOT NULL,
  `url` text NOT NULL,
  PRIMARY KEY (`form_id`)
) ENGINE=InnoDB DEFAULT CHARSET=utf8mb4 COLLATE=utf8mb4_unicode_ci;

--
-- Dumping data for table `josuk_rsform_posts`
--

INSERT INTO `josuk_rsform_posts` VALUES (1,0,1,'[]','[]',1,'https://'),(2,0,1,'[]','[]',1,'https://'),(3,0,1,'[]','[]',1,'https://'),(5,1,1,'[]','[]',1,'https://hooks.zapier.com/hooks/catch/17941608/3cnn4fq/'),(6,0,1,'[]','[]',1,'https://'),(7,0,1,'[]','[]',1,'https://'),(9,1,1,'[]','[]',1,'');

--
-- Table structure for table `josuk_rsform_properties`
--

CREATE TABLE `josuk_rsform_properties` (
  `PropertyId` int(11) NOT NULL AUTO_INCREMENT,
  `ComponentId` int(11) NOT NULL DEFAULT 0,
  `PropertyName` text NOT NULL,
  `PropertyValue` mediumtext NOT NULL,
  UNIQUE KEY `PropertyId` (`PropertyId`),
  KEY `ComponentId` (`ComponentId`)
) ENGINE=InnoDB AUTO_INCREMENT=568 DEFAULT CHARSET=utf8mb4 COLLATE=utf8mb4_unicode_ci;

--
-- Dumping data for table `josuk_rsform_properties`
--

INSERT INTO `josuk_rsform_properties` VALUES (1,1,'NAME','FullName'),(2,1,'CAPTION','Full Name'),(3,1,'REQUIRED','YES'),(4,1,'SIZE','20'),(5,1,'MAXSIZE',''),(6,1,'VALIDATIONRULE','none'),(7,1,'VALIDATIONMESSAGE','Please type your full name.'),(8,1,'ADDITIONALATTRIBUTES',''),(9,1,'DEFAULTVALUE',''),(10,1,'DESCRIPTION',''),(11,2,'NAME','Header'),(12,2,'TEXT','<b>This text describes the form. It is added using the Free Text component</b>. HTML code can be added directly here.'),(13,3,'NAME','Email'),(14,3,'CAPTION','E-mail'),(15,3,'REQUIRED','YES'),(16,3,'SIZE','20'),(17,3,'MAXSIZE',''),(18,3,'VALIDATIONRULE','email'),(19,3,'VALIDATIONMESSAGE','Invalid email address.'),(20,3,'ADDITIONALATTRIBUTES',''),(21,3,'DEFAULTVALUE',''),(22,3,'DESCRIPTION',''),(23,4,'NAME','CompanySize'),(24,4,'CAPTION','Number of Employees'),(25,4,'SIZE',''),(26,4,'MULTIPLE','NO'),(27,4,'ITEMS','|Please Select[c]\n1-20\n21-50\n51-100\n>100|More than 100'),(28,4,'REQUIRED','YES'),(29,4,'ADDITIONALATTRIBUTES',''),(30,4,'DESCRIPTION',''),(31,4,'VALIDATIONMESSAGE','Please tell us how big is your company.'),(32,5,'NAME','Position'),(33,5,'CAPTION','Position'),(34,5,'ITEMS','CEO\r\nCFO\r\nCTO\r\nHR[c]'),(35,5,'FLOW','HORIZONTAL'),(36,5,'REQUIRED','YES'),(37,5,'ADDITIONALATTRIBUTES',''),(38,5,'DESCRIPTION',''),(39,5,'VALIDATIONMESSAGE','Please specify your position in the company'),(40,6,'NAME','ContactBy'),(41,6,'CAPTION','How should we contact you?'),(42,6,'ITEMS','E-mail[c]\nPhone\nNewsletter[c]\nMail'),(43,6,'FLOW','HORIZONTAL'),(44,6,'REQUIRED','NO'),(45,6,'ADDITIONALATTRIBUTES',''),(46,6,'DESCRIPTION',''),(47,6,'VALIDATIONMESSAGE',''),(48,7,'NAME','ContactWhen'),(49,7,'CAPTION','When would you like to be contacted?'),(50,7,'REQUIRED','YES'),(51,7,'DATEFORMAT','d.m.Y'),(52,7,'CALENDARLAYOUT','POPUP'),(53,7,'ADDITIONALATTRIBUTES',''),(54,7,'READONLY','YES'),(55,7,'POPUPLABEL','...'),(56,7,'DESCRIPTION',''),(57,7,'VALIDATIONMESSAGE','Please select a date when we should contact you.'),(58,8,'NAME','Submit'),(59,8,'LABEL','Submit'),(60,8,'CAPTION',''),(61,8,'RESET','YES'),(62,8,'RESETLABEL','Reset'),(63,8,'ADDITIONALATTRIBUTES',''),(64,9,'NAME','Footer'),(65,9,'TEXT','This form is an example. Please check our knowledgebase for articles related to how you should build your form. Articles are updated daily. <a href=\"https://www.rsjoomla.com/\" target=\"_blank\">https://www.rsjoomla.com/</a>'),(66,10,'NAME','FullName'),(67,10,'CAPTION','Full Name'),(68,10,'REQUIRED','YES'),(69,10,'SIZE','20'),(70,10,'MAXSIZE',''),(71,10,'VALIDATIONRULE','none'),(72,10,'VALIDATIONMESSAGE','Please type your full name.'),(73,10,'ADDITIONALATTRIBUTES',''),(74,10,'DEFAULTVALUE',''),(75,10,'DESCRIPTION',''),(76,10,'VALIDATIONEXTRA',''),(77,11,'NAME','Header'),(78,11,'TEXT','<b>This text describes the form. It is added using the Free Text component</b>. HTML code can be added directly here.'),(79,12,'NAME','Email'),(80,12,'CAPTION','E-mail'),(81,12,'REQUIRED','YES'),(82,12,'SIZE','20'),(83,12,'MAXSIZE',''),(84,12,'VALIDATIONRULE','email'),(85,12,'VALIDATIONMESSAGE','Invalid email address.'),(86,12,'ADDITIONALATTRIBUTES',''),(87,12,'DEFAULTVALUE',''),(88,12,'DESCRIPTION',''),(89,12,'VALIDATIONEXTRA',''),(90,13,'NAME','CompanySize'),(91,13,'CAPTION','Number of Employees'),(92,13,'SIZE',''),(93,13,'MULTIPLE','NO'),(94,13,'ITEMS','|Please Select[c]\n1-20\n21-50\n51-100\n>100|More than 100'),(95,13,'REQUIRED','YES'),(96,13,'ADDITIONALATTRIBUTES',''),(97,13,'DESCRIPTION',''),(98,13,'VALIDATIONMESSAGE','Please tell us how big is your company.'),(99,14,'NAME','Position'),(100,14,'CAPTION','Position'),(101,14,'ITEMS','CEO\nCFO\nCTO\nHR[c]'),(102,14,'FLOW','HORIZONTAL'),(103,14,'REQUIRED','YES'),(104,14,'ADDITIONALATTRIBUTES',''),(105,14,'DESCRIPTION',''),(106,14,'VALIDATIONMESSAGE','Please specify your position in the company'),(107,15,'NAME','ContactBy'),(108,15,'CAPTION','How should we contact you?'),(109,15,'ITEMS','E-mail[c]\nPhone\nNewsletter[c]\nMail'),(110,15,'FLOW','HORIZONTAL'),(111,15,'REQUIRED','NO'),(112,15,'ADDITIONALATTRIBUTES',''),(113,15,'DESCRIPTION',''),(114,15,'VALIDATIONMESSAGE',''),(115,16,'NAME','ContactWhen'),(116,16,'CAPTION','When would you like to be contacted?'),(117,16,'REQUIRED','YES'),(118,16,'DATEFORMAT','d.m.Y'),(119,16,'CALENDARLAYOUT','POPUP'),(120,16,'ADDITIONALATTRIBUTES',''),(121,16,'READONLY','YES'),(122,16,'POPUPLABEL','...'),(123,16,'DESCRIPTION',''),(124,16,'VALIDATIONMESSAGE','Please select a date when we should contact you.'),(125,17,'NAME','Submit'),(126,17,'LABEL','Submit'),(127,17,'CAPTION',''),(128,17,'RESET','YES'),(129,17,'RESETLABEL','Reset'),(130,17,'ADDITIONALATTRIBUTES',''),(131,17,'DISPLAYPROGRESSMSG','<div>\r\n <p><em>Page <strong>{page}</strong> of {total}</em></p>\r\n <div class=\"rsformProgressContainer\">\r\n  <div class=\"rsformProgressBar\" style=\"width: {percent}%;\"></div>\r\n </div>\r\n</div>'),(132,17,'PREVBUTTON','< Prev'),(133,18,'NAME','Footer'),(134,18,'TEXT','This form is an example. Please check our knowledgebase for articles related to how you should build your form. Articles are updated daily. <a href=\"https://www.rsjoomla.com/\" target=\"_blank\">https://www.rsjoomla.com/</a>'),(135,19,'NAME','Page1'),(136,19,'NEXTBUTTON','Next >'),(137,19,'PREVBUTTON','< Prev'),(138,19,'DISPLAYPROGRESSMSG','<div>\r\n <p><em>Page <strong>{page}</strong> of {total}</em></p>\r\n <div class=\"rsformProgressContainer\">\r\n  <div class=\"rsformProgressBar\" style=\"width: {percent}%;\"></div>\r\n </div>\r\n</div>'),(139,19,'ADDITIONALATTRIBUTES',''),(140,20,'NAME','Page2'),(141,20,'NEXTBUTTON','Next >'),(142,20,'PREVBUTTON','< Prev'),(143,20,'DISPLAYPROGRESSMSG','<div>\r\n <p><em>Page <strong>{page}</strong> of {total}</em></p>\r\n <div class=\"rsformProgressContainer\">\r\n  <div class=\"rsformProgressBar\" style=\"width: {percent}%;\"></div>\r\n </div>\r\n</div>'),(144,20,'ADDITIONALATTRIBUTES',''),(145,21,'NAME','CompanyHeader'),(146,21,'TEXT','Please tell us a little about your company.'),(147,22,'NAME','ContactHeader'),(148,22,'TEXT','Please let us know how and when to contact you.'),(149,23,'NAME','Name'),(150,23,'CAPTION','Name'),(151,23,'DEFAULTVALUE',''),(152,23,'DESCRIPTION',''),(153,23,'REQUIRED','YES'),(154,23,'VALIDATIONRULE','alphaaccented'),(155,23,'VALIDATIONMESSAGE','This is a required field'),(156,23,'VALIDATIONEXTRA',''),(157,23,'INPUTTYPE','text'),(158,23,'ATTRMIN',''),(159,23,'ATTRMAX',''),(160,23,'ATTRSTEP','1'),(161,23,'SIZE','20'),(162,23,'MAXSIZE',''),(163,23,'PLACEHOLDER',''),(164,23,'ADDITIONALATTRIBUTES',''),(165,23,'TEXT',''),(166,24,'NAME','Email_Address'),(167,24,'CAPTION','Email Address'),(168,24,'DEFAULTVALUE',''),(169,24,'DESCRIPTION',''),(170,24,'REQUIRED','YES'),(171,24,'VALIDATIONRULE','email'),(172,24,'VALIDATIONMESSAGE','This is a required field'),(173,24,'VALIDATIONEXTRA',''),(174,24,'INPUTTYPE','text'),(175,24,'ATTRMIN',''),(176,24,'ATTRMAX',''),(177,24,'ATTRSTEP','1'),(178,24,'SIZE','20'),(179,24,'MAXSIZE',''),(180,24,'PLACEHOLDER',''),(181,24,'ADDITIONALATTRIBUTES',''),(182,24,'TEXT',''),(183,25,'NAME','Send_Message'),(184,25,'LABEL','Send Message'),(185,25,'CAPTION',''),(186,25,'RESET','NO'),(187,25,'RESETLABEL',''),(188,25,'PREVBUTTON','< Prev'),(189,25,'DISPLAYPROGRESS','NO'),(190,25,'DISPLAYPROGRESSMSG','<div>\r\n <p><em>Page <strong>{page}</strong> of {total}</em></p>\r\n <div class=\"rsformProgressContainer\">\r\n  <div class=\"rsformProgressBar\" style=\"width: {percent}%;\"></div>\r\n </div>\r\n</div>'),(191,25,'ALLOWHTML','NO'),(192,25,'ADDITIONALATTRIBUTES',''),(193,25,'TEXT',''),(194,26,'NAME','Your_Message'),(195,26,'CAPTION','Your Message'),(196,26,'DEFAULTVALUE',''),(197,26,'DESCRIPTION',''),(198,26,'REQUIRED','YES'),(199,26,'VALIDATIONRULE','alphanumericaccented'),(200,26,'VALIDATIONEXTRA',''),(201,26,'VALIDATIONMESSAGE','This is a required field.'),(202,26,'COLS','50'),(203,26,'ROWS','5'),(204,26,'PLACEHOLDER',''),(205,26,'WYSIWYG','NO'),(206,26,'WYSIWYGBUTTONS','NO'),(207,26,'MAXSIZE',''),(208,26,'SHOW_CHAR_COUNT','NO'),(209,26,'ADDITIONALATTRIBUTES',''),(210,26,'TEXT',''),(211,27,'NAME','Company_Name'),(212,27,'CAPTION','Company Name'),(213,27,'DEFAULTVALUE',''),(214,27,'DESCRIPTION',''),(215,27,'REQUIRED','YES'),(216,27,'VALIDATIONRULE','alphanumericaccented'),(217,27,'VALIDATIONMESSAGE','Invalid Input'),(218,27,'VALIDATIONEXTRA',''),(219,27,'INPUTTYPE','text'),(220,27,'ATTRMIN',''),(221,27,'ATTRMAX',''),(222,27,'ATTRSTEP','1'),(223,27,'SIZE','20'),(224,27,'MAXSIZE',''),(225,27,'PLACEHOLDER',''),(226,27,'ADDITIONALATTRIBUTES',''),(227,27,'TEXT',''),(228,28,'NAME','Contact_Name'),(229,28,'CAPTION','Contact Name'),(230,28,'DEFAULTVALUE',''),(231,28,'DESCRIPTION',''),(232,28,'REQUIRED','YES'),(233,28,'VALIDATIONRULE','alphaaccented'),(234,28,'VALIDATIONMESSAGE','Invalid Input'),(235,28,'VALIDATIONEXTRA',''),(236,28,'INPUTTYPE','text'),(237,28,'ATTRMIN',''),(238,28,'ATTRMAX',''),(239,28,'ATTRSTEP','1'),(240,28,'SIZE','20'),(241,28,'MAXSIZE',''),(242,28,'PLACEHOLDER',''),(243,28,'ADDITIONALATTRIBUTES',''),(244,28,'TEXT',''),(245,29,'NAME','Email'),(246,29,'CAPTION','Email'),(247,29,'DEFAULTVALUE',''),(248,29,'DESCRIPTION',''),(249,29,'REQUIRED','YES'),(250,29,'VALIDATIONRULE','email'),(251,29,'VALIDATIONMESSAGE','Invalid Input'),(252,29,'VALIDATIONEXTRA',''),(253,29,'INPUTTYPE','text'),(254,29,'ATTRMIN',''),(255,29,'ATTRMAX',''),(256,29,'ATTRSTEP','1'),(257,29,'SIZE','20'),(258,29,'MAXSIZE',''),(259,29,'PLACEHOLDER',''),(260,29,'ADDITIONALATTRIBUTES',''),(261,29,'TEXT',''),(262,30,'NAME','Phone_Number'),(263,30,'CAPTION','Phone Number (Enter without spaces)'),(264,30,'DEFAULTVALUE',''),(265,30,'DESCRIPTION',''),(266,30,'REQUIRED','YES'),(267,30,'VALIDATIONRULE','numeric'),(268,30,'VALIDATIONMESSAGE','Invalid Input'),(269,30,'VALIDATIONEXTRA','( ) +'),(270,30,'INPUTTYPE','text'),(271,30,'ATTRMIN',''),(272,30,'ATTRMAX',''),(273,30,'ATTRSTEP','1'),(274,30,'SIZE','20'),(275,30,'MAXSIZE',''),(276,30,'PLACEHOLDER',''),(277,30,'ADDITIONALATTRIBUTES',''),(278,30,'TEXT',''),(279,31,'NAME','Industry'),(280,31,'CAPTION','Industry'),(281,31,'DEFAULTVALUE',''),(282,31,'DESCRIPTION',''),(283,31,'REQUIRED','YES'),(284,31,'VALIDATIONRULE','alphanumericaccented'),(285,31,'VALIDATIONMESSAGE','Invalid Input'),(286,31,'VALIDATIONEXTRA',''),(287,31,'INPUTTYPE','text'),(288,31,'ATTRMIN',''),(289,31,'ATTRMAX',''),(290,31,'ATTRSTEP','1'),(291,31,'SIZE','20'),(292,31,'MAXSIZE',''),(293,31,'PLACEHOLDER',''),(294,31,'ADDITIONALATTRIBUTES',''),(295,31,'TEXT',''),(296,32,'NAME','Are_you_currently_processing'),(297,32,'CAPTION','Are you currently processing'),(298,32,'ITEMS','Yes|Yes\r\nNo|No[c]'),(299,32,'DESCRIPTION',''),(300,32,'REQUIRED','YES'),(301,32,'VALIDATIONMESSAGE','Invalid Input'),(302,32,'SIZE',''),(303,32,'MULTIPLE','NO'),(304,32,'ADDITIONALATTRIBUTES',''),(305,32,'TEXT',''),(310,34,'NAME','Message'),(311,34,'CAPTION','Please share any information that would be useful to your enquiry'),(312,34,'DEFAULTVALUE',''),(313,34,'DESCRIPTION',''),(314,34,'REQUIRED','NO'),(315,34,'VALIDATIONRULE','none'),(316,34,'VALIDATIONEXTRA',''),(317,34,'VALIDATIONMESSAGE','Invalid Input'),(318,34,'COLS','50'),(319,34,'ROWS','5'),(320,34,'PLACEHOLDER',''),(321,34,'WYSIWYG','NO'),(322,34,'WYSIWYGBUTTONS','NO'),(323,34,'MAXSIZE',''),(324,34,'SHOW_CHAR_COUNT','NO'),(325,34,'ADDITIONALATTRIBUTES',''),(326,34,'TEXT',''),(336,36,'NAME','Test_Text_Field'),(337,36,'CAPTION','Test Text Field'),(338,36,'DEFAULTVALUE',''),(339,36,'DESCRIPTION',''),(340,36,'REQUIRED','YES'),(341,36,'VALIDATIONRULE','email'),(342,36,'VALIDATIONMESSAGE','This field needs to contain a valid email address'),(343,36,'VALIDATIONEXTRA',''),(344,36,'INPUTTYPE','text'),(345,36,'ATTRMIN',''),(346,36,'ATTRMAX',''),(347,36,'ATTRSTEP','1'),(348,36,'SIZE','20'),(349,36,'MAXSIZE',''),(350,36,'PLACEHOLDER',''),(351,36,'ADDITIONALATTRIBUTES',''),(352,36,'TEXT',''),(353,37,'NAME','Submit'),(354,37,'LABEL','Submit'),(355,37,'CAPTION',''),(356,37,'RESET','NO'),(357,37,'RESETLABEL',''),(358,37,'PREVBUTTON','< Prev'),(359,37,'DISPLAYPROGRESS','NO'),(360,37,'DISPLAYPROGRESSMSG','<div>\r\n <p><em>Page <strong>{page}</strong> of {total}</em></p>\r\n <div class=\"rsformProgressContainer\">\r\n  <div class=\"rsformProgressBar\" style=\"width: {percent}%;\"></div>\r\n </div>\r\n</div>'),(361,37,'ALLOWHTML','NO'),(362,37,'ADDITIONALATTRIBUTES',''),(363,37,'TEXT',''),(364,38,'NAME','Test_Dropdown'),(365,38,'CAPTION','Test Dropdown'),(366,38,'ITEMS','Value 1|1\r\nValue 2|2\r\nValue 3|3'),(367,38,'DESCRIPTION',''),(368,38,'REQUIRED','NO'),(369,38,'VALIDATIONMESSAGE','Invalid Input'),(370,38,'SIZE',''),(371,38,'MULTIPLE','NO'),(372,38,'ADDITIONALATTRIBUTES',''),(373,38,'TEXT',''),(374,39,'NAME','Test_Dropdown_Multi'),(375,39,'CAPTION','Test Dropdown Multi'),(376,39,'ITEMS','1|1\r\n2|2\r\n3|3\r\n4|4'),(377,39,'DESCRIPTION',''),(378,39,'REQUIRED','NO'),(379,39,'VALIDATIONMESSAGE','Invalid Input'),(380,39,'SIZE',''),(381,39,'MULTIPLE','YES'),(382,39,'ADDITIONALATTRIBUTES',''),(383,39,'TEXT',''),(384,40,'NAME','Test_Text_Area'),(385,40,'CAPTION','Test Text Area'),(386,40,'DEFAULTVALUE',''),(387,40,'DESCRIPTION',''),(388,40,'REQUIRED','NO'),(389,40,'VALIDATIONRULE','none'),(390,40,'VALIDATIONEXTRA',''),(391,40,'VALIDATIONMESSAGE','Invalid Input'),(392,40,'COLS','50'),(393,40,'ROWS','20'),(394,40,'PLACEHOLDER',''),(395,40,'WYSIWYG','NO'),(396,40,'WYSIWYGBUTTONS','NO'),(397,40,'MAXSIZE','100'),(398,40,'SHOW_CHAR_COUNT','YES'),(399,40,'ADDITIONALATTRIBUTES',''),(400,40,'TEXT',''),(401,41,'NAME','Test_Checkbox_Group'),(402,41,'CAPTION','Test Checkbox Group'),(403,41,'ITEMS','1|1\r\n2|2\r\n3|3'),(404,41,'DESCRIPTION',''),(405,41,'REQUIRED','NO'),(406,41,'VALIDATIONMESSAGE','Invalid Input'),(407,41,'FLOW','HORIZONTAL'),(408,41,'MAXSELECTIONS','0'),(409,41,'MINSELECTIONS','0'),(410,41,'ADDITIONALATTRIBUTES',''),(411,41,'TEXT',''),(412,42,'NAME','ContactBy'),(413,42,'CAPTION','How should we contact you?'),(414,42,'ITEMS','E-Mail\r\nPhone\r\nNewsletter\r\nMail\r\nOther'),(415,42,'DESCRIPTION',''),(416,42,'REQUIRED','NO'),(417,42,'VALIDATIONMESSAGE','Invalid Input'),(418,42,'FLOW','HORIZONTAL'),(419,42,'MAXSELECTIONS','0'),(420,42,'MINSELECTIONS','0'),(421,42,'ADDITIONALATTRIBUTES',''),(422,42,'TEXT',''),(423,43,'NAME','Submit'),(424,43,'LABEL','Submit'),(425,43,'CAPTION',''),(426,43,'RESET','NO'),(427,43,'RESETLABEL',''),(428,43,'PREVBUTTON','< Prev'),(429,43,'DISPLAYPROGRESS','NO'),(430,43,'DISPLAYPROGRESSMSG','<div>\r\n <p><em>Page <strong>{page}</strong> of {total}</em></p>\r\n <div class=\"rsformProgressContainer\">\r\n  <div class=\"rsformProgressBar\" style=\"width: {percent}%;\"></div>\r\n </div>\r\n</div>'),(431,43,'ALLOWHTML','NO'),(432,43,'ADDITIONALATTRIBUTES',''),(433,43,'TEXT',''),(434,44,'NAME','SpecifyBelow'),(435,44,'CAPTION','Please Specify'),(436,44,'DEFAULTVALUE',''),(437,44,'DESCRIPTION',''),(438,44,'REQUIRED','NO'),(439,44,'VALIDATIONRULE','none'),(440,44,'VALIDATIONMESSAGE','Invalid Input'),(441,44,'VALIDATIONEXTRA',''),(442,44,'INPUTTYPE','text'),(443,44,'ATTRMIN',''),(444,44,'ATTRMAX',''),(445,44,'ATTRSTEP','1'),(446,44,'SIZE','20'),(447,44,'MAXSIZE',''),(448,44,'PLACEHOLDER',''),(449,44,'ADDITIONALATTRIBUTES',''),(450,44,'TEXT',''),(451,45,'NAME','How_much_are_you_currently_processing'),(452,45,'CAPTION','How much are you currently processing per month? '),(453,45,'ITEMS','£0 - £100k|£0 - £100k\r\n£100k - £500k|£100k - £500k\r\n£500k - £1m|£500k - £1m\r\n£1m+|£1m+'),(454,45,'DESCRIPTION',''),(455,45,'REQUIRED','NO'),(456,45,'VALIDATIONMESSAGE','Invalid Input'),(457,45,'FLOW','HORIZONTAL'),(458,45,'ADDITIONALATTRIBUTES',''),(459,45,'TEXT',''),(460,46,'NAME','Test'),(461,46,'TEXT','<p>To demonstrate the conditional field please put a tick in the checkbox labelled \"Other\". This will make a field currently hidden appear on the form. You can find the documentation for this here:&nbsp;</p>\r\n<p><a href=\"https://www.rsjoomla.com/support/documentation/rsform-pro/getting-started/conditional-fields.html\">https://www.rsjoomla.com/support/documentation/rsform-pro/getting-started/conditional-fields.html</a></p>\r\n<p>&nbsp;</p>\r\n<p>&nbsp;</p>'),(462,47,'NAME','PostText'),(463,47,'TEXT','<p>You can use this technique to build forms that are complex but always bear in mind the main idea:&nbsp; \"Less is more\". People have a <strong>very low tolerance</strong> threshold for filling in forms online, for a \"cold\" contact form you really only want around 3 or 4 fields - any more and you won\'t get them to fill it in unless you offer them something (money usually works!).</p>'),(464,48,'NAME','YourEmail'),(465,48,'CAPTION','Your Email Address'),(466,48,'DEFAULTVALUE',''),(467,48,'DESCRIPTION',''),(468,48,'REQUIRED','NO'),(469,48,'VALIDATIONRULE','email'),(470,48,'VALIDATIONMESSAGE','Invalid Input'),(471,48,'VALIDATIONEXTRA',''),(472,48,'INPUTTYPE','text'),(473,48,'ATTRMIN',''),(474,48,'ATTRMAX',''),(475,48,'ATTRSTEP','1'),(476,48,'SIZE','20'),(477,48,'MAXSIZE',''),(478,48,'PLACEHOLDER',''),(479,48,'ADDITIONALATTRIBUTES',''),(480,48,'TEXT',''),(516,52,'NAME','CAPTCHA_Form'),(517,52,'CAPTION','CAPTCHA Form'),(518,52,'LABEL','I am not a robot'),(519,52,'DESCRIPTION',''),(520,52,'VALIDATIONMESSAGE','Invalid Input'),(521,52,'DIFFICULTY','4'),(522,52,'ADDITIONALATTRIBUTES',''),(523,52,'TEXT',''),(524,5,'TEXT',''),(557,55,'NAME','Submit_Button'),(558,55,'LABEL','Submit'),(559,55,'CAPTION','Submit'),(560,55,'RESET','NO'),(561,55,'RESETLABEL',''),(562,55,'PREVBUTTON','< Prev'),(563,55,'DISPLAYPROGRESS','NO'),(564,55,'DISPLAYPROGRESSMSG','<div>\r\n <p><em>Page <strong>{page}</strong> of {total}</em></p>\r\n <div class=\"rsformProgressContainer\">\r\n  <div class=\"rsformProgressBar\" style=\"width: {percent}%;\"></div>\r\n </div>\r\n</div>'),(565,55,'ALLOWHTML','NO'),(566,55,'ADDITIONALATTRIBUTES',''),(567,55,'TEXT','');

--
-- Table structure for table `josuk_rsform_submission_columns`
--

CREATE TABLE `josuk_rsform_submission_columns` (
  `FormId` int(11) NOT NULL,
  `ColumnName` varchar(255) NOT NULL,
  `ColumnStatic` tinyint(1) NOT NULL,
  PRIMARY KEY (`FormId`,`ColumnName`,`ColumnStatic`)
) ENGINE=InnoDB DEFAULT CHARSET=utf8mb3 COLLATE=utf8mb3_general_ci;

--
-- Dumping data for table `josuk_rsform_submission_columns`
--


--
-- Table structure for table `josuk_rsform_submission_values`
--

CREATE TABLE `josuk_rsform_submission_values` (
  `SubmissionValueId` int(11) NOT NULL AUTO_INCREMENT,
  `FormId` int(11) NOT NULL,
  `SubmissionId` int(11) NOT NULL DEFAULT 0,
  `FieldName` text NOT NULL,
  `FieldValue` mediumtext NOT NULL,
  PRIMARY KEY (`SubmissionValueId`),
  KEY `FormId` (`FormId`),
  KEY `SubmissionId` (`SubmissionId`)
) ENGINE=InnoDB AUTO_INCREMENT=39 DEFAULT CHARSET=utf8mb4 COLLATE=utf8mb4_unicode_ci;

--
-- Dumping data for table `josuk_rsform_submission_values`
--

INSERT INTO `josuk_rsform_submission_values` VALUES (1,3,1,'Name','Mickey Mouse'),(2,3,1,'Email_Address','mickeymouse@northcountrywoods.co.uk'),(3,3,1,'Your_Message','This is a test form submission'),(4,3,1,'formId','3'),(5,6,2,'Test_Text_Field','mickeymouse@northcountrywoods.co.uk'),(6,6,2,'Test_Dropdown','Value 1'),(7,6,2,'Test_Text_Area','?Blah blah'),(8,6,2,'Test_Dropdown_Multi','1'),(9,6,2,'Test_Checkbox_Group','2'),(10,6,2,'Submit',''),(11,6,2,'formId','6'),(12,2,3,'FullName','Mickey Mouse'),(13,2,3,'Email','mickeymouse@northcountrywoods.co.uk'),(14,2,3,'CompanySize','>100'),(15,2,3,'Position','CEO'),(16,2,3,'ContactBy','E-mail\nNewsletter'),(17,2,3,'ContactWhen','14.02.2024'),(18,2,3,'Submit',''),(19,2,3,'formId','2'),(20,5,4,'Company_Name','Axcess Payment Services'),(21,5,4,'Email','claire.stockdale@axcessps.com'),(22,5,4,'Industry','Payments'),(23,5,4,'Contact_Name','Claire Stockdale'),(24,5,4,'Phone_Number','7900268656'),(25,5,4,'Are_you_currently_processing','Yes'),(26,5,4,'If_Yes_how_much_are_you_currently_processing','£0 - £100k'),(27,5,4,'Message','Extra info'),(28,5,4,'Send_Message',''),(29,5,4,'formId','5'),(30,5,5,'Company_Name','Axcess '),(31,5,5,'Email','Sarah.hughes@axcessms.com'),(32,5,5,'Industry','Payments'),(33,5,5,'Contact_Name','Sarah Hughes'),(34,5,5,'Phone_Number','07930865525'),(35,5,5,'Are_you_currently_processing','No'),(36,5,5,'Message',''),(37,5,5,'Submit_Button',''),(38,5,5,'formId','5');

--
-- Table structure for table `josuk_rsform_submissions`
--

CREATE TABLE `josuk_rsform_submissions` (
  `SubmissionId` int(11) NOT NULL AUTO_INCREMENT,
  `FormId` int(11) NOT NULL DEFAULT 0,
  `DateSubmitted` datetime NOT NULL,
  `UserIp` varchar(255) NOT NULL DEFAULT '',
  `Username` varchar(255) NOT NULL DEFAULT '',
  `UserId` int(11) NOT NULL DEFAULT 0,
  `Lang` varchar(255) NOT NULL,
  `confirmed` tinyint(1) NOT NULL,
  `SubmissionHash` varchar(32) NOT NULL,
  `ConfirmedIp` varchar(255) NOT NULL DEFAULT '',
  `ConfirmedDate` datetime DEFAULT NULL,
  PRIMARY KEY (`SubmissionId`),
  KEY `FormId` (`FormId`),
  KEY `SubmissionId` (`SubmissionId`,`FormId`,`DateSubmitted`),
  KEY `SubmissionHash` (`SubmissionHash`)
) ENGINE=InnoDB AUTO_INCREMENT=6 DEFAULT CHARSET=utf8mb3 COLLATE=utf8mb3_general_ci;

--
-- Dumping data for table `josuk_rsform_submissions`
--

INSERT INTO `josuk_rsform_submissions` VALUES (1,3,'2024-02-06 15:02:25','212.159.119.174','burnsy',257,'en-GB',1,'d02145557d4aa7c9c22bd1bc76d85592','',NULL),(2,6,'2024-02-07 15:33:46','212.159.119.174','burnsy',257,'en-GB',1,'70d8c616a6910b8a09ee169b11d8dd76','',NULL),(3,2,'2024-02-07 15:40:24','212.159.119.174','burnsy',257,'en-GB',1,'fd1d99f8dcb5664f01abe8b1ada3d6e5','',NULL),(4,5,'2024-03-06 11:53:21','2a02:c7e:28ab:900:7df9:f13c:838b:a034','ian@safe365.co.uk',260,'en-GB',1,'eec5335310f4799c9b6aed5499e3e757','',NULL),(5,5,'2024-03-18 16:21:07','2a00:23c6:34ce:f201:e452:1b0e:774f:cf9f','sarah.hughes@axcessms.com',259,'en-GB',1,'241b5ba3267c3ad12eae78bb1c583bb5','',NULL);

--
-- Table structure for table `josuk_rsform_translations`
--

CREATE TABLE `josuk_rsform_translations` (
  `id` int(11) NOT NULL AUTO_INCREMENT,
  `form_id` int(11) NOT NULL,
  `lang_code` varchar(16) NOT NULL,
  `reference` varchar(64) NOT NULL,
  `reference_id` varchar(255) NOT NULL,
  `value` mediumtext NOT NULL,
  PRIMARY KEY (`id`),
  KEY `form_id` (`form_id`),
  KEY `lang_code` (`lang_code`),
  KEY `reference` (`reference`),
  KEY `lang_search` (`form_id`,`lang_code`,`reference`)
) ENGINE=InnoDB DEFAULT CHARSET=utf8mb4 COLLATE=utf8mb4_unicode_ci;

--
-- Dumping data for table `josuk_rsform_translations`
--


--
-- Table structure for table `josuk_scheduler_tasks`
--

CREATE TABLE `josuk_scheduler_tasks` (
  `id` int(10) unsigned NOT NULL AUTO_INCREMENT,
  `asset_id` int(10) unsigned NOT NULL DEFAULT 0 COMMENT 'FK to the #__assets table.',
  `title` varchar(255) NOT NULL DEFAULT '',
  `type` varchar(128) NOT NULL COMMENT 'unique identifier for job defined by plugin',
  `execution_rules` text DEFAULT NULL COMMENT 'Execution Rules, Unprocessed',
  `cron_rules` text DEFAULT NULL COMMENT 'Processed execution rules, crontab-like JSON form',
  `state` tinyint(4) NOT NULL DEFAULT 0,
  `last_exit_code` int(11) NOT NULL DEFAULT 0 COMMENT 'Exit code when job was last run',
  `last_execution` datetime DEFAULT NULL COMMENT 'Timestamp of last run',
  `next_execution` datetime DEFAULT NULL COMMENT 'Timestamp of next (planned) run, referred for execution on trigger',
  `times_executed` int(11) DEFAULT 0 COMMENT 'Count of successful triggers',
  `times_failed` int(11) DEFAULT 0 COMMENT 'Count of failures',
  `locked` datetime DEFAULT NULL,
  `priority` smallint(6) NOT NULL DEFAULT 0,
  `ordering` int(11) NOT NULL DEFAULT 0 COMMENT 'Configurable list ordering',
  `cli_exclusive` smallint(6) NOT NULL DEFAULT 0 COMMENT 'If 1, the task is only accessible via CLI',
  `params` text NOT NULL,
  `note` text DEFAULT NULL,
  `created` datetime NOT NULL,
  `created_by` int(10) unsigned NOT NULL DEFAULT 0,
  `checked_out` int(10) unsigned DEFAULT NULL,
  `checked_out_time` datetime DEFAULT NULL,
  PRIMARY KEY (`id`),
  KEY `idx_type` (`type`),
  KEY `idx_state` (`state`),
  KEY `idx_last_exit` (`last_exit_code`),
  KEY `idx_next_exec` (`next_execution`),
  KEY `idx_locked` (`locked`),
  KEY `idx_priority` (`priority`),
  KEY `idx_cli_exclusive` (`cli_exclusive`),
  KEY `idx_checked_out` (`checked_out`)
) ENGINE=InnoDB DEFAULT CHARSET=utf8mb4 COLLATE=utf8mb4_unicode_ci;

--
-- Dumping data for table `josuk_scheduler_tasks`
--


--
-- Table structure for table `josuk_schemas`
--

CREATE TABLE `josuk_schemas` (
  `extension_id` int(11) NOT NULL,
  `version_id` varchar(20) NOT NULL,
  PRIMARY KEY (`extension_id`,`version_id`)
) ENGINE=InnoDB DEFAULT CHARSET=utf8mb4 COLLATE=utf8mb4_unicode_ci;

--
-- Dumping data for table `josuk_schemas`
--

INSERT INTO `josuk_schemas` VALUES (227,'4.4.0-2023-09-13'),(261,'9.4.0-20221011'),(274,'10.0.0');

--
-- Table structure for table `josuk_session`
--

CREATE TABLE `josuk_session` (
  `session_id` varbinary(192) NOT NULL,
  `client_id` tinyint(3) unsigned DEFAULT NULL,
  `guest` tinyint(3) unsigned DEFAULT 1,
  `time` int(11) NOT NULL DEFAULT 0,
  `data` mediumtext DEFAULT NULL,
  `userid` int(11) DEFAULT 0,
  `username` varchar(150) DEFAULT '',
  PRIMARY KEY (`session_id`),
  KEY `userid` (`userid`),
  KEY `time` (`time`),
  KEY `client_id_guest` (`client_id`,`guest`)
) ENGINE=InnoDB DEFAULT CHARSET=utf8mb4 COLLATE=utf8mb4_unicode_ci;

--
-- Dumping data for table `josuk_session`
--

INSERT INTO `josuk_session` VALUES ('2faf8s4bm8h03fhbu88vu8enup',0,1,1711434560,'joomla|s:1132:\"TzoyNDoiSm9vbWxhXFJlZ2lzdHJ5XFJlZ2lzdHJ5IjozOntzOjc6IgAqAGRhdGEiO086ODoic3RkQ2xhc3MiOjM6e3M6Nzoic2Vzc2lvbiI7Tzo4OiJzdGRDbGFzcyI6Mzp7czo3OiJjb3VudGVyIjtpOjE7czo1OiJ0aW1lciI7Tzo4OiJzdGRDbGFzcyI6Mzp7czo1OiJzdGFydCI7aToxNzExNDM0NTYwO3M6NDoibGFzdCI7aToxNzExNDM0NTYwO3M6Mzoibm93IjtpOjE3MTE0MzQ1NjA7fXM6NToidG9rZW4iO3M6MzI6ImUxZDgyMzYyMjY2ZjVmM2M4ZDNiMzk2ZTExZmNlNmYwIjt9czo4OiJyZWdpc3RyeSI7TzoyNDoiSm9vbWxhXFJlZ2lzdHJ5XFJlZ2lzdHJ5IjozOntzOjc6IgAqAGRhdGEiO086ODoic3RkQ2xhc3MiOjI6e3M6ODoiY29tX2lmYXEiO086ODoic3RkQ2xhc3MiOjE6e3M6ODoiY2F0ZWdvcnkiO086ODoic3RkQ2xhc3MiOjE6e3M6NjoiZmlsdGVyIjtPOjg6InN0ZENsYXNzIjoxOntzOjY6IjEzOjEwMSI7Tzo4OiJzdGRDbGFzcyI6MTp7czozOiJ0YWciO2E6MTp7aTowO2k6ODt9fX19fXM6NToidXNlcnMiO086ODoic3RkQ2xhc3MiOjE6e3M6NToibG9naW4iO086ODoic3RkQ2xhc3MiOjE6e3M6NDoiZm9ybSI7Tzo4OiJzdGRDbGFzcyI6MTp7czo0OiJkYXRhIjthOjE6e3M6NjoicmV0dXJuIjtzOjM5OiJodHRwczovL2tub3dsZWRnZWZyYW1lLmNvLnVrL2F4Y2Vzc2Rldi8iO319fX19czoxNDoiACoAaW5pdGlhbGl6ZWQiO2I6MDtzOjEyOiIAKgBzZXBhcmF0b3IiO3M6MToiLiI7fXM6NDoidXNlciI7TzoyMDoiSm9vbWxhXENNU1xVc2VyXFVzZXIiOjE6e3M6MjoiaWQiO2k6MDt9fXM6MTQ6IgAqAGluaXRpYWxpemVkIjtiOjA7czoxMjoiACoAc2VwYXJhdG9yIjtzOjE6Ii4iO30=\";',0,''),('35u6s30lga3027t8f1688q3sm9',0,1,1711431559,'joomla|s:1132:\"TzoyNDoiSm9vbWxhXFJlZ2lzdHJ5XFJlZ2lzdHJ5IjozOntzOjc6IgAqAGRhdGEiO086ODoic3RkQ2xhc3MiOjM6e3M6Nzoic2Vzc2lvbiI7Tzo4OiJzdGRDbGFzcyI6Mzp7czo3OiJjb3VudGVyIjtpOjE7czo1OiJ0aW1lciI7Tzo4OiJzdGRDbGFzcyI6Mzp7czo1OiJzdGFydCI7aToxNzExNDMxNTU1O3M6NDoibGFzdCI7aToxNzExNDMxNTU1O3M6Mzoibm93IjtpOjE3MTE0MzE1NTU7fXM6NToidG9rZW4iO3M6MzI6ImQ2YzM1NDUxM2E3YjlhYzkwODE1ZGQwZGFiNzYwMDk4Ijt9czo4OiJyZWdpc3RyeSI7TzoyNDoiSm9vbWxhXFJlZ2lzdHJ5XFJlZ2lzdHJ5IjozOntzOjc6IgAqAGRhdGEiO086ODoic3RkQ2xhc3MiOjI6e3M6ODoiY29tX2lmYXEiO086ODoic3RkQ2xhc3MiOjE6e3M6ODoiY2F0ZWdvcnkiO086ODoic3RkQ2xhc3MiOjE6e3M6NjoiZmlsdGVyIjtPOjg6InN0ZENsYXNzIjoxOntzOjY6IjEzOjEwMSI7Tzo4OiJzdGRDbGFzcyI6MTp7czozOiJ0YWciO2E6MTp7aTowO2k6ODt9fX19fXM6NToidXNlcnMiO086ODoic3RkQ2xhc3MiOjE6e3M6NToibG9naW4iO086ODoic3RkQ2xhc3MiOjE6e3M6NDoiZm9ybSI7Tzo4OiJzdGRDbGFzcyI6MTp7czo0OiJkYXRhIjthOjE6e3M6NjoicmV0dXJuIjtzOjM5OiJodHRwczovL2tub3dsZWRnZWZyYW1lLmNvLnVrL2F4Y2Vzc2Rldi8iO319fX19czoxNDoiACoAaW5pdGlhbGl6ZWQiO2I6MDtzOjEyOiIAKgBzZXBhcmF0b3IiO3M6MToiLiI7fXM6NDoidXNlciI7TzoyMDoiSm9vbWxhXENNU1xVc2VyXFVzZXIiOjE6e3M6MjoiaWQiO2k6MDt9fXM6MTQ6IgAqAGluaXRpYWxpemVkIjtiOjA7czoxMjoiACoAc2VwYXJhdG9yIjtzOjE6Ii4iO30=\";',0,''),('401i3ofel8f6kvo02flu06qlik',0,1,1711438172,'joomla|s:1132:\"TzoyNDoiSm9vbWxhXFJlZ2lzdHJ5XFJlZ2lzdHJ5IjozOntzOjc6IgAqAGRhdGEiO086ODoic3RkQ2xhc3MiOjM6e3M6Nzoic2Vzc2lvbiI7Tzo4OiJzdGRDbGFzcyI6Mzp7czo3OiJjb3VudGVyIjtpOjE7czo1OiJ0aW1lciI7Tzo4OiJzdGRDbGFzcyI6Mzp7czo1OiJzdGFydCI7aToxNzExNDM4MTcyO3M6NDoibGFzdCI7aToxNzExNDM4MTcyO3M6Mzoibm93IjtpOjE3MTE0MzgxNzI7fXM6NToidG9rZW4iO3M6MzI6IjNiNjFmOWIyN2NhNGU2NDc0ZmUxYjRkZWU3NjMxMjYyIjt9czo4OiJyZWdpc3RyeSI7TzoyNDoiSm9vbWxhXFJlZ2lzdHJ5XFJlZ2lzdHJ5IjozOntzOjc6IgAqAGRhdGEiO086ODoic3RkQ2xhc3MiOjI6e3M6ODoiY29tX2lmYXEiO086ODoic3RkQ2xhc3MiOjE6e3M6ODoiY2F0ZWdvcnkiO086ODoic3RkQ2xhc3MiOjE6e3M6NjoiZmlsdGVyIjtPOjg6InN0ZENsYXNzIjoxOntzOjY6IjEzOjEwMSI7Tzo4OiJzdGRDbGFzcyI6MTp7czozOiJ0YWciO2E6MTp7aTowO2k6ODt9fX19fXM6NToidXNlcnMiO086ODoic3RkQ2xhc3MiOjE6e3M6NToibG9naW4iO086ODoic3RkQ2xhc3MiOjE6e3M6NDoiZm9ybSI7Tzo4OiJzdGRDbGFzcyI6MTp7czo0OiJkYXRhIjthOjE6e3M6NjoicmV0dXJuIjtzOjM5OiJodHRwczovL2tub3dsZWRnZWZyYW1lLmNvLnVrL2F4Y2Vzc2Rldi8iO319fX19czoxNDoiACoAaW5pdGlhbGl6ZWQiO2I6MDtzOjEyOiIAKgBzZXBhcmF0b3IiO3M6MToiLiI7fXM6NDoidXNlciI7TzoyMDoiSm9vbWxhXENNU1xVc2VyXFVzZXIiOjE6e3M6MjoiaWQiO2k6MDt9fXM6MTQ6IgAqAGluaXRpYWxpemVkIjtiOjA7czoxMjoiACoAc2VwYXJhdG9yIjtzOjE6Ii4iO30=\";',0,''),('4aeiptk513bh5bt5hk2k6gbmrf',0,1,1711432159,'joomla|s:1132:\"TzoyNDoiSm9vbWxhXFJlZ2lzdHJ5XFJlZ2lzdHJ5IjozOntzOjc6IgAqAGRhdGEiO086ODoic3RkQ2xhc3MiOjM6e3M6Nzoic2Vzc2lvbiI7Tzo4OiJzdGRDbGFzcyI6Mzp7czo3OiJjb3VudGVyIjtpOjE7czo1OiJ0aW1lciI7Tzo4OiJzdGRDbGFzcyI6Mzp7czo1OiJzdGFydCI7aToxNzExNDMyMTU4O3M6NDoibGFzdCI7aToxNzExNDMyMTU4O3M6Mzoibm93IjtpOjE3MTE0MzIxNTg7fXM6NToidG9rZW4iO3M6MzI6ImU1Njk5MjhlNGQ4OTlhNjNhMmM0YTJiZDhmOGRhZjMxIjt9czo4OiJyZWdpc3RyeSI7TzoyNDoiSm9vbWxhXFJlZ2lzdHJ5XFJlZ2lzdHJ5IjozOntzOjc6IgAqAGRhdGEiO086ODoic3RkQ2xhc3MiOjI6e3M6ODoiY29tX2lmYXEiO086ODoic3RkQ2xhc3MiOjE6e3M6ODoiY2F0ZWdvcnkiO086ODoic3RkQ2xhc3MiOjE6e3M6NjoiZmlsdGVyIjtPOjg6InN0ZENsYXNzIjoxOntzOjY6IjEzOjEwMSI7Tzo4OiJzdGRDbGFzcyI6MTp7czozOiJ0YWciO2E6MTp7aTowO2k6ODt9fX19fXM6NToidXNlcnMiO086ODoic3RkQ2xhc3MiOjE6e3M6NToibG9naW4iO086ODoic3RkQ2xhc3MiOjE6e3M6NDoiZm9ybSI7Tzo4OiJzdGRDbGFzcyI6MTp7czo0OiJkYXRhIjthOjE6e3M6NjoicmV0dXJuIjtzOjM5OiJodHRwczovL2tub3dsZWRnZWZyYW1lLmNvLnVrL2F4Y2Vzc2Rldi8iO319fX19czoxNDoiACoAaW5pdGlhbGl6ZWQiO2I6MDtzOjEyOiIAKgBzZXBhcmF0b3IiO3M6MToiLiI7fXM6NDoidXNlciI7TzoyMDoiSm9vbWxhXENNU1xVc2VyXFVzZXIiOjE6e3M6MjoiaWQiO2k6MDt9fXM6MTQ6IgAqAGluaXRpYWxpemVkIjtiOjA7czoxMjoiACoAc2VwYXJhdG9yIjtzOjE6Ii4iO30=\";',0,''),('5d4l4hd67qomdm09rc18ek1t5k',0,1,1711433966,'joomla|s:1132:\"TzoyNDoiSm9vbWxhXFJlZ2lzdHJ5XFJlZ2lzdHJ5IjozOntzOjc6IgAqAGRhdGEiO086ODoic3RkQ2xhc3MiOjM6e3M6Nzoic2Vzc2lvbiI7Tzo4OiJzdGRDbGFzcyI6Mzp7czo3OiJjb3VudGVyIjtpOjE7czo1OiJ0aW1lciI7Tzo4OiJzdGRDbGFzcyI6Mzp7czo1OiJzdGFydCI7aToxNzExNDMzOTY2O3M6NDoibGFzdCI7aToxNzExNDMzOTY2O3M6Mzoibm93IjtpOjE3MTE0MzM5NjY7fXM6NToidG9rZW4iO3M6MzI6IjRlYWJjOGE2ODRmNTJhZTA0Yjk2OWFhYjI4Njc4ZjY2Ijt9czo4OiJyZWdpc3RyeSI7TzoyNDoiSm9vbWxhXFJlZ2lzdHJ5XFJlZ2lzdHJ5IjozOntzOjc6IgAqAGRhdGEiO086ODoic3RkQ2xhc3MiOjI6e3M6ODoiY29tX2lmYXEiO086ODoic3RkQ2xhc3MiOjE6e3M6ODoiY2F0ZWdvcnkiO086ODoic3RkQ2xhc3MiOjE6e3M6NjoiZmlsdGVyIjtPOjg6InN0ZENsYXNzIjoxOntzOjY6IjEzOjEwMSI7Tzo4OiJzdGRDbGFzcyI6MTp7czozOiJ0YWciO2E6MTp7aTowO2k6ODt9fX19fXM6NToidXNlcnMiO086ODoic3RkQ2xhc3MiOjE6e3M6NToibG9naW4iO086ODoic3RkQ2xhc3MiOjE6e3M6NDoiZm9ybSI7Tzo4OiJzdGRDbGFzcyI6MTp7czo0OiJkYXRhIjthOjE6e3M6NjoicmV0dXJuIjtzOjM5OiJodHRwczovL2tub3dsZWRnZWZyYW1lLmNvLnVrL2F4Y2Vzc2Rldi8iO319fX19czoxNDoiACoAaW5pdGlhbGl6ZWQiO2I6MDtzOjEyOiIAKgBzZXBhcmF0b3IiO3M6MToiLiI7fXM6NDoidXNlciI7TzoyMDoiSm9vbWxhXENNU1xVc2VyXFVzZXIiOjE6e3M6MjoiaWQiO2k6MDt9fXM6MTQ6IgAqAGluaXRpYWxpemVkIjtiOjA7czoxMjoiACoAc2VwYXJhdG9yIjtzOjE6Ii4iO30=\";',0,''),('71qa7h39hpk4tb48q1l05pcu6d',0,1,1711433965,'joomla|s:1132:\"TzoyNDoiSm9vbWxhXFJlZ2lzdHJ5XFJlZ2lzdHJ5IjozOntzOjc6IgAqAGRhdGEiO086ODoic3RkQ2xhc3MiOjM6e3M6Nzoic2Vzc2lvbiI7Tzo4OiJzdGRDbGFzcyI6Mzp7czo3OiJjb3VudGVyIjtpOjE7czo1OiJ0aW1lciI7Tzo4OiJzdGRDbGFzcyI6Mzp7czo1OiJzdGFydCI7aToxNzExNDMzOTY0O3M6NDoibGFzdCI7aToxNzExNDMzOTY0O3M6Mzoibm93IjtpOjE3MTE0MzM5NjQ7fXM6NToidG9rZW4iO3M6MzI6IjYzZTUxZTk3NGNlZDJmYzVhNDQ0OGM0NjI4ZmVmMjEwIjt9czo4OiJyZWdpc3RyeSI7TzoyNDoiSm9vbWxhXFJlZ2lzdHJ5XFJlZ2lzdHJ5IjozOntzOjc6IgAqAGRhdGEiO086ODoic3RkQ2xhc3MiOjI6e3M6ODoiY29tX2lmYXEiO086ODoic3RkQ2xhc3MiOjE6e3M6ODoiY2F0ZWdvcnkiO086ODoic3RkQ2xhc3MiOjE6e3M6NjoiZmlsdGVyIjtPOjg6InN0ZENsYXNzIjoxOntzOjY6IjEzOjEwMSI7Tzo4OiJzdGRDbGFzcyI6MTp7czozOiJ0YWciO2E6MTp7aTowO2k6ODt9fX19fXM6NToidXNlcnMiO086ODoic3RkQ2xhc3MiOjE6e3M6NToibG9naW4iO086ODoic3RkQ2xhc3MiOjE6e3M6NDoiZm9ybSI7Tzo4OiJzdGRDbGFzcyI6MTp7czo0OiJkYXRhIjthOjE6e3M6NjoicmV0dXJuIjtzOjM5OiJodHRwczovL2tub3dsZWRnZWZyYW1lLmNvLnVrL2F4Y2Vzc2Rldi8iO319fX19czoxNDoiACoAaW5pdGlhbGl6ZWQiO2I6MDtzOjEyOiIAKgBzZXBhcmF0b3IiO3M6MToiLiI7fXM6NDoidXNlciI7TzoyMDoiSm9vbWxhXENNU1xVc2VyXFVzZXIiOjE6e3M6MjoiaWQiO2k6MDt9fXM6MTQ6IgAqAGluaXRpYWxpemVkIjtiOjA7czoxMjoiACoAc2VwYXJhdG9yIjtzOjE6Ii4iO30=\";',0,''),('8i6oaed87kl7p6nromc72e967c',0,1,1711436366,'joomla|s:1132:\"TzoyNDoiSm9vbWxhXFJlZ2lzdHJ5XFJlZ2lzdHJ5IjozOntzOjc6IgAqAGRhdGEiO086ODoic3RkQ2xhc3MiOjM6e3M6Nzoic2Vzc2lvbiI7Tzo4OiJzdGRDbGFzcyI6Mzp7czo3OiJjb3VudGVyIjtpOjE7czo1OiJ0aW1lciI7Tzo4OiJzdGRDbGFzcyI6Mzp7czo1OiJzdGFydCI7aToxNzExNDM2MzY2O3M6NDoibGFzdCI7aToxNzExNDM2MzY2O3M6Mzoibm93IjtpOjE3MTE0MzYzNjY7fXM6NToidG9rZW4iO3M6MzI6ImIyNzA4YjllZjRmMjllMDM2ZTU3ZmRkMmQ1MmY0MTVhIjt9czo4OiJyZWdpc3RyeSI7TzoyNDoiSm9vbWxhXFJlZ2lzdHJ5XFJlZ2lzdHJ5IjozOntzOjc6IgAqAGRhdGEiO086ODoic3RkQ2xhc3MiOjI6e3M6ODoiY29tX2lmYXEiO086ODoic3RkQ2xhc3MiOjE6e3M6ODoiY2F0ZWdvcnkiO086ODoic3RkQ2xhc3MiOjE6e3M6NjoiZmlsdGVyIjtPOjg6InN0ZENsYXNzIjoxOntzOjY6IjEzOjEwMSI7Tzo4OiJzdGRDbGFzcyI6MTp7czozOiJ0YWciO2E6MTp7aTowO2k6ODt9fX19fXM6NToidXNlcnMiO086ODoic3RkQ2xhc3MiOjE6e3M6NToibG9naW4iO086ODoic3RkQ2xhc3MiOjE6e3M6NDoiZm9ybSI7Tzo4OiJzdGRDbGFzcyI6MTp7czo0OiJkYXRhIjthOjE6e3M6NjoicmV0dXJuIjtzOjM5OiJodHRwczovL2tub3dsZWRnZWZyYW1lLmNvLnVrL2F4Y2Vzc2Rldi8iO319fX19czoxNDoiACoAaW5pdGlhbGl6ZWQiO2I6MDtzOjEyOiIAKgBzZXBhcmF0b3IiO3M6MToiLiI7fXM6NDoidXNlciI7TzoyMDoiSm9vbWxhXENNU1xVc2VyXFVzZXIiOjE6e3M6MjoiaWQiO2k6MDt9fXM6MTQ6IgAqAGluaXRpYWxpemVkIjtiOjA7czoxMjoiACoAc2VwYXJhdG9yIjtzOjE6Ii4iO30=\";',0,''),('9d450urnsi95io8k88njuro3kl',0,1,1711437577,'joomla|s:1132:\"TzoyNDoiSm9vbWxhXFJlZ2lzdHJ5XFJlZ2lzdHJ5IjozOntzOjc6IgAqAGRhdGEiO086ODoic3RkQ2xhc3MiOjM6e3M6Nzoic2Vzc2lvbiI7Tzo4OiJzdGRDbGFzcyI6Mzp7czo3OiJjb3VudGVyIjtpOjE7czo1OiJ0aW1lciI7Tzo4OiJzdGRDbGFzcyI6Mzp7czo1OiJzdGFydCI7aToxNzExNDM3NTczO3M6NDoibGFzdCI7aToxNzExNDM3NTczO3M6Mzoibm93IjtpOjE3MTE0Mzc1NzM7fXM6NToidG9rZW4iO3M6MzI6ImI0YjYzMjE5MDdjODk0Njk1ZGQ3MDA0ODIzYzYzNTlkIjt9czo4OiJyZWdpc3RyeSI7TzoyNDoiSm9vbWxhXFJlZ2lzdHJ5XFJlZ2lzdHJ5IjozOntzOjc6IgAqAGRhdGEiO086ODoic3RkQ2xhc3MiOjI6e3M6ODoiY29tX2lmYXEiO086ODoic3RkQ2xhc3MiOjE6e3M6ODoiY2F0ZWdvcnkiO086ODoic3RkQ2xhc3MiOjE6e3M6NjoiZmlsdGVyIjtPOjg6InN0ZENsYXNzIjoxOntzOjY6IjEzOjEwMSI7Tzo4OiJzdGRDbGFzcyI6MTp7czozOiJ0YWciO2E6MTp7aTowO2k6ODt9fX19fXM6NToidXNlcnMiO086ODoic3RkQ2xhc3MiOjE6e3M6NToibG9naW4iO086ODoic3RkQ2xhc3MiOjE6e3M6NDoiZm9ybSI7Tzo4OiJzdGRDbGFzcyI6MTp7czo0OiJkYXRhIjthOjE6e3M6NjoicmV0dXJuIjtzOjM5OiJodHRwczovL2tub3dsZWRnZWZyYW1lLmNvLnVrL2F4Y2Vzc2Rldi8iO319fX19czoxNDoiACoAaW5pdGlhbGl6ZWQiO2I6MDtzOjEyOiIAKgBzZXBhcmF0b3IiO3M6MToiLiI7fXM6NDoidXNlciI7TzoyMDoiSm9vbWxhXENNU1xVc2VyXFVzZXIiOjE6e3M6MjoiaWQiO2k6MDt9fXM6MTQ6IgAqAGluaXRpYWxpemVkIjtiOjA7czoxMjoiACoAc2VwYXJhdG9yIjtzOjE6Ii4iO30=\";',0,''),('as6lt6mq3ip3nslsf22tb5i3k7',0,1,1711433361,'joomla|s:1132:\"TzoyNDoiSm9vbWxhXFJlZ2lzdHJ5XFJlZ2lzdHJ5IjozOntzOjc6IgAqAGRhdGEiO086ODoic3RkQ2xhc3MiOjM6e3M6Nzoic2Vzc2lvbiI7Tzo4OiJzdGRDbGFzcyI6Mzp7czo3OiJjb3VudGVyIjtpOjE7czo1OiJ0aW1lciI7Tzo4OiJzdGRDbGFzcyI6Mzp7czo1OiJzdGFydCI7aToxNzExNDMzMzYwO3M6NDoibGFzdCI7aToxNzExNDMzMzYwO3M6Mzoibm93IjtpOjE3MTE0MzMzNjA7fXM6NToidG9rZW4iO3M6MzI6IjA1MDBmY2U3ZjA5NzFmZjIxOThjYWNjOTEwOWYzMDU2Ijt9czo4OiJyZWdpc3RyeSI7TzoyNDoiSm9vbWxhXFJlZ2lzdHJ5XFJlZ2lzdHJ5IjozOntzOjc6IgAqAGRhdGEiO086ODoic3RkQ2xhc3MiOjI6e3M6ODoiY29tX2lmYXEiO086ODoic3RkQ2xhc3MiOjE6e3M6ODoiY2F0ZWdvcnkiO086ODoic3RkQ2xhc3MiOjE6e3M6NjoiZmlsdGVyIjtPOjg6InN0ZENsYXNzIjoxOntzOjY6IjEzOjEwMSI7Tzo4OiJzdGRDbGFzcyI6MTp7czozOiJ0YWciO2E6MTp7aTowO2k6ODt9fX19fXM6NToidXNlcnMiO086ODoic3RkQ2xhc3MiOjE6e3M6NToibG9naW4iO086ODoic3RkQ2xhc3MiOjE6e3M6NDoiZm9ybSI7Tzo4OiJzdGRDbGFzcyI6MTp7czo0OiJkYXRhIjthOjE6e3M6NjoicmV0dXJuIjtzOjM5OiJodHRwczovL2tub3dsZWRnZWZyYW1lLmNvLnVrL2F4Y2Vzc2Rldi8iO319fX19czoxNDoiACoAaW5pdGlhbGl6ZWQiO2I6MDtzOjEyOiIAKgBzZXBhcmF0b3IiO3M6MToiLiI7fXM6NDoidXNlciI7TzoyMDoiSm9vbWxhXENNU1xVc2VyXFVzZXIiOjE6e3M6MjoiaWQiO2k6MDt9fXM6MTQ6IgAqAGluaXRpYWxpemVkIjtiOjA7czoxMjoiACoAc2VwYXJhdG9yIjtzOjE6Ii4iO30=\";',0,''),('b8ia9mei10aguojkd2eabuaf2u',0,1,1711435165,'joomla|s:1132:\"TzoyNDoiSm9vbWxhXFJlZ2lzdHJ5XFJlZ2lzdHJ5IjozOntzOjc6IgAqAGRhdGEiO086ODoic3RkQ2xhc3MiOjM6e3M6Nzoic2Vzc2lvbiI7Tzo4OiJzdGRDbGFzcyI6Mzp7czo3OiJjb3VudGVyIjtpOjE7czo1OiJ0aW1lciI7Tzo4OiJzdGRDbGFzcyI6Mzp7czo1OiJzdGFydCI7aToxNzExNDM1MTY1O3M6NDoibGFzdCI7aToxNzExNDM1MTY1O3M6Mzoibm93IjtpOjE3MTE0MzUxNjU7fXM6NToidG9rZW4iO3M6MzI6IjE2ZjcxYTM4NDMxNDEzOTJhNzI1MGRhYWVmMjA0ZWRmIjt9czo4OiJyZWdpc3RyeSI7TzoyNDoiSm9vbWxhXFJlZ2lzdHJ5XFJlZ2lzdHJ5IjozOntzOjc6IgAqAGRhdGEiO086ODoic3RkQ2xhc3MiOjI6e3M6ODoiY29tX2lmYXEiO086ODoic3RkQ2xhc3MiOjE6e3M6ODoiY2F0ZWdvcnkiO086ODoic3RkQ2xhc3MiOjE6e3M6NjoiZmlsdGVyIjtPOjg6InN0ZENsYXNzIjoxOntzOjY6IjEzOjEwMSI7Tzo4OiJzdGRDbGFzcyI6MTp7czozOiJ0YWciO2E6MTp7aTowO2k6ODt9fX19fXM6NToidXNlcnMiO086ODoic3RkQ2xhc3MiOjE6e3M6NToibG9naW4iO086ODoic3RkQ2xhc3MiOjE6e3M6NDoiZm9ybSI7Tzo4OiJzdGRDbGFzcyI6MTp7czo0OiJkYXRhIjthOjE6e3M6NjoicmV0dXJuIjtzOjM5OiJodHRwczovL2tub3dsZWRnZWZyYW1lLmNvLnVrL2F4Y2Vzc2Rldi8iO319fX19czoxNDoiACoAaW5pdGlhbGl6ZWQiO2I6MDtzOjEyOiIAKgBzZXBhcmF0b3IiO3M6MToiLiI7fXM6NDoidXNlciI7TzoyMDoiSm9vbWxhXENNU1xVc2VyXFVzZXIiOjE6e3M6MjoiaWQiO2k6MDt9fXM6MTQ6IgAqAGluaXRpYWxpemVkIjtiOjA7czoxMjoiACoAc2VwYXJhdG9yIjtzOjE6Ii4iO30=\";',0,''),('cdam0d2lrcbsik8dcgd2eg7c92',0,1,1711436359,'joomla|s:1132:\"TzoyNDoiSm9vbWxhXFJlZ2lzdHJ5XFJlZ2lzdHJ5IjozOntzOjc6IgAqAGRhdGEiO086ODoic3RkQ2xhc3MiOjM6e3M6Nzoic2Vzc2lvbiI7Tzo4OiJzdGRDbGFzcyI6Mzp7czo3OiJjb3VudGVyIjtpOjE7czo1OiJ0aW1lciI7Tzo4OiJzdGRDbGFzcyI6Mzp7czo1OiJzdGFydCI7aToxNzExNDM2MzU2O3M6NDoibGFzdCI7aToxNzExNDM2MzU2O3M6Mzoibm93IjtpOjE3MTE0MzYzNTY7fXM6NToidG9rZW4iO3M6MzI6ImEwMzZhNTIyYWRlNjFiNTViMWY5Y2U4MmY3NzEwNGM5Ijt9czo4OiJyZWdpc3RyeSI7TzoyNDoiSm9vbWxhXFJlZ2lzdHJ5XFJlZ2lzdHJ5IjozOntzOjc6IgAqAGRhdGEiO086ODoic3RkQ2xhc3MiOjI6e3M6ODoiY29tX2lmYXEiO086ODoic3RkQ2xhc3MiOjE6e3M6ODoiY2F0ZWdvcnkiO086ODoic3RkQ2xhc3MiOjE6e3M6NjoiZmlsdGVyIjtPOjg6InN0ZENsYXNzIjoxOntzOjY6IjEzOjEwMSI7Tzo4OiJzdGRDbGFzcyI6MTp7czozOiJ0YWciO2E6MTp7aTowO2k6ODt9fX19fXM6NToidXNlcnMiO086ODoic3RkQ2xhc3MiOjE6e3M6NToibG9naW4iO086ODoic3RkQ2xhc3MiOjE6e3M6NDoiZm9ybSI7Tzo4OiJzdGRDbGFzcyI6MTp7czo0OiJkYXRhIjthOjE6e3M6NjoicmV0dXJuIjtzOjM5OiJodHRwczovL2tub3dsZWRnZWZyYW1lLmNvLnVrL2F4Y2Vzc2Rldi8iO319fX19czoxNDoiACoAaW5pdGlhbGl6ZWQiO2I6MDtzOjEyOiIAKgBzZXBhcmF0b3IiO3M6MToiLiI7fXM6NDoidXNlciI7TzoyMDoiSm9vbWxhXENNU1xVc2VyXFVzZXIiOjE6e3M6MjoiaWQiO2k6MDt9fXM6MTQ6IgAqAGluaXRpYWxpemVkIjtiOjA7czoxMjoiACoAc2VwYXJhdG9yIjtzOjE6Ii4iO30=\";',0,''),('ceq1627vi53510tqmqgm6i9e5u',0,1,1711432761,'joomla|s:1132:\"TzoyNDoiSm9vbWxhXFJlZ2lzdHJ5XFJlZ2lzdHJ5IjozOntzOjc6IgAqAGRhdGEiO086ODoic3RkQ2xhc3MiOjM6e3M6Nzoic2Vzc2lvbiI7Tzo4OiJzdGRDbGFzcyI6Mzp7czo3OiJjb3VudGVyIjtpOjE7czo1OiJ0aW1lciI7Tzo4OiJzdGRDbGFzcyI6Mzp7czo1OiJzdGFydCI7aToxNzExNDMyNzYxO3M6NDoibGFzdCI7aToxNzExNDMyNzYxO3M6Mzoibm93IjtpOjE3MTE0MzI3NjE7fXM6NToidG9rZW4iO3M6MzI6ImE0ODRjNjIyNjYzZDZhZTY4NmM3ZjJkNTExZTcxM2IwIjt9czo4OiJyZWdpc3RyeSI7TzoyNDoiSm9vbWxhXFJlZ2lzdHJ5XFJlZ2lzdHJ5IjozOntzOjc6IgAqAGRhdGEiO086ODoic3RkQ2xhc3MiOjI6e3M6ODoiY29tX2lmYXEiO086ODoic3RkQ2xhc3MiOjE6e3M6ODoiY2F0ZWdvcnkiO086ODoic3RkQ2xhc3MiOjE6e3M6NjoiZmlsdGVyIjtPOjg6InN0ZENsYXNzIjoxOntzOjY6IjEzOjEwMSI7Tzo4OiJzdGRDbGFzcyI6MTp7czozOiJ0YWciO2E6MTp7aTowO2k6ODt9fX19fXM6NToidXNlcnMiO086ODoic3RkQ2xhc3MiOjE6e3M6NToibG9naW4iO086ODoic3RkQ2xhc3MiOjE6e3M6NDoiZm9ybSI7Tzo4OiJzdGRDbGFzcyI6MTp7czo0OiJkYXRhIjthOjE6e3M6NjoicmV0dXJuIjtzOjM5OiJodHRwczovL2tub3dsZWRnZWZyYW1lLmNvLnVrL2F4Y2Vzc2Rldi8iO319fX19czoxNDoiACoAaW5pdGlhbGl6ZWQiO2I6MDtzOjEyOiIAKgBzZXBhcmF0b3IiO3M6MToiLiI7fXM6NDoidXNlciI7TzoyMDoiSm9vbWxhXENNU1xVc2VyXFVzZXIiOjE6e3M6MjoiaWQiO2k6MDt9fXM6MTQ6IgAqAGluaXRpYWxpemVkIjtiOjA7czoxMjoiACoAc2VwYXJhdG9yIjtzOjE6Ii4iO30=\";',0,''),('cq445tup9ems3ol28c6s17cio1',0,1,1711432764,'joomla|s:1132:\"TzoyNDoiSm9vbWxhXFJlZ2lzdHJ5XFJlZ2lzdHJ5IjozOntzOjc6IgAqAGRhdGEiO086ODoic3RkQ2xhc3MiOjM6e3M6Nzoic2Vzc2lvbiI7Tzo4OiJzdGRDbGFzcyI6Mzp7czo3OiJjb3VudGVyIjtpOjE7czo1OiJ0aW1lciI7Tzo4OiJzdGRDbGFzcyI6Mzp7czo1OiJzdGFydCI7aToxNzExNDMyNzY0O3M6NDoibGFzdCI7aToxNzExNDMyNzY0O3M6Mzoibm93IjtpOjE3MTE0MzI3NjQ7fXM6NToidG9rZW4iO3M6MzI6IjE2YmE5MmFiZWVhMzFiOTFmODQ0YTkyZDUxYmJmNDBlIjt9czo4OiJyZWdpc3RyeSI7TzoyNDoiSm9vbWxhXFJlZ2lzdHJ5XFJlZ2lzdHJ5IjozOntzOjc6IgAqAGRhdGEiO086ODoic3RkQ2xhc3MiOjI6e3M6ODoiY29tX2lmYXEiO086ODoic3RkQ2xhc3MiOjE6e3M6ODoiY2F0ZWdvcnkiO086ODoic3RkQ2xhc3MiOjE6e3M6NjoiZmlsdGVyIjtPOjg6InN0ZENsYXNzIjoxOntzOjY6IjEzOjEwMSI7Tzo4OiJzdGRDbGFzcyI6MTp7czozOiJ0YWciO2E6MTp7aTowO2k6ODt9fX19fXM6NToidXNlcnMiO086ODoic3RkQ2xhc3MiOjE6e3M6NToibG9naW4iO086ODoic3RkQ2xhc3MiOjE6e3M6NDoiZm9ybSI7Tzo4OiJzdGRDbGFzcyI6MTp7czo0OiJkYXRhIjthOjE6e3M6NjoicmV0dXJuIjtzOjM5OiJodHRwczovL2tub3dsZWRnZWZyYW1lLmNvLnVrL2F4Y2Vzc2Rldi8iO319fX19czoxNDoiACoAaW5pdGlhbGl6ZWQiO2I6MDtzOjEyOiIAKgBzZXBhcmF0b3IiO3M6MToiLiI7fXM6NDoidXNlciI7TzoyMDoiSm9vbWxhXENNU1xVc2VyXFVzZXIiOjE6e3M6MjoiaWQiO2k6MDt9fXM6MTQ6IgAqAGluaXRpYWxpemVkIjtiOjA7czoxMjoiACoAc2VwYXJhdG9yIjtzOjE6Ii4iO30=\";',0,''),('dcld9t4sqh5hdlambtpe82m8tb',0,1,1711436976,'joomla|s:1132:\"TzoyNDoiSm9vbWxhXFJlZ2lzdHJ5XFJlZ2lzdHJ5IjozOntzOjc6IgAqAGRhdGEiO086ODoic3RkQ2xhc3MiOjM6e3M6Nzoic2Vzc2lvbiI7Tzo4OiJzdGRDbGFzcyI6Mzp7czo3OiJjb3VudGVyIjtpOjE7czo1OiJ0aW1lciI7Tzo4OiJzdGRDbGFzcyI6Mzp7czo1OiJzdGFydCI7aToxNzExNDM2OTc2O3M6NDoibGFzdCI7aToxNzExNDM2OTc2O3M6Mzoibm93IjtpOjE3MTE0MzY5NzY7fXM6NToidG9rZW4iO3M6MzI6IjMzMTVjMWMyZTM5MzBlZWI1YjkyYTYyYjcxYWM5M2ZiIjt9czo4OiJyZWdpc3RyeSI7TzoyNDoiSm9vbWxhXFJlZ2lzdHJ5XFJlZ2lzdHJ5IjozOntzOjc6IgAqAGRhdGEiO086ODoic3RkQ2xhc3MiOjI6e3M6ODoiY29tX2lmYXEiO086ODoic3RkQ2xhc3MiOjE6e3M6ODoiY2F0ZWdvcnkiO086ODoic3RkQ2xhc3MiOjE6e3M6NjoiZmlsdGVyIjtPOjg6InN0ZENsYXNzIjoxOntzOjY6IjEzOjEwMSI7Tzo4OiJzdGRDbGFzcyI6MTp7czozOiJ0YWciO2E6MTp7aTowO2k6ODt9fX19fXM6NToidXNlcnMiO086ODoic3RkQ2xhc3MiOjE6e3M6NToibG9naW4iO086ODoic3RkQ2xhc3MiOjE6e3M6NDoiZm9ybSI7Tzo4OiJzdGRDbGFzcyI6MTp7czo0OiJkYXRhIjthOjE6e3M6NjoicmV0dXJuIjtzOjM5OiJodHRwczovL2tub3dsZWRnZWZyYW1lLmNvLnVrL2F4Y2Vzc2Rldi8iO319fX19czoxNDoiACoAaW5pdGlhbGl6ZWQiO2I6MDtzOjEyOiIAKgBzZXBhcmF0b3IiO3M6MToiLiI7fXM6NDoidXNlciI7TzoyMDoiSm9vbWxhXENNU1xVc2VyXFVzZXIiOjE6e3M6MjoiaWQiO2k6MDt9fXM6MTQ6IgAqAGluaXRpYWxpemVkIjtiOjA7czoxMjoiACoAc2VwYXJhdG9yIjtzOjE6Ii4iO30=\";',0,''),('fmve9utldmf22fnn2fm2cirv7h',0,1,1711431560,'joomla|s:1132:\"TzoyNDoiSm9vbWxhXFJlZ2lzdHJ5XFJlZ2lzdHJ5IjozOntzOjc6IgAqAGRhdGEiO086ODoic3RkQ2xhc3MiOjM6e3M6Nzoic2Vzc2lvbiI7Tzo4OiJzdGRDbGFzcyI6Mzp7czo3OiJjb3VudGVyIjtpOjE7czo1OiJ0aW1lciI7Tzo4OiJzdGRDbGFzcyI6Mzp7czo1OiJzdGFydCI7aToxNzExNDMxNTYwO3M6NDoibGFzdCI7aToxNzExNDMxNTYwO3M6Mzoibm93IjtpOjE3MTE0MzE1NjA7fXM6NToidG9rZW4iO3M6MzI6IjllMjY4ZTRlYmRiZmIzYmJkNzJlNDFmOTU3MTU3NWJjIjt9czo4OiJyZWdpc3RyeSI7TzoyNDoiSm9vbWxhXFJlZ2lzdHJ5XFJlZ2lzdHJ5IjozOntzOjc6IgAqAGRhdGEiO086ODoic3RkQ2xhc3MiOjI6e3M6ODoiY29tX2lmYXEiO086ODoic3RkQ2xhc3MiOjE6e3M6ODoiY2F0ZWdvcnkiO086ODoic3RkQ2xhc3MiOjE6e3M6NjoiZmlsdGVyIjtPOjg6InN0ZENsYXNzIjoxOntzOjY6IjEzOjEwMSI7Tzo4OiJzdGRDbGFzcyI6MTp7czozOiJ0YWciO2E6MTp7aTowO2k6ODt9fX19fXM6NToidXNlcnMiO086ODoic3RkQ2xhc3MiOjE6e3M6NToibG9naW4iO086ODoic3RkQ2xhc3MiOjE6e3M6NDoiZm9ybSI7Tzo4OiJzdGRDbGFzcyI6MTp7czo0OiJkYXRhIjthOjE6e3M6NjoicmV0dXJuIjtzOjM5OiJodHRwczovL2tub3dsZWRnZWZyYW1lLmNvLnVrL2F4Y2Vzc2Rldi8iO319fX19czoxNDoiACoAaW5pdGlhbGl6ZWQiO2I6MDtzOjEyOiIAKgBzZXBhcmF0b3IiO3M6MToiLiI7fXM6NDoidXNlciI7TzoyMDoiSm9vbWxhXENNU1xVc2VyXFVzZXIiOjE6e3M6MjoiaWQiO2k6MDt9fXM6MTQ6IgAqAGluaXRpYWxpemVkIjtiOjA7czoxMjoiACoAc2VwYXJhdG9yIjtzOjE6Ii4iO30=\";',0,''),('fq281te3uk5r9gfub632kgsvsu',0,1,1711432154,'joomla|s:1132:\"TzoyNDoiSm9vbWxhXFJlZ2lzdHJ5XFJlZ2lzdHJ5IjozOntzOjc6IgAqAGRhdGEiO086ODoic3RkQ2xhc3MiOjM6e3M6Nzoic2Vzc2lvbiI7Tzo4OiJzdGRDbGFzcyI6Mzp7czo3OiJjb3VudGVyIjtpOjE7czo1OiJ0aW1lciI7Tzo4OiJzdGRDbGFzcyI6Mzp7czo1OiJzdGFydCI7aToxNzExNDMyMTUzO3M6NDoibGFzdCI7aToxNzExNDMyMTUzO3M6Mzoibm93IjtpOjE3MTE0MzIxNTM7fXM6NToidG9rZW4iO3M6MzI6ImM5NjdhNGIzYjdkMGFjYWE5MjVmNzI5OTNjZDQ0NzE4Ijt9czo4OiJyZWdpc3RyeSI7TzoyNDoiSm9vbWxhXFJlZ2lzdHJ5XFJlZ2lzdHJ5IjozOntzOjc6IgAqAGRhdGEiO086ODoic3RkQ2xhc3MiOjI6e3M6ODoiY29tX2lmYXEiO086ODoic3RkQ2xhc3MiOjE6e3M6ODoiY2F0ZWdvcnkiO086ODoic3RkQ2xhc3MiOjE6e3M6NjoiZmlsdGVyIjtPOjg6InN0ZENsYXNzIjoxOntzOjY6IjEzOjEwMSI7Tzo4OiJzdGRDbGFzcyI6MTp7czozOiJ0YWciO2E6MTp7aTowO2k6ODt9fX19fXM6NToidXNlcnMiO086ODoic3RkQ2xhc3MiOjE6e3M6NToibG9naW4iO086ODoic3RkQ2xhc3MiOjE6e3M6NDoiZm9ybSI7Tzo4OiJzdGRDbGFzcyI6MTp7czo0OiJkYXRhIjthOjE6e3M6NjoicmV0dXJuIjtzOjM5OiJodHRwczovL2tub3dsZWRnZWZyYW1lLmNvLnVrL2F4Y2Vzc2Rldi8iO319fX19czoxNDoiACoAaW5pdGlhbGl6ZWQiO2I6MDtzOjEyOiIAKgBzZXBhcmF0b3IiO3M6MToiLiI7fXM6NDoidXNlciI7TzoyMDoiSm9vbWxhXENNU1xVc2VyXFVzZXIiOjE6e3M6MjoiaWQiO2k6MDt9fXM6MTQ6IgAqAGluaXRpYWxpemVkIjtiOjA7czoxMjoiACoAc2VwYXJhdG9yIjtzOjE6Ii4iO30=\";',0,''),('hbr0lcpv2ropkdvcvf8lqfb42l',0,1,1711438168,'joomla|s:1132:\"TzoyNDoiSm9vbWxhXFJlZ2lzdHJ5XFJlZ2lzdHJ5IjozOntzOjc6IgAqAGRhdGEiO086ODoic3RkQ2xhc3MiOjM6e3M6Nzoic2Vzc2lvbiI7Tzo4OiJzdGRDbGFzcyI6Mzp7czo3OiJjb3VudGVyIjtpOjE7czo1OiJ0aW1lciI7Tzo4OiJzdGRDbGFzcyI6Mzp7czo1OiJzdGFydCI7aToxNzExNDM4MTY3O3M6NDoibGFzdCI7aToxNzExNDM4MTY3O3M6Mzoibm93IjtpOjE3MTE0MzgxNjc7fXM6NToidG9rZW4iO3M6MzI6ImYwZGUwOWU0OGQyZDM4MzAxZjlhODA4M2VjMzliYWMxIjt9czo4OiJyZWdpc3RyeSI7TzoyNDoiSm9vbWxhXFJlZ2lzdHJ5XFJlZ2lzdHJ5IjozOntzOjc6IgAqAGRhdGEiO086ODoic3RkQ2xhc3MiOjI6e3M6ODoiY29tX2lmYXEiO086ODoic3RkQ2xhc3MiOjE6e3M6ODoiY2F0ZWdvcnkiO086ODoic3RkQ2xhc3MiOjE6e3M6NjoiZmlsdGVyIjtPOjg6InN0ZENsYXNzIjoxOntzOjY6IjEzOjEwMSI7Tzo4OiJzdGRDbGFzcyI6MTp7czozOiJ0YWciO2E6MTp7aTowO2k6ODt9fX19fXM6NToidXNlcnMiO086ODoic3RkQ2xhc3MiOjE6e3M6NToibG9naW4iO086ODoic3RkQ2xhc3MiOjE6e3M6NDoiZm9ybSI7Tzo4OiJzdGRDbGFzcyI6MTp7czo0OiJkYXRhIjthOjE6e3M6NjoicmV0dXJuIjtzOjM5OiJodHRwczovL2tub3dsZWRnZWZyYW1lLmNvLnVrL2F4Y2Vzc2Rldi8iO319fX19czoxNDoiACoAaW5pdGlhbGl6ZWQiO2I6MDtzOjEyOiIAKgBzZXBhcmF0b3IiO3M6MToiLiI7fXM6NDoidXNlciI7TzoyMDoiSm9vbWxhXENNU1xVc2VyXFVzZXIiOjE6e3M6MjoiaWQiO2k6MDt9fXM6MTQ6IgAqAGluaXRpYWxpemVkIjtiOjA7czoxMjoiACoAc2VwYXJhdG9yIjtzOjE6Ii4iO30=\";',0,''),('i5kggouh6c9eb2qbisir3a50on',0,1,1711435761,'joomla|s:1132:\"TzoyNDoiSm9vbWxhXFJlZ2lzdHJ5XFJlZ2lzdHJ5IjozOntzOjc6IgAqAGRhdGEiO086ODoic3RkQ2xhc3MiOjM6e3M6Nzoic2Vzc2lvbiI7Tzo4OiJzdGRDbGFzcyI6Mzp7czo3OiJjb3VudGVyIjtpOjE7czo1OiJ0aW1lciI7Tzo4OiJzdGRDbGFzcyI6Mzp7czo1OiJzdGFydCI7aToxNzExNDM1NzYwO3M6NDoibGFzdCI7aToxNzExNDM1NzYwO3M6Mzoibm93IjtpOjE3MTE0MzU3NjA7fXM6NToidG9rZW4iO3M6MzI6ImUzOGYzMzRmZWQ2Njc2Y2JkYzU1ZGY1ZmEwMzU4OGU0Ijt9czo4OiJyZWdpc3RyeSI7TzoyNDoiSm9vbWxhXFJlZ2lzdHJ5XFJlZ2lzdHJ5IjozOntzOjc6IgAqAGRhdGEiO086ODoic3RkQ2xhc3MiOjI6e3M6ODoiY29tX2lmYXEiO086ODoic3RkQ2xhc3MiOjE6e3M6ODoiY2F0ZWdvcnkiO086ODoic3RkQ2xhc3MiOjE6e3M6NjoiZmlsdGVyIjtPOjg6InN0ZENsYXNzIjoxOntzOjY6IjEzOjEwMSI7Tzo4OiJzdGRDbGFzcyI6MTp7czozOiJ0YWciO2E6MTp7aTowO2k6ODt9fX19fXM6NToidXNlcnMiO086ODoic3RkQ2xhc3MiOjE6e3M6NToibG9naW4iO086ODoic3RkQ2xhc3MiOjE6e3M6NDoiZm9ybSI7Tzo4OiJzdGRDbGFzcyI6MTp7czo0OiJkYXRhIjthOjE6e3M6NjoicmV0dXJuIjtzOjM5OiJodHRwczovL2tub3dsZWRnZWZyYW1lLmNvLnVrL2F4Y2Vzc2Rldi8iO319fX19czoxNDoiACoAaW5pdGlhbGl6ZWQiO2I6MDtzOjEyOiIAKgBzZXBhcmF0b3IiO3M6MToiLiI7fXM6NDoidXNlciI7TzoyMDoiSm9vbWxhXENNU1xVc2VyXFVzZXIiOjE6e3M6MjoiaWQiO2k6MDt9fXM6MTQ6IgAqAGluaXRpYWxpemVkIjtiOjA7czoxMjoiACoAc2VwYXJhdG9yIjtzOjE6Ii4iO30=\";',0,''),('i5lrp5pt1992iui158g4m1jqgb',0,1,1711433357,'joomla|s:1132:\"TzoyNDoiSm9vbWxhXFJlZ2lzdHJ5XFJlZ2lzdHJ5IjozOntzOjc6IgAqAGRhdGEiO086ODoic3RkQ2xhc3MiOjM6e3M6Nzoic2Vzc2lvbiI7Tzo4OiJzdGRDbGFzcyI6Mzp7czo3OiJjb3VudGVyIjtpOjE7czo1OiJ0aW1lciI7Tzo4OiJzdGRDbGFzcyI6Mzp7czo1OiJzdGFydCI7aToxNzExNDMzMzU2O3M6NDoibGFzdCI7aToxNzExNDMzMzU2O3M6Mzoibm93IjtpOjE3MTE0MzMzNTY7fXM6NToidG9rZW4iO3M6MzI6IjUyNjBmOTI5Y2ZkNmE0NDhjMjY5ODI4NzkxOGU5MGI1Ijt9czo4OiJyZWdpc3RyeSI7TzoyNDoiSm9vbWxhXFJlZ2lzdHJ5XFJlZ2lzdHJ5IjozOntzOjc6IgAqAGRhdGEiO086ODoic3RkQ2xhc3MiOjI6e3M6ODoiY29tX2lmYXEiO086ODoic3RkQ2xhc3MiOjE6e3M6ODoiY2F0ZWdvcnkiO086ODoic3RkQ2xhc3MiOjE6e3M6NjoiZmlsdGVyIjtPOjg6InN0ZENsYXNzIjoxOntzOjY6IjEzOjEwMSI7Tzo4OiJzdGRDbGFzcyI6MTp7czozOiJ0YWciO2E6MTp7aTowO2k6ODt9fX19fXM6NToidXNlcnMiO086ODoic3RkQ2xhc3MiOjE6e3M6NToibG9naW4iO086ODoic3RkQ2xhc3MiOjE6e3M6NDoiZm9ybSI7Tzo4OiJzdGRDbGFzcyI6MTp7czo0OiJkYXRhIjthOjE6e3M6NjoicmV0dXJuIjtzOjM5OiJodHRwczovL2tub3dsZWRnZWZyYW1lLmNvLnVrL2F4Y2Vzc2Rldi8iO319fX19czoxNDoiACoAaW5pdGlhbGl6ZWQiO2I6MDtzOjEyOiIAKgBzZXBhcmF0b3IiO3M6MToiLiI7fXM6NDoidXNlciI7TzoyMDoiSm9vbWxhXENNU1xVc2VyXFVzZXIiOjE6e3M6MjoiaWQiO2k6MDt9fXM6MTQ6IgAqAGluaXRpYWxpemVkIjtiOjA7czoxMjoiACoAc2VwYXJhdG9yIjtzOjE6Ii4iO30=\";',0,''),('iune32c54cphamcc3j71sig9um',0,1,1711434563,'joomla|s:1132:\"TzoyNDoiSm9vbWxhXFJlZ2lzdHJ5XFJlZ2lzdHJ5IjozOntzOjc6IgAqAGRhdGEiO086ODoic3RkQ2xhc3MiOjM6e3M6Nzoic2Vzc2lvbiI7Tzo4OiJzdGRDbGFzcyI6Mzp7czo3OiJjb3VudGVyIjtpOjE7czo1OiJ0aW1lciI7Tzo4OiJzdGRDbGFzcyI6Mzp7czo1OiJzdGFydCI7aToxNzExNDM0NTYyO3M6NDoibGFzdCI7aToxNzExNDM0NTYyO3M6Mzoibm93IjtpOjE3MTE0MzQ1NjI7fXM6NToidG9rZW4iO3M6MzI6ImM4OGJjMmViNjk3ZTVmZmRlMjRlZjNhZjU2NTU0MjIxIjt9czo4OiJyZWdpc3RyeSI7TzoyNDoiSm9vbWxhXFJlZ2lzdHJ5XFJlZ2lzdHJ5IjozOntzOjc6IgAqAGRhdGEiO086ODoic3RkQ2xhc3MiOjI6e3M6ODoiY29tX2lmYXEiO086ODoic3RkQ2xhc3MiOjE6e3M6ODoiY2F0ZWdvcnkiO086ODoic3RkQ2xhc3MiOjE6e3M6NjoiZmlsdGVyIjtPOjg6InN0ZENsYXNzIjoxOntzOjY6IjEzOjEwMSI7Tzo4OiJzdGRDbGFzcyI6MTp7czozOiJ0YWciO2E6MTp7aTowO2k6ODt9fX19fXM6NToidXNlcnMiO086ODoic3RkQ2xhc3MiOjE6e3M6NToibG9naW4iO086ODoic3RkQ2xhc3MiOjE6e3M6NDoiZm9ybSI7Tzo4OiJzdGRDbGFzcyI6MTp7czo0OiJkYXRhIjthOjE6e3M6NjoicmV0dXJuIjtzOjM5OiJodHRwczovL2tub3dsZWRnZWZyYW1lLmNvLnVrL2F4Y2Vzc2Rldi8iO319fX19czoxNDoiACoAaW5pdGlhbGl6ZWQiO2I6MDtzOjEyOiIAKgBzZXBhcmF0b3IiO3M6MToiLiI7fXM6NDoidXNlciI7TzoyMDoiSm9vbWxhXENNU1xVc2VyXFVzZXIiOjE6e3M6MjoiaWQiO2k6MDt9fXM6MTQ6IgAqAGluaXRpYWxpemVkIjtiOjA7czoxMjoiACoAc2VwYXJhdG9yIjtzOjE6Ii4iO30=\";',0,''),('jtg2a62pna5vkdiebudffffsj4',0,1,1711438170,'joomla|s:1132:\"TzoyNDoiSm9vbWxhXFJlZ2lzdHJ5XFJlZ2lzdHJ5IjozOntzOjc6IgAqAGRhdGEiO086ODoic3RkQ2xhc3MiOjM6e3M6Nzoic2Vzc2lvbiI7Tzo4OiJzdGRDbGFzcyI6Mzp7czo3OiJjb3VudGVyIjtpOjE7czo1OiJ0aW1lciI7Tzo4OiJzdGRDbGFzcyI6Mzp7czo1OiJzdGFydCI7aToxNzExNDM4MTcwO3M6NDoibGFzdCI7aToxNzExNDM4MTcwO3M6Mzoibm93IjtpOjE3MTE0MzgxNzA7fXM6NToidG9rZW4iO3M6MzI6Ijk0YzBiYjZkMGRkOTYxMDMzNGY4NTIwZTYzOGY1MzY4Ijt9czo4OiJyZWdpc3RyeSI7TzoyNDoiSm9vbWxhXFJlZ2lzdHJ5XFJlZ2lzdHJ5IjozOntzOjc6IgAqAGRhdGEiO086ODoic3RkQ2xhc3MiOjI6e3M6ODoiY29tX2lmYXEiO086ODoic3RkQ2xhc3MiOjE6e3M6ODoiY2F0ZWdvcnkiO086ODoic3RkQ2xhc3MiOjE6e3M6NjoiZmlsdGVyIjtPOjg6InN0ZENsYXNzIjoxOntzOjY6IjEzOjEwMSI7Tzo4OiJzdGRDbGFzcyI6MTp7czozOiJ0YWciO2E6MTp7aTowO2k6ODt9fX19fXM6NToidXNlcnMiO086ODoic3RkQ2xhc3MiOjE6e3M6NToibG9naW4iO086ODoic3RkQ2xhc3MiOjE6e3M6NDoiZm9ybSI7Tzo4OiJzdGRDbGFzcyI6MTp7czo0OiJkYXRhIjthOjE6e3M6NjoicmV0dXJuIjtzOjM5OiJodHRwczovL2tub3dsZWRnZWZyYW1lLmNvLnVrL2F4Y2Vzc2Rldi8iO319fX19czoxNDoiACoAaW5pdGlhbGl6ZWQiO2I6MDtzOjEyOiIAKgBzZXBhcmF0b3IiO3M6MToiLiI7fXM6NDoidXNlciI7TzoyMDoiSm9vbWxhXENNU1xVc2VyXFVzZXIiOjE6e3M6MjoiaWQiO2k6MDt9fXM6MTQ6IgAqAGluaXRpYWxpemVkIjtiOjA7czoxMjoiACoAc2VwYXJhdG9yIjtzOjE6Ii4iO30=\";',0,''),('k6n57cevqgpua0npoi51nc20al',0,1,1711432760,'joomla|s:1132:\"TzoyNDoiSm9vbWxhXFJlZ2lzdHJ5XFJlZ2lzdHJ5IjozOntzOjc6IgAqAGRhdGEiO086ODoic3RkQ2xhc3MiOjM6e3M6Nzoic2Vzc2lvbiI7Tzo4OiJzdGRDbGFzcyI6Mzp7czo3OiJjb3VudGVyIjtpOjE7czo1OiJ0aW1lciI7Tzo4OiJzdGRDbGFzcyI6Mzp7czo1OiJzdGFydCI7aToxNzExNDMyNzU4O3M6NDoibGFzdCI7aToxNzExNDMyNzU4O3M6Mzoibm93IjtpOjE3MTE0MzI3NTg7fXM6NToidG9rZW4iO3M6MzI6ImNkODU3OGQwYzRiOGFkNGVjMGE0M2U3MjlkNjAyMTVmIjt9czo4OiJyZWdpc3RyeSI7TzoyNDoiSm9vbWxhXFJlZ2lzdHJ5XFJlZ2lzdHJ5IjozOntzOjc6IgAqAGRhdGEiO086ODoic3RkQ2xhc3MiOjI6e3M6ODoiY29tX2lmYXEiO086ODoic3RkQ2xhc3MiOjE6e3M6ODoiY2F0ZWdvcnkiO086ODoic3RkQ2xhc3MiOjE6e3M6NjoiZmlsdGVyIjtPOjg6InN0ZENsYXNzIjoxOntzOjY6IjEzOjEwMSI7Tzo4OiJzdGRDbGFzcyI6MTp7czozOiJ0YWciO2E6MTp7aTowO2k6ODt9fX19fXM6NToidXNlcnMiO086ODoic3RkQ2xhc3MiOjE6e3M6NToibG9naW4iO086ODoic3RkQ2xhc3MiOjE6e3M6NDoiZm9ybSI7Tzo4OiJzdGRDbGFzcyI6MTp7czo0OiJkYXRhIjthOjE6e3M6NjoicmV0dXJuIjtzOjM5OiJodHRwczovL2tub3dsZWRnZWZyYW1lLmNvLnVrL2F4Y2Vzc2Rldi8iO319fX19czoxNDoiACoAaW5pdGlhbGl6ZWQiO2I6MDtzOjEyOiIAKgBzZXBhcmF0b3IiO3M6MToiLiI7fXM6NDoidXNlciI7TzoyMDoiSm9vbWxhXENNU1xVc2VyXFVzZXIiOjE6e3M6MjoiaWQiO2k6MDt9fXM6MTQ6IgAqAGluaXRpYWxpemVkIjtiOjA7czoxMjoiACoAc2VwYXJhdG9yIjtzOjE6Ii4iO30=\";',0,''),('ks0tja4oraqtgot1524jdbj7pg',0,1,1711431562,'joomla|s:1132:\"TzoyNDoiSm9vbWxhXFJlZ2lzdHJ5XFJlZ2lzdHJ5IjozOntzOjc6IgAqAGRhdGEiO086ODoic3RkQ2xhc3MiOjM6e3M6Nzoic2Vzc2lvbiI7Tzo4OiJzdGRDbGFzcyI6Mzp7czo3OiJjb3VudGVyIjtpOjE7czo1OiJ0aW1lciI7Tzo4OiJzdGRDbGFzcyI6Mzp7czo1OiJzdGFydCI7aToxNzExNDMxNTYyO3M6NDoibGFzdCI7aToxNzExNDMxNTYyO3M6Mzoibm93IjtpOjE3MTE0MzE1NjI7fXM6NToidG9rZW4iO3M6MzI6ImQ2ZDM3ZTYxYTk0MjhmYTM5MTQ3MGViOTZhNjYwMjg0Ijt9czo4OiJyZWdpc3RyeSI7TzoyNDoiSm9vbWxhXFJlZ2lzdHJ5XFJlZ2lzdHJ5IjozOntzOjc6IgAqAGRhdGEiO086ODoic3RkQ2xhc3MiOjI6e3M6ODoiY29tX2lmYXEiO086ODoic3RkQ2xhc3MiOjE6e3M6ODoiY2F0ZWdvcnkiO086ODoic3RkQ2xhc3MiOjE6e3M6NjoiZmlsdGVyIjtPOjg6InN0ZENsYXNzIjoxOntzOjY6IjEzOjEwMSI7Tzo4OiJzdGRDbGFzcyI6MTp7czozOiJ0YWciO2E6MTp7aTowO2k6ODt9fX19fXM6NToidXNlcnMiO086ODoic3RkQ2xhc3MiOjE6e3M6NToibG9naW4iO086ODoic3RkQ2xhc3MiOjE6e3M6NDoiZm9ybSI7Tzo4OiJzdGRDbGFzcyI6MTp7czo0OiJkYXRhIjthOjE6e3M6NjoicmV0dXJuIjtzOjM5OiJodHRwczovL2tub3dsZWRnZWZyYW1lLmNvLnVrL2F4Y2Vzc2Rldi8iO319fX19czoxNDoiACoAaW5pdGlhbGl6ZWQiO2I6MDtzOjEyOiIAKgBzZXBhcmF0b3IiO3M6MToiLiI7fXM6NDoidXNlciI7TzoyMDoiSm9vbWxhXENNU1xVc2VyXFVzZXIiOjE6e3M6MjoiaWQiO2k6MDt9fXM6MTQ6IgAqAGluaXRpYWxpemVkIjtiOjA7czoxMjoiACoAc2VwYXJhdG9yIjtzOjE6Ii4iO30=\";',0,''),('ldh19s0gs7h1cetf3vp1r5eif1',0,1,1711436363,'joomla|s:1132:\"TzoyNDoiSm9vbWxhXFJlZ2lzdHJ5XFJlZ2lzdHJ5IjozOntzOjc6IgAqAGRhdGEiO086ODoic3RkQ2xhc3MiOjM6e3M6Nzoic2Vzc2lvbiI7Tzo4OiJzdGRDbGFzcyI6Mzp7czo3OiJjb3VudGVyIjtpOjE7czo1OiJ0aW1lciI7Tzo4OiJzdGRDbGFzcyI6Mzp7czo1OiJzdGFydCI7aToxNzExNDM2MzYyO3M6NDoibGFzdCI7aToxNzExNDM2MzYyO3M6Mzoibm93IjtpOjE3MTE0MzYzNjI7fXM6NToidG9rZW4iO3M6MzI6ImE3ZDcyNTFkMTJkMmFmYTcwYWU1MTIxZTJmNWViNGQyIjt9czo4OiJyZWdpc3RyeSI7TzoyNDoiSm9vbWxhXFJlZ2lzdHJ5XFJlZ2lzdHJ5IjozOntzOjc6IgAqAGRhdGEiO086ODoic3RkQ2xhc3MiOjI6e3M6ODoiY29tX2lmYXEiO086ODoic3RkQ2xhc3MiOjE6e3M6ODoiY2F0ZWdvcnkiO086ODoic3RkQ2xhc3MiOjE6e3M6NjoiZmlsdGVyIjtPOjg6InN0ZENsYXNzIjoxOntzOjY6IjEzOjEwMSI7Tzo4OiJzdGRDbGFzcyI6MTp7czozOiJ0YWciO2E6MTp7aTowO2k6ODt9fX19fXM6NToidXNlcnMiO086ODoic3RkQ2xhc3MiOjE6e3M6NToibG9naW4iO086ODoic3RkQ2xhc3MiOjE6e3M6NDoiZm9ybSI7Tzo4OiJzdGRDbGFzcyI6MTp7czo0OiJkYXRhIjthOjE6e3M6NjoicmV0dXJuIjtzOjM5OiJodHRwczovL2tub3dsZWRnZWZyYW1lLmNvLnVrL2F4Y2Vzc2Rldi8iO319fX19czoxNDoiACoAaW5pdGlhbGl6ZWQiO2I6MDtzOjEyOiIAKgBzZXBhcmF0b3IiO3M6MToiLiI7fXM6NDoidXNlciI7TzoyMDoiSm9vbWxhXENNU1xVc2VyXFVzZXIiOjE6e3M6MjoiaWQiO2k6MDt9fXM6MTQ6IgAqAGluaXRpYWxpemVkIjtiOjA7czoxMjoiACoAc2VwYXJhdG9yIjtzOjE6Ii4iO30=\";',0,''),('m190it10cfr7fsua6mc20qv6pp',0,1,1711433364,'joomla|s:1132:\"TzoyNDoiSm9vbWxhXFJlZ2lzdHJ5XFJlZ2lzdHJ5IjozOntzOjc6IgAqAGRhdGEiO086ODoic3RkQ2xhc3MiOjM6e3M6Nzoic2Vzc2lvbiI7Tzo4OiJzdGRDbGFzcyI6Mzp7czo3OiJjb3VudGVyIjtpOjE7czo1OiJ0aW1lciI7Tzo4OiJzdGRDbGFzcyI6Mzp7czo1OiJzdGFydCI7aToxNzExNDMzMzY0O3M6NDoibGFzdCI7aToxNzExNDMzMzY0O3M6Mzoibm93IjtpOjE3MTE0MzMzNjQ7fXM6NToidG9rZW4iO3M6MzI6IjdjM2VjZjU0OTAxZGYwODg4OWVlMTJkMDI3YTg3M2EwIjt9czo4OiJyZWdpc3RyeSI7TzoyNDoiSm9vbWxhXFJlZ2lzdHJ5XFJlZ2lzdHJ5IjozOntzOjc6IgAqAGRhdGEiO086ODoic3RkQ2xhc3MiOjI6e3M6ODoiY29tX2lmYXEiO086ODoic3RkQ2xhc3MiOjE6e3M6ODoiY2F0ZWdvcnkiO086ODoic3RkQ2xhc3MiOjE6e3M6NjoiZmlsdGVyIjtPOjg6InN0ZENsYXNzIjoxOntzOjY6IjEzOjEwMSI7Tzo4OiJzdGRDbGFzcyI6MTp7czozOiJ0YWciO2E6MTp7aTowO2k6ODt9fX19fXM6NToidXNlcnMiO086ODoic3RkQ2xhc3MiOjE6e3M6NToibG9naW4iO086ODoic3RkQ2xhc3MiOjE6e3M6NDoiZm9ybSI7Tzo4OiJzdGRDbGFzcyI6MTp7czo0OiJkYXRhIjthOjE6e3M6NjoicmV0dXJuIjtzOjM5OiJodHRwczovL2tub3dsZWRnZWZyYW1lLmNvLnVrL2F4Y2Vzc2Rldi8iO319fX19czoxNDoiACoAaW5pdGlhbGl6ZWQiO2I6MDtzOjEyOiIAKgBzZXBhcmF0b3IiO3M6MToiLiI7fXM6NDoidXNlciI7TzoyMDoiSm9vbWxhXENNU1xVc2VyXFVzZXIiOjE6e3M6MjoiaWQiO2k6MDt9fXM6MTQ6IgAqAGluaXRpYWxpemVkIjtiOjA7czoxMjoiACoAc2VwYXJhdG9yIjtzOjE6Ii4iO30=\";',0,''),('mvblv2gej6r65sbjetu0v0469i',0,1,1711435755,'joomla|s:1132:\"TzoyNDoiSm9vbWxhXFJlZ2lzdHJ5XFJlZ2lzdHJ5IjozOntzOjc6IgAqAGRhdGEiO086ODoic3RkQ2xhc3MiOjM6e3M6Nzoic2Vzc2lvbiI7Tzo4OiJzdGRDbGFzcyI6Mzp7czo3OiJjb3VudGVyIjtpOjE7czo1OiJ0aW1lciI7Tzo4OiJzdGRDbGFzcyI6Mzp7czo1OiJzdGFydCI7aToxNzExNDM1NzU0O3M6NDoibGFzdCI7aToxNzExNDM1NzU0O3M6Mzoibm93IjtpOjE3MTE0MzU3NTQ7fXM6NToidG9rZW4iO3M6MzI6ImU1YTU1MzBiYjUzMjFkZjUxOGU2ZWZkMmQ0YjYyZmEzIjt9czo4OiJyZWdpc3RyeSI7TzoyNDoiSm9vbWxhXFJlZ2lzdHJ5XFJlZ2lzdHJ5IjozOntzOjc6IgAqAGRhdGEiO086ODoic3RkQ2xhc3MiOjI6e3M6ODoiY29tX2lmYXEiO086ODoic3RkQ2xhc3MiOjE6e3M6ODoiY2F0ZWdvcnkiO086ODoic3RkQ2xhc3MiOjE6e3M6NjoiZmlsdGVyIjtPOjg6InN0ZENsYXNzIjoxOntzOjY6IjEzOjEwMSI7Tzo4OiJzdGRDbGFzcyI6MTp7czozOiJ0YWciO2E6MTp7aTowO2k6ODt9fX19fXM6NToidXNlcnMiO086ODoic3RkQ2xhc3MiOjE6e3M6NToibG9naW4iO086ODoic3RkQ2xhc3MiOjE6e3M6NDoiZm9ybSI7Tzo4OiJzdGRDbGFzcyI6MTp7czo0OiJkYXRhIjthOjE6e3M6NjoicmV0dXJuIjtzOjM5OiJodHRwczovL2tub3dsZWRnZWZyYW1lLmNvLnVrL2F4Y2Vzc2Rldi8iO319fX19czoxNDoiACoAaW5pdGlhbGl6ZWQiO2I6MDtzOjEyOiIAKgBzZXBhcmF0b3IiO3M6MToiLiI7fXM6NDoidXNlciI7TzoyMDoiSm9vbWxhXENNU1xVc2VyXFVzZXIiOjE6e3M6MjoiaWQiO2k6MDt9fXM6MTQ6IgAqAGluaXRpYWxpemVkIjtiOjA7czoxMjoiACoAc2VwYXJhdG9yIjtzOjE6Ii4iO30=\";',0,''),('nenjsnqa3jnfcqo6cf1sae11a2',0,1,1711433820,'joomla|s:628:\"TzoyNDoiSm9vbWxhXFJlZ2lzdHJ5XFJlZ2lzdHJ5IjozOntzOjc6IgAqAGRhdGEiO086ODoic3RkQ2xhc3MiOjM6e3M6Nzoic2Vzc2lvbiI7Tzo4OiJzdGRDbGFzcyI6Mjp7czo3OiJjb3VudGVyIjtpOjE7czo1OiJ0aW1lciI7Tzo4OiJzdGRDbGFzcyI6Mzp7czo1OiJzdGFydCI7aToxNzExNDMzODE4O3M6NDoibGFzdCI7aToxNzExNDMzODE4O3M6Mzoibm93IjtpOjE3MTE0MzM4MTg7fX1zOjg6InJlZ2lzdHJ5IjtPOjI0OiJKb29tbGFcUmVnaXN0cnlcUmVnaXN0cnkiOjM6e3M6NzoiACoAZGF0YSI7Tzo4OiJzdGRDbGFzcyI6MDp7fXM6MTQ6IgAqAGluaXRpYWxpemVkIjtiOjA7czoxMjoiACoAc2VwYXJhdG9yIjtzOjE6Ii4iO31zOjQ6InVzZXIiO086MjA6Ikpvb21sYVxDTVNcVXNlclxVc2VyIjoxOntzOjI6ImlkIjtpOjA7fX1zOjE0OiIAKgBpbml0aWFsaXplZCI7YjowO3M6MTI6IgAqAHNlcGFyYXRvciI7czoxOiIuIjt9\";',0,''),('nkjb2ujd6f465q4ksriu425gcs',0,1,1711437580,'joomla|s:1132:\"TzoyNDoiSm9vbWxhXFJlZ2lzdHJ5XFJlZ2lzdHJ5IjozOntzOjc6IgAqAGRhdGEiO086ODoic3RkQ2xhc3MiOjM6e3M6Nzoic2Vzc2lvbiI7Tzo4OiJzdGRDbGFzcyI6Mzp7czo3OiJjb3VudGVyIjtpOjE7czo1OiJ0aW1lciI7Tzo4OiJzdGRDbGFzcyI6Mzp7czo1OiJzdGFydCI7aToxNzExNDM3NTgwO3M6NDoibGFzdCI7aToxNzExNDM3NTgwO3M6Mzoibm93IjtpOjE3MTE0Mzc1ODA7fXM6NToidG9rZW4iO3M6MzI6ImM1NDZlY2YwN2Y5ZjY5NWQ1NmU2YzYxMDMxOTYyYzgzIjt9czo4OiJyZWdpc3RyeSI7TzoyNDoiSm9vbWxhXFJlZ2lzdHJ5XFJlZ2lzdHJ5IjozOntzOjc6IgAqAGRhdGEiO086ODoic3RkQ2xhc3MiOjI6e3M6ODoiY29tX2lmYXEiO086ODoic3RkQ2xhc3MiOjE6e3M6ODoiY2F0ZWdvcnkiO086ODoic3RkQ2xhc3MiOjE6e3M6NjoiZmlsdGVyIjtPOjg6InN0ZENsYXNzIjoxOntzOjY6IjEzOjEwMSI7Tzo4OiJzdGRDbGFzcyI6MTp7czozOiJ0YWciO2E6MTp7aTowO2k6ODt9fX19fXM6NToidXNlcnMiO086ODoic3RkQ2xhc3MiOjE6e3M6NToibG9naW4iO086ODoic3RkQ2xhc3MiOjE6e3M6NDoiZm9ybSI7Tzo4OiJzdGRDbGFzcyI6MTp7czo0OiJkYXRhIjthOjE6e3M6NjoicmV0dXJuIjtzOjM5OiJodHRwczovL2tub3dsZWRnZWZyYW1lLmNvLnVrL2F4Y2Vzc2Rldi8iO319fX19czoxNDoiACoAaW5pdGlhbGl6ZWQiO2I6MDtzOjEyOiIAKgBzZXBhcmF0b3IiO3M6MToiLiI7fXM6NDoidXNlciI7TzoyMDoiSm9vbWxhXENNU1xVc2VyXFVzZXIiOjE6e3M6MjoiaWQiO2k6MDt9fXM6MTQ6IgAqAGluaXRpYWxpemVkIjtiOjA7czoxMjoiACoAc2VwYXJhdG9yIjtzOjE6Ii4iO30=\";',0,''),('ocf351f320de7nj22k8hhngc4b',0,1,1711433968,'joomla|s:1132:\"TzoyNDoiSm9vbWxhXFJlZ2lzdHJ5XFJlZ2lzdHJ5IjozOntzOjc6IgAqAGRhdGEiO086ODoic3RkQ2xhc3MiOjM6e3M6Nzoic2Vzc2lvbiI7Tzo4OiJzdGRDbGFzcyI6Mzp7czo3OiJjb3VudGVyIjtpOjE7czo1OiJ0aW1lciI7Tzo4OiJzdGRDbGFzcyI6Mzp7czo1OiJzdGFydCI7aToxNzExNDMzOTY4O3M6NDoibGFzdCI7aToxNzExNDMzOTY4O3M6Mzoibm93IjtpOjE3MTE0MzM5Njg7fXM6NToidG9rZW4iO3M6MzI6IjY0NmNkMWJjMTgzOWQzYTc1OWNiMGIzMjk1MTJlMWM3Ijt9czo4OiJyZWdpc3RyeSI7TzoyNDoiSm9vbWxhXFJlZ2lzdHJ5XFJlZ2lzdHJ5IjozOntzOjc6IgAqAGRhdGEiO086ODoic3RkQ2xhc3MiOjI6e3M6ODoiY29tX2lmYXEiO086ODoic3RkQ2xhc3MiOjE6e3M6ODoiY2F0ZWdvcnkiO086ODoic3RkQ2xhc3MiOjE6e3M6NjoiZmlsdGVyIjtPOjg6InN0ZENsYXNzIjoxOntzOjY6IjEzOjEwMSI7Tzo4OiJzdGRDbGFzcyI6MTp7czozOiJ0YWciO2E6MTp7aTowO2k6ODt9fX19fXM6NToidXNlcnMiO086ODoic3RkQ2xhc3MiOjE6e3M6NToibG9naW4iO086ODoic3RkQ2xhc3MiOjE6e3M6NDoiZm9ybSI7Tzo4OiJzdGRDbGFzcyI6MTp7czo0OiJkYXRhIjthOjE6e3M6NjoicmV0dXJuIjtzOjM5OiJodHRwczovL2tub3dsZWRnZWZyYW1lLmNvLnVrL2F4Y2Vzc2Rldi8iO319fX19czoxNDoiACoAaW5pdGlhbGl6ZWQiO2I6MDtzOjEyOiIAKgBzZXBhcmF0b3IiO3M6MToiLiI7fXM6NDoidXNlciI7TzoyMDoiSm9vbWxhXENNU1xVc2VyXFVzZXIiOjE6e3M6MjoiaWQiO2k6MDt9fXM6MTQ6IgAqAGluaXRpYWxpemVkIjtiOjA7czoxMjoiACoAc2VwYXJhdG9yIjtzOjE6Ii4iO30=\";',0,''),('p0tlllhh54bpbvk2lao226h9q2',0,1,1711435160,'joomla|s:1132:\"TzoyNDoiSm9vbWxhXFJlZ2lzdHJ5XFJlZ2lzdHJ5IjozOntzOjc6IgAqAGRhdGEiO086ODoic3RkQ2xhc3MiOjM6e3M6Nzoic2Vzc2lvbiI7Tzo4OiJzdGRDbGFzcyI6Mzp7czo3OiJjb3VudGVyIjtpOjE7czo1OiJ0aW1lciI7Tzo4OiJzdGRDbGFzcyI6Mzp7czo1OiJzdGFydCI7aToxNzExNDM1MTU5O3M6NDoibGFzdCI7aToxNzExNDM1MTU5O3M6Mzoibm93IjtpOjE3MTE0MzUxNTk7fXM6NToidG9rZW4iO3M6MzI6Ijg3ZmNmNzBmNDM3ZTg1MDhhZGFhOWIyYWVjNDdkODQ0Ijt9czo4OiJyZWdpc3RyeSI7TzoyNDoiSm9vbWxhXFJlZ2lzdHJ5XFJlZ2lzdHJ5IjozOntzOjc6IgAqAGRhdGEiO086ODoic3RkQ2xhc3MiOjI6e3M6ODoiY29tX2lmYXEiO086ODoic3RkQ2xhc3MiOjE6e3M6ODoiY2F0ZWdvcnkiO086ODoic3RkQ2xhc3MiOjE6e3M6NjoiZmlsdGVyIjtPOjg6InN0ZENsYXNzIjoxOntzOjY6IjEzOjEwMSI7Tzo4OiJzdGRDbGFzcyI6MTp7czozOiJ0YWciO2E6MTp7aTowO2k6ODt9fX19fXM6NToidXNlcnMiO086ODoic3RkQ2xhc3MiOjE6e3M6NToibG9naW4iO086ODoic3RkQ2xhc3MiOjE6e3M6NDoiZm9ybSI7Tzo4OiJzdGRDbGFzcyI6MTp7czo0OiJkYXRhIjthOjE6e3M6NjoicmV0dXJuIjtzOjM5OiJodHRwczovL2tub3dsZWRnZWZyYW1lLmNvLnVrL2F4Y2Vzc2Rldi8iO319fX19czoxNDoiACoAaW5pdGlhbGl6ZWQiO2I6MDtzOjEyOiIAKgBzZXBhcmF0b3IiO3M6MToiLiI7fXM6NDoidXNlciI7TzoyMDoiSm9vbWxhXENNU1xVc2VyXFVzZXIiOjE6e3M6MjoiaWQiO2k6MDt9fXM6MTQ6IgAqAGluaXRpYWxpemVkIjtiOjA7czoxMjoiACoAc2VwYXJhdG9yIjtzOjE6Ii4iO30=\";',0,''),('pnnqaedb4fuubv07rgf33kvjvu',0,1,1711436972,'joomla|s:1132:\"TzoyNDoiSm9vbWxhXFJlZ2lzdHJ5XFJlZ2lzdHJ5IjozOntzOjc6IgAqAGRhdGEiO086ODoic3RkQ2xhc3MiOjM6e3M6Nzoic2Vzc2lvbiI7Tzo4OiJzdGRDbGFzcyI6Mzp7czo3OiJjb3VudGVyIjtpOjE7czo1OiJ0aW1lciI7Tzo4OiJzdGRDbGFzcyI6Mzp7czo1OiJzdGFydCI7aToxNzExNDM2OTY5O3M6NDoibGFzdCI7aToxNzExNDM2OTY5O3M6Mzoibm93IjtpOjE3MTE0MzY5Njk7fXM6NToidG9rZW4iO3M6MzI6IjgwNGU4ZmY4OGNjM2Y5Y2E4MDE3MDVlYzg1ZDQyNjI0Ijt9czo4OiJyZWdpc3RyeSI7TzoyNDoiSm9vbWxhXFJlZ2lzdHJ5XFJlZ2lzdHJ5IjozOntzOjc6IgAqAGRhdGEiO086ODoic3RkQ2xhc3MiOjI6e3M6ODoiY29tX2lmYXEiO086ODoic3RkQ2xhc3MiOjE6e3M6ODoiY2F0ZWdvcnkiO086ODoic3RkQ2xhc3MiOjE6e3M6NjoiZmlsdGVyIjtPOjg6InN0ZENsYXNzIjoxOntzOjY6IjEzOjEwMSI7Tzo4OiJzdGRDbGFzcyI6MTp7czozOiJ0YWciO2E6MTp7aTowO2k6ODt9fX19fXM6NToidXNlcnMiO086ODoic3RkQ2xhc3MiOjE6e3M6NToibG9naW4iO086ODoic3RkQ2xhc3MiOjE6e3M6NDoiZm9ybSI7Tzo4OiJzdGRDbGFzcyI6MTp7czo0OiJkYXRhIjthOjE6e3M6NjoicmV0dXJuIjtzOjM5OiJodHRwczovL2tub3dsZWRnZWZyYW1lLmNvLnVrL2F4Y2Vzc2Rldi8iO319fX19czoxNDoiACoAaW5pdGlhbGl6ZWQiO2I6MDtzOjEyOiIAKgBzZXBhcmF0b3IiO3M6MToiLiI7fXM6NDoidXNlciI7TzoyMDoiSm9vbWxhXENNU1xVc2VyXFVzZXIiOjE6e3M6MjoiaWQiO2k6MDt9fXM6MTQ6IgAqAGluaXRpYWxpemVkIjtiOjA7czoxMjoiACoAc2VwYXJhdG9yIjtzOjE6Ii4iO30=\";',0,''),('qdaqstd4ja7klgsfrq4vpo4eon',0,1,1711432156,'joomla|s:1132:\"TzoyNDoiSm9vbWxhXFJlZ2lzdHJ5XFJlZ2lzdHJ5IjozOntzOjc6IgAqAGRhdGEiO086ODoic3RkQ2xhc3MiOjM6e3M6Nzoic2Vzc2lvbiI7Tzo4OiJzdGRDbGFzcyI6Mzp7czo3OiJjb3VudGVyIjtpOjE7czo1OiJ0aW1lciI7Tzo4OiJzdGRDbGFzcyI6Mzp7czo1OiJzdGFydCI7aToxNzExNDMyMTU2O3M6NDoibGFzdCI7aToxNzExNDMyMTU2O3M6Mzoibm93IjtpOjE3MTE0MzIxNTY7fXM6NToidG9rZW4iO3M6MzI6ImViOTIzZDMwYTQyNWUwMmQ1YTk5MDg1N2RlY2E1NmRlIjt9czo4OiJyZWdpc3RyeSI7TzoyNDoiSm9vbWxhXFJlZ2lzdHJ5XFJlZ2lzdHJ5IjozOntzOjc6IgAqAGRhdGEiO086ODoic3RkQ2xhc3MiOjI6e3M6ODoiY29tX2lmYXEiO086ODoic3RkQ2xhc3MiOjE6e3M6ODoiY2F0ZWdvcnkiO086ODoic3RkQ2xhc3MiOjE6e3M6NjoiZmlsdGVyIjtPOjg6InN0ZENsYXNzIjoxOntzOjY6IjEzOjEwMSI7Tzo4OiJzdGRDbGFzcyI6MTp7czozOiJ0YWciO2E6MTp7aTowO2k6ODt9fX19fXM6NToidXNlcnMiO086ODoic3RkQ2xhc3MiOjE6e3M6NToibG9naW4iO086ODoic3RkQ2xhc3MiOjE6e3M6NDoiZm9ybSI7Tzo4OiJzdGRDbGFzcyI6MTp7czo0OiJkYXRhIjthOjE6e3M6NjoicmV0dXJuIjtzOjM5OiJodHRwczovL2tub3dsZWRnZWZyYW1lLmNvLnVrL2F4Y2Vzc2Rldi8iO319fX19czoxNDoiACoAaW5pdGlhbGl6ZWQiO2I6MDtzOjEyOiIAKgBzZXBhcmF0b3IiO3M6MToiLiI7fXM6NDoidXNlciI7TzoyMDoiSm9vbWxhXENNU1xVc2VyXFVzZXIiOjE6e3M6MjoiaWQiO2k6MDt9fXM6MTQ6IgAqAGluaXRpYWxpemVkIjtiOjA7czoxMjoiACoAc2VwYXJhdG9yIjtzOjE6Ii4iO30=\";',0,''),('rkp65db6k2j3a7ea0d18el191p',0,1,1711437578,'joomla|s:1132:\"TzoyNDoiSm9vbWxhXFJlZ2lzdHJ5XFJlZ2lzdHJ5IjozOntzOjc6IgAqAGRhdGEiO086ODoic3RkQ2xhc3MiOjM6e3M6Nzoic2Vzc2lvbiI7Tzo4OiJzdGRDbGFzcyI6Mzp7czo3OiJjb3VudGVyIjtpOjE7czo1OiJ0aW1lciI7Tzo4OiJzdGRDbGFzcyI6Mzp7czo1OiJzdGFydCI7aToxNzExNDM3NTc4O3M6NDoibGFzdCI7aToxNzExNDM3NTc4O3M6Mzoibm93IjtpOjE3MTE0Mzc1Nzg7fXM6NToidG9rZW4iO3M6MzI6IjQzMmEwODU2YzM2MmZmYjY2NjU4M2E5NjMxNjlhZDAwIjt9czo4OiJyZWdpc3RyeSI7TzoyNDoiSm9vbWxhXFJlZ2lzdHJ5XFJlZ2lzdHJ5IjozOntzOjc6IgAqAGRhdGEiO086ODoic3RkQ2xhc3MiOjI6e3M6ODoiY29tX2lmYXEiO086ODoic3RkQ2xhc3MiOjE6e3M6ODoiY2F0ZWdvcnkiO086ODoic3RkQ2xhc3MiOjE6e3M6NjoiZmlsdGVyIjtPOjg6InN0ZENsYXNzIjoxOntzOjY6IjEzOjEwMSI7Tzo4OiJzdGRDbGFzcyI6MTp7czozOiJ0YWciO2E6MTp7aTowO2k6ODt9fX19fXM6NToidXNlcnMiO086ODoic3RkQ2xhc3MiOjE6e3M6NToibG9naW4iO086ODoic3RkQ2xhc3MiOjE6e3M6NDoiZm9ybSI7Tzo4OiJzdGRDbGFzcyI6MTp7czo0OiJkYXRhIjthOjE6e3M6NjoicmV0dXJuIjtzOjM5OiJodHRwczovL2tub3dsZWRnZWZyYW1lLmNvLnVrL2F4Y2Vzc2Rldi8iO319fX19czoxNDoiACoAaW5pdGlhbGl6ZWQiO2I6MDtzOjEyOiIAKgBzZXBhcmF0b3IiO3M6MToiLiI7fXM6NDoidXNlciI7TzoyMDoiSm9vbWxhXENNU1xVc2VyXFVzZXIiOjE6e3M6MjoiaWQiO2k6MDt9fXM6MTQ6IgAqAGluaXRpYWxpemVkIjtiOjA7czoxMjoiACoAc2VwYXJhdG9yIjtzOjE6Ii4iO30=\";',0,''),('so2iginf6gk1atf9415mi6m3pq',0,1,1711434559,'joomla|s:1132:\"TzoyNDoiSm9vbWxhXFJlZ2lzdHJ5XFJlZ2lzdHJ5IjozOntzOjc6IgAqAGRhdGEiO086ODoic3RkQ2xhc3MiOjM6e3M6Nzoic2Vzc2lvbiI7Tzo4OiJzdGRDbGFzcyI6Mzp7czo3OiJjb3VudGVyIjtpOjE7czo1OiJ0aW1lciI7Tzo4OiJzdGRDbGFzcyI6Mzp7czo1OiJzdGFydCI7aToxNzExNDM0NTU1O3M6NDoibGFzdCI7aToxNzExNDM0NTU1O3M6Mzoibm93IjtpOjE3MTE0MzQ1NTU7fXM6NToidG9rZW4iO3M6MzI6ImI4ZTQ5Y2VlNjgzOGE2Y2JjMDZkZjZiNGE3Y2IyYzA3Ijt9czo4OiJyZWdpc3RyeSI7TzoyNDoiSm9vbWxhXFJlZ2lzdHJ5XFJlZ2lzdHJ5IjozOntzOjc6IgAqAGRhdGEiO086ODoic3RkQ2xhc3MiOjI6e3M6ODoiY29tX2lmYXEiO086ODoic3RkQ2xhc3MiOjE6e3M6ODoiY2F0ZWdvcnkiO086ODoic3RkQ2xhc3MiOjE6e3M6NjoiZmlsdGVyIjtPOjg6InN0ZENsYXNzIjoxOntzOjY6IjEzOjEwMSI7Tzo4OiJzdGRDbGFzcyI6MTp7czozOiJ0YWciO2E6MTp7aTowO2k6ODt9fX19fXM6NToidXNlcnMiO086ODoic3RkQ2xhc3MiOjE6e3M6NToibG9naW4iO086ODoic3RkQ2xhc3MiOjE6e3M6NDoiZm9ybSI7Tzo4OiJzdGRDbGFzcyI6MTp7czo0OiJkYXRhIjthOjE6e3M6NjoicmV0dXJuIjtzOjM5OiJodHRwczovL2tub3dsZWRnZWZyYW1lLmNvLnVrL2F4Y2Vzc2Rldi8iO319fX19czoxNDoiACoAaW5pdGlhbGl6ZWQiO2I6MDtzOjEyOiIAKgBzZXBhcmF0b3IiO3M6MToiLiI7fXM6NDoidXNlciI7TzoyMDoiSm9vbWxhXENNU1xVc2VyXFVzZXIiOjE6e3M6MjoiaWQiO2k6MDt9fXM6MTQ6IgAqAGluaXRpYWxpemVkIjtiOjA7czoxMjoiACoAc2VwYXJhdG9yIjtzOjE6Ii4iO30=\";',0,''),('todrger59hbpftn62bcjj5a0lg',0,1,1711435162,'joomla|s:1132:\"TzoyNDoiSm9vbWxhXFJlZ2lzdHJ5XFJlZ2lzdHJ5IjozOntzOjc6IgAqAGRhdGEiO086ODoic3RkQ2xhc3MiOjM6e3M6Nzoic2Vzc2lvbiI7Tzo4OiJzdGRDbGFzcyI6Mzp7czo3OiJjb3VudGVyIjtpOjE7czo1OiJ0aW1lciI7Tzo4OiJzdGRDbGFzcyI6Mzp7czo1OiJzdGFydCI7aToxNzExNDM1MTYyO3M6NDoibGFzdCI7aToxNzExNDM1MTYyO3M6Mzoibm93IjtpOjE3MTE0MzUxNjI7fXM6NToidG9rZW4iO3M6MzI6IjlhOWViYTEyYjVkMDVjZmY1ZTJkZWQ5ZWIwMmI0OTYyIjt9czo4OiJyZWdpc3RyeSI7TzoyNDoiSm9vbWxhXFJlZ2lzdHJ5XFJlZ2lzdHJ5IjozOntzOjc6IgAqAGRhdGEiO086ODoic3RkQ2xhc3MiOjI6e3M6ODoiY29tX2lmYXEiO086ODoic3RkQ2xhc3MiOjE6e3M6ODoiY2F0ZWdvcnkiO086ODoic3RkQ2xhc3MiOjE6e3M6NjoiZmlsdGVyIjtPOjg6InN0ZENsYXNzIjoxOntzOjY6IjEzOjEwMSI7Tzo4OiJzdGRDbGFzcyI6MTp7czozOiJ0YWciO2E6MTp7aTowO2k6ODt9fX19fXM6NToidXNlcnMiO086ODoic3RkQ2xhc3MiOjE6e3M6NToibG9naW4iO086ODoic3RkQ2xhc3MiOjE6e3M6NDoiZm9ybSI7Tzo4OiJzdGRDbGFzcyI6MTp7czo0OiJkYXRhIjthOjE6e3M6NjoicmV0dXJuIjtzOjM5OiJodHRwczovL2tub3dsZWRnZWZyYW1lLmNvLnVrL2F4Y2Vzc2Rldi8iO319fX19czoxNDoiACoAaW5pdGlhbGl6ZWQiO2I6MDtzOjEyOiIAKgBzZXBhcmF0b3IiO3M6MToiLiI7fXM6NDoidXNlciI7TzoyMDoiSm9vbWxhXENNU1xVc2VyXFVzZXIiOjE6e3M6MjoiaWQiO2k6MDt9fXM6MTQ6IgAqAGluaXRpYWxpemVkIjtiOjA7czoxMjoiACoAc2VwYXJhdG9yIjtzOjE6Ii4iO30=\";',0,''),('ubvbutbfm7d1a34cq04312d2j6',0,1,1711436982,'joomla|s:1132:\"TzoyNDoiSm9vbWxhXFJlZ2lzdHJ5XFJlZ2lzdHJ5IjozOntzOjc6IgAqAGRhdGEiO086ODoic3RkQ2xhc3MiOjM6e3M6Nzoic2Vzc2lvbiI7Tzo4OiJzdGRDbGFzcyI6Mzp7czo3OiJjb3VudGVyIjtpOjE7czo1OiJ0aW1lciI7Tzo4OiJzdGRDbGFzcyI6Mzp7czo1OiJzdGFydCI7aToxNzExNDM2OTgxO3M6NDoibGFzdCI7aToxNzExNDM2OTgxO3M6Mzoibm93IjtpOjE3MTE0MzY5ODE7fXM6NToidG9rZW4iO3M6MzI6ImJkZmE2YWQ4NmE4YzJhZGFmMDM3OGQ4MmY0NGM3ZGNmIjt9czo4OiJyZWdpc3RyeSI7TzoyNDoiSm9vbWxhXFJlZ2lzdHJ5XFJlZ2lzdHJ5IjozOntzOjc6IgAqAGRhdGEiO086ODoic3RkQ2xhc3MiOjI6e3M6ODoiY29tX2lmYXEiO086ODoic3RkQ2xhc3MiOjE6e3M6ODoiY2F0ZWdvcnkiO086ODoic3RkQ2xhc3MiOjE6e3M6NjoiZmlsdGVyIjtPOjg6InN0ZENsYXNzIjoxOntzOjY6IjEzOjEwMSI7Tzo4OiJzdGRDbGFzcyI6MTp7czozOiJ0YWciO2E6MTp7aTowO2k6ODt9fX19fXM6NToidXNlcnMiO086ODoic3RkQ2xhc3MiOjE6e3M6NToibG9naW4iO086ODoic3RkQ2xhc3MiOjE6e3M6NDoiZm9ybSI7Tzo4OiJzdGRDbGFzcyI6MTp7czo0OiJkYXRhIjthOjE6e3M6NjoicmV0dXJuIjtzOjM5OiJodHRwczovL2tub3dsZWRnZWZyYW1lLmNvLnVrL2F4Y2Vzc2Rldi8iO319fX19czoxNDoiACoAaW5pdGlhbGl6ZWQiO2I6MDtzOjEyOiIAKgBzZXBhcmF0b3IiO3M6MToiLiI7fXM6NDoidXNlciI7TzoyMDoiSm9vbWxhXENNU1xVc2VyXFVzZXIiOjE6e3M6MjoiaWQiO2k6MDt9fXM6MTQ6IgAqAGluaXRpYWxpemVkIjtiOjA7czoxMjoiACoAc2VwYXJhdG9yIjtzOjE6Ii4iO30=\";',0,''),('uinevb460rh3katrndc8hehb4i',0,1,1711435752,'joomla|s:1132:\"TzoyNDoiSm9vbWxhXFJlZ2lzdHJ5XFJlZ2lzdHJ5IjozOntzOjc6IgAqAGRhdGEiO086ODoic3RkQ2xhc3MiOjM6e3M6Nzoic2Vzc2lvbiI7Tzo4OiJzdGRDbGFzcyI6Mzp7czo3OiJjb3VudGVyIjtpOjE7czo1OiJ0aW1lciI7Tzo4OiJzdGRDbGFzcyI6Mzp7czo1OiJzdGFydCI7aToxNzExNDM1NzQ5O3M6NDoibGFzdCI7aToxNzExNDM1NzQ5O3M6Mzoibm93IjtpOjE3MTE0MzU3NDk7fXM6NToidG9rZW4iO3M6MzI6IjY3NGI1MzA5MWIwNGIyYWQxNjAyYzZkZWYwZTM4NTFlIjt9czo4OiJyZWdpc3RyeSI7TzoyNDoiSm9vbWxhXFJlZ2lzdHJ5XFJlZ2lzdHJ5IjozOntzOjc6IgAqAGRhdGEiO086ODoic3RkQ2xhc3MiOjI6e3M6ODoiY29tX2lmYXEiO086ODoic3RkQ2xhc3MiOjE6e3M6ODoiY2F0ZWdvcnkiO086ODoic3RkQ2xhc3MiOjE6e3M6NjoiZmlsdGVyIjtPOjg6InN0ZENsYXNzIjoxOntzOjY6IjEzOjEwMSI7Tzo4OiJzdGRDbGFzcyI6MTp7czozOiJ0YWciO2E6MTp7aTowO2k6ODt9fX19fXM6NToidXNlcnMiO086ODoic3RkQ2xhc3MiOjE6e3M6NToibG9naW4iO086ODoic3RkQ2xhc3MiOjE6e3M6NDoiZm9ybSI7Tzo4OiJzdGRDbGFzcyI6MTp7czo0OiJkYXRhIjthOjE6e3M6NjoicmV0dXJuIjtzOjM5OiJodHRwczovL2tub3dsZWRnZWZyYW1lLmNvLnVrL2F4Y2Vzc2Rldi8iO319fX19czoxNDoiACoAaW5pdGlhbGl6ZWQiO2I6MDtzOjEyOiIAKgBzZXBhcmF0b3IiO3M6MToiLiI7fXM6NDoidXNlciI7TzoyMDoiSm9vbWxhXENNU1xVc2VyXFVzZXIiOjE6e3M6MjoiaWQiO2k6MDt9fXM6MTQ6IgAqAGluaXRpYWxpemVkIjtiOjA7czoxMjoiACoAc2VwYXJhdG9yIjtzOjE6Ii4iO30=\";',0,'');

--
-- Table structure for table `josuk_tags`
--

CREATE TABLE `josuk_tags` (
  `id` int(10) unsigned NOT NULL AUTO_INCREMENT,
  `parent_id` int(10) unsigned NOT NULL DEFAULT 0,
  `lft` int(11) NOT NULL DEFAULT 0,
  `rgt` int(11) NOT NULL DEFAULT 0,
  `level` int(10) unsigned NOT NULL DEFAULT 0,
  `path` varchar(400) NOT NULL DEFAULT '',
  `title` varchar(255) NOT NULL,
  `alias` varchar(400) CHARACTER SET utf8mb4 COLLATE utf8mb4_bin NOT NULL DEFAULT '',
  `note` varchar(255) NOT NULL DEFAULT '',
  `description` mediumtext NOT NULL,
  `published` tinyint(4) NOT NULL DEFAULT 0,
  `checked_out` int(10) unsigned DEFAULT NULL,
  `checked_out_time` datetime DEFAULT NULL,
  `access` int(10) unsigned NOT NULL DEFAULT 0,
  `params` text NOT NULL,
  `metadesc` varchar(1024) NOT NULL COMMENT 'The meta description for the page.',
  `metakey` varchar(1024) NOT NULL DEFAULT '' COMMENT 'The keywords for the page.',
  `metadata` varchar(2048) NOT NULL COMMENT 'JSON encoded metadata properties.',
  `created_user_id` int(10) unsigned NOT NULL DEFAULT 0,
  `created_time` datetime NOT NULL,
  `created_by_alias` varchar(255) NOT NULL DEFAULT '',
  `modified_user_id` int(10) unsigned NOT NULL DEFAULT 0,
  `modified_time` datetime NOT NULL,
  `images` text NOT NULL,
  `urls` text NOT NULL,
  `hits` int(10) unsigned NOT NULL DEFAULT 0,
  `language` char(7) NOT NULL,
  `version` int(10) unsigned NOT NULL DEFAULT 1,
  `publish_up` datetime DEFAULT NULL,
  `publish_down` datetime DEFAULT NULL,
  PRIMARY KEY (`id`),
  KEY `tag_idx` (`published`,`access`),
  KEY `idx_access` (`access`),
  KEY `idx_checkout` (`checked_out`),
  KEY `idx_path` (`path`(100)),
  KEY `idx_left_right` (`lft`,`rgt`),
  KEY `idx_alias` (`alias`(100)),
  KEY `idx_language` (`language`)
) ENGINE=InnoDB AUTO_INCREMENT=9 DEFAULT CHARSET=utf8mb4 COLLATE=utf8mb4_unicode_ci;

--
-- Dumping data for table `josuk_tags`
--

INSERT INTO `josuk_tags` VALUES (1,0,0,15,0,'','ROOT','root','','',1,NULL,NULL,1,'','','','',257,'2023-07-20 09:28:19','',257,'2023-07-20 09:28:19','','',0,'*',1,NULL,NULL),(2,1,1,2,1,'travel-payment-processing','TRAVEL PAYMENT PROCESSING','travel-payment-processing','','',1,NULL,NULL,1,'{\"tag_layout\":\"\",\"tag_link_class\":\"\"}','','','{\"author\":\"\",\"robots\":\"\"}',257,'2024-02-06 14:37:05','',257,'2024-02-06 14:37:24','{\"image_intro\":\"\",\"float_intro\":\"\",\"image_intro_alt\":\"\",\"image_intro_caption\":\"\",\"image_fulltext\":\"\",\"float_fulltext\":\"\",\"image_fulltext_alt\":\"\",\"image_fulltext_caption\":\"\"}','{}',0,'*',2,NULL,NULL),(3,1,3,4,1,'risk','Risk','risk','','',1,NULL,NULL,1,'{\"tag_layout\":\"\",\"tag_link_class\":\"\"}','','','{\"author\":\"\",\"robots\":\"\"}',257,'2024-02-06 14:37:41','',257,'2024-02-06 14:37:41','{\"image_intro\":\"\",\"float_intro\":\"\",\"image_intro_alt\":\"\",\"image_intro_caption\":\"\",\"image_fulltext\":\"\",\"float_fulltext\":\"\",\"image_fulltext_alt\":\"\",\"image_fulltext_caption\":\"\"}','{}',0,'*',1,NULL,NULL),(4,1,5,6,1,'general-faq','General FAQ','general-faq','','',1,NULL,NULL,1,'{\"tag_layout\":\"\",\"tag_link_class\":\"\"}','','','{\"author\":\"\",\"robots\":\"\"}',259,'2024-02-06 16:25:57','',259,'2024-02-06 16:25:57','{\"image_intro\":\"\",\"float_intro\":\"\",\"image_intro_alt\":\"\",\"image_intro_caption\":\"\",\"image_fulltext\":\"\",\"float_fulltext\":\"\",\"image_fulltext_alt\":\"\",\"image_fulltext_caption\":\"\"}','{}',0,'*',1,NULL,NULL),(5,1,7,8,1,'features-faq','Features FAQ','features-faq','','',1,NULL,NULL,1,'{\"tag_layout\":\"\",\"tag_link_class\":\"\"}','','','{\"author\":\"\",\"robots\":\"\"}',259,'2024-02-06 16:26:21','',259,'2024-02-06 16:26:21','{\"image_intro\":\"\",\"float_intro\":\"\",\"image_intro_alt\":\"\",\"image_intro_caption\":\"\",\"image_fulltext\":\"\",\"float_fulltext\":\"\",\"image_fulltext_alt\":\"\",\"image_fulltext_caption\":\"\"}','{}',0,'*',1,NULL,NULL),(6,1,9,10,1,'features','Features','features','','',1,NULL,NULL,1,'{\"tag_layout\":\"\",\"tag_link_class\":\"\"}','','','{\"author\":\"\",\"robots\":\"\"}',259,'2024-02-08 14:37:34','',259,'2024-02-08 14:37:42','{\"image_intro\":\"\",\"float_intro\":\"\",\"image_intro_alt\":\"\",\"image_intro_caption\":\"\",\"image_fulltext\":\"\",\"float_fulltext\":\"\",\"image_fulltext_alt\":\"\",\"image_fulltext_caption\":\"\"}','{}',0,'*',3,NULL,NULL),(7,1,11,12,1,'on-page-features','On Page Features','on-page-features','','',1,NULL,NULL,1,'{}','','','{}',259,'2024-02-29 13:10:17','',259,'2024-02-29 13:10:17','{}','{}',0,'*',1,NULL,NULL),(8,1,13,14,1,'on-page-home','On Page Home','on-page-home','','',1,NULL,NULL,1,'{}','','','{}',259,'2024-02-29 13:13:08','',259,'2024-02-29 13:13:08','{}','{}',0,'*',1,NULL,NULL);

--
-- Table structure for table `josuk_template_overrides`
--

CREATE TABLE `josuk_template_overrides` (
  `id` int(10) unsigned NOT NULL AUTO_INCREMENT,
  `template` varchar(50) NOT NULL DEFAULT '',
  `hash_id` varchar(255) NOT NULL DEFAULT '',
  `extension_id` int(11) DEFAULT 0,
  `state` tinyint(4) NOT NULL DEFAULT 0,
  `action` varchar(50) NOT NULL DEFAULT '',
  `client_id` tinyint(3) unsigned NOT NULL DEFAULT 0,
  `created_date` datetime NOT NULL,
  `modified_date` datetime DEFAULT NULL,
  PRIMARY KEY (`id`),
  KEY `idx_template` (`template`),
  KEY `idx_extension_id` (`extension_id`)
) ENGINE=InnoDB DEFAULT CHARSET=utf8mb4 COLLATE=utf8mb4_unicode_ci;

--
-- Dumping data for table `josuk_template_overrides`
--


--
-- Table structure for table `josuk_template_styles`
--

CREATE TABLE `josuk_template_styles` (
  `id` int(10) unsigned NOT NULL AUTO_INCREMENT,
  `template` varchar(50) NOT NULL DEFAULT '',
  `client_id` tinyint(3) unsigned NOT NULL DEFAULT 0,
  `home` char(7) NOT NULL DEFAULT '0',
  `title` varchar(255) NOT NULL DEFAULT '',
  `inheritable` tinyint(4) NOT NULL DEFAULT 0,
  `parent` varchar(50) DEFAULT '',
  `params` text NOT NULL,
  PRIMARY KEY (`id`),
  KEY `idx_template` (`template`),
  KEY `idx_client_id` (`client_id`),
  KEY `idx_client_id_home` (`client_id`,`home`)
) ENGINE=InnoDB AUTO_INCREMENT=28 DEFAULT CHARSET=utf8mb4 COLLATE=utf8mb4_unicode_ci;

--
-- Dumping data for table `josuk_template_styles`
--

INSERT INTO `josuk_template_styles` VALUES (10,'atum',1,'1','Atum - Default',1,'','{\"hue\":\"hsl(214, 63%, 20%)\",\"bg-light\":\"#f0f4fb\",\"text-dark\":\"#495057\",\"text-light\":\"#ffffff\",\"link-color\":\"#2a69b8\",\"special-color\":\"#001b4c\",\"monochrome\":\"0\",\"loginLogo\":\"\",\"loginLogoAlt\":\"\",\"logoBrandLarge\":\"\",\"logoBrandLargeAlt\":\"\",\"logoBrandSmall\":\"\",\"logoBrandSmallAlt\":\"\"}'),(11,'cassiopeia',0,'0','Cassiopeia - Default',1,'','{\"brand\":\"1\",\"logoFile\":\"\",\"siteTitle\":\"\",\"siteDescription\":\"\",\"useFontScheme\":\"0\",\"colorName\":\"colors_standard\",\"fluidContainer\":\"0\",\"stickyHeader\":0,\"backTop\":0}'),(12,'g5_hydrogen',0,'0','Hydrogen - Default',0,'','{\"configuration\":\"12\",\"preset\":\"home\"}'),(13,'g5_hydrogen',0,'1','Hydrogen - Home',0,'','{\"configuration\":\"13\",\"preset\":\"home\"}'),(14,'g5_hydrogen',0,'0','Hydrogen - Content Section',0,'','{\"configuration\":\"14\",\"preset\":\"home\"}'),(15,'g5_hydrogen',0,'0','Hydrogen - Content Section - Sectors',0,'','{\"configuration\":\"15\",\"preset\":\"home\"}'),(16,'g5_hydrogen',0,'0','Hydrogen - Content Section - Features',0,'','{\"configuration\":\"16\",\"preset\":\"home\"}'),(17,'g5_hydrogen',0,'0','Hydrogen - Contact Form Outline',0,'','{\"configuration\":\"17\",\"preset\":\"home\"}'),(19,'g5_hydrogen',0,'0','Hydrogen - Content Section - Partner Page',0,'','{\"configuration\":\"19\",\"preset\":\"home\"}'),(20,'g5_hydrogen',0,'0','Hydrogen - Content Section - Solutions',0,'','{\"configuration\":\"20\",\"preset\":\"home\"}'),(23,'g5_hydrogen',0,'0','Hydrogen - Content Section - Sectors_NEW',0,'','{\"configuration\":\"23\",\"preset\":\"home\"}'),(26,'g5_hydrogen',0,'0','Hydrogen - About Us',0,'','{\"configuration\":\"26\",\"preset\":\"home\"}'),(27,'g5_hydrogen',0,'0','Hydrogen - Privacy Policy',0,'','{\"configuration\":\"27\",\"preset\":\"home\"}');

--
-- Table structure for table `josuk_ucm_base`
--

CREATE TABLE `josuk_ucm_base` (
  `ucm_id` int(10) unsigned NOT NULL,
  `ucm_item_id` int(11) NOT NULL,
  `ucm_type_id` int(11) NOT NULL,
  `ucm_language_id` int(11) NOT NULL,
  PRIMARY KEY (`ucm_id`),
  KEY `idx_ucm_item_id` (`ucm_item_id`),
  KEY `idx_ucm_type_id` (`ucm_type_id`),
  KEY `idx_ucm_language_id` (`ucm_language_id`)
) ENGINE=InnoDB DEFAULT CHARSET=utf8mb4 COLLATE=utf8mb4_unicode_ci;

--
-- Dumping data for table `josuk_ucm_base`
--

INSERT INTO `josuk_ucm_base` VALUES (1,41,1,0),(2,53,1,0),(3,54,1,0),(4,55,1,0),(5,56,1,0),(6,57,1,0),(7,58,1,0),(8,59,1,0),(9,60,1,0),(10,61,1,0),(11,62,1,0),(12,63,1,0),(13,64,1,0),(14,65,1,0),(15,66,1,0),(16,67,1,0),(17,68,1,0),(18,69,1,0),(19,70,1,0),(20,71,1,0),(21,72,1,0),(22,73,1,0),(23,74,1,0),(24,20,1,0),(25,18,1,0),(26,16,1,0),(27,12,1,0),(28,11,1,0),(29,10,1,0),(30,9,1,0),(31,76,1,0),(32,77,1,0),(33,78,1,0),(34,7,1,0);

--
-- Table structure for table `josuk_ucm_content`
--

CREATE TABLE `josuk_ucm_content` (
  `core_content_id` int(10) unsigned NOT NULL AUTO_INCREMENT,
  `core_type_alias` varchar(400) NOT NULL DEFAULT '' COMMENT 'FK to the content types table',
  `core_title` varchar(400) NOT NULL DEFAULT '',
  `core_alias` varchar(400) CHARACTER SET utf8mb4 COLLATE utf8mb4_bin NOT NULL DEFAULT '',
  `core_body` mediumtext DEFAULT NULL,
  `core_state` tinyint(4) NOT NULL DEFAULT 0,
  `core_checked_out_time` datetime DEFAULT NULL,
  `core_checked_out_user_id` int(10) unsigned DEFAULT NULL,
  `core_access` int(10) unsigned NOT NULL DEFAULT 0,
  `core_params` text DEFAULT NULL,
  `core_featured` tinyint(3) unsigned NOT NULL DEFAULT 0,
  `core_metadata` varchar(2048) NOT NULL DEFAULT '' COMMENT 'JSON encoded metadata properties.',
  `core_created_user_id` int(10) unsigned NOT NULL DEFAULT 0,
  `core_created_by_alias` varchar(255) NOT NULL DEFAULT '',
  `core_created_time` datetime NOT NULL,
  `core_modified_user_id` int(10) unsigned NOT NULL DEFAULT 0 COMMENT 'Most recent user that modified',
  `core_modified_time` datetime NOT NULL,
  `core_language` char(7) NOT NULL DEFAULT '',
  `core_publish_up` datetime DEFAULT NULL,
  `core_publish_down` datetime DEFAULT NULL,
  `core_content_item_id` int(10) unsigned NOT NULL DEFAULT 0 COMMENT 'ID from the individual type table',
  `asset_id` int(10) unsigned NOT NULL DEFAULT 0 COMMENT 'FK to the #__assets table.',
  `core_images` text DEFAULT NULL,
  `core_urls` text DEFAULT NULL,
  `core_hits` int(10) unsigned NOT NULL DEFAULT 0,
  `core_version` int(10) unsigned NOT NULL DEFAULT 1,
  `core_ordering` int(11) NOT NULL DEFAULT 0,
  `core_metakey` text DEFAULT NULL,
  `core_metadesc` text DEFAULT NULL,
  `core_catid` int(10) unsigned NOT NULL DEFAULT 0,
  `core_type_id` int(10) unsigned NOT NULL DEFAULT 0,
  PRIMARY KEY (`core_content_id`),
  KEY `tag_idx` (`core_state`,`core_access`),
  KEY `idx_access` (`core_access`),
  KEY `idx_alias` (`core_alias`(100)),
  KEY `idx_language` (`core_language`),
  KEY `idx_title` (`core_title`(100)),
  KEY `idx_modified_time` (`core_modified_time`),
  KEY `idx_created_time` (`core_created_time`),
  KEY `idx_content_type` (`core_type_alias`(100)),
  KEY `idx_core_modified_user_id` (`core_modified_user_id`),
  KEY `idx_core_checked_out_user_id` (`core_checked_out_user_id`),
  KEY `idx_core_created_user_id` (`core_created_user_id`),
  KEY `idx_core_type_id` (`core_type_id`)
) ENGINE=InnoDB AUTO_INCREMENT=35 DEFAULT CHARSET=utf8mb4 COLLATE=utf8mb4_unicode_ci COMMENT='Contains core content data in name spaced fields';

--
-- Dumping data for table `josuk_ucm_content`
--

INSERT INTO `josuk_ucm_content` VALUES (1,'com_content.article','Question 1','question-1','<p>Lorem ipsum dolor sit amet, consectetur adipiscing elit. In lectus purus, vehicula dignissim vehicula ut, aliquam eu sem. Interdum et malesuada fames ac ante ipsum primis in faucibus. Donec sodales condimentum dui at sodales.</p>\r\n',-2,NULL,NULL,1,'{\"article_layout\":\"\",\"show_title\":\"\",\"link_titles\":\"\",\"show_tags\":\"\",\"show_intro\":\"\",\"info_block_position\":\"\",\"info_block_show_title\":\"\",\"show_category\":\"\",\"link_category\":\"\",\"show_parent_category\":\"\",\"link_parent_category\":\"\",\"show_author\":\"\",\"link_author\":\"\",\"show_create_date\":\"\",\"show_modify_date\":\"\",\"show_publish_date\":\"\",\"show_item_navigation\":\"\",\"show_hits\":\"\",\"show_noauth\":\"\",\"urls_position\":\"\",\"alternative_readmore\":\"\",\"article_page_title\":\"\",\"show_publishing_options\":\"\",\"show_article_options\":\"\",\"show_urls_images_backend\":\"\",\"show_urls_images_frontend\":\"\"}',0,'{\"robots\":\"\",\"author\":\"\",\"rights\":\"\"}',257,'','2023-10-26 08:00:49',257,'2024-02-06 14:39:08','*','2023-10-26 08:00:49',NULL,41,225,'{\"image_intro\":\"\",\"image_intro_alt\":\"\",\"float_intro\":\"\",\"image_intro_caption\":\"\",\"image_fulltext\":\"\",\"image_fulltext_alt\":\"\",\"float_fulltext\":\"\",\"image_fulltext_caption\":\"\"}','{\"urla\":\"\",\"urlatext\":\"\",\"targeta\":\"\",\"urlb\":\"\",\"urlbtext\":\"\",\"targetb\":\"\",\"urlc\":\"\",\"urlctext\":\"\",\"targetc\":\"\"}',0,4,3,'','',13,1),(2,'com_content.article','What is a Merchant Account? ','what-is-a-merchant-account','<p>A merchant account enables a business to accept payments made via credit and debit cards. An account is established with an agreement between an acquiring bank and the merchant.</p>',1,NULL,NULL,1,'{\"article_layout\":\"\",\"show_title\":\"\",\"link_titles\":\"\",\"show_tags\":\"\",\"show_intro\":\"\",\"info_block_position\":\"\",\"info_block_show_title\":\"\",\"show_category\":\"\",\"link_category\":\"\",\"show_parent_category\":\"\",\"link_parent_category\":\"\",\"show_author\":\"\",\"link_author\":\"\",\"show_create_date\":\"\",\"show_modify_date\":\"\",\"show_publish_date\":\"\",\"show_item_navigation\":\"\",\"show_hits\":\"\",\"show_noauth\":\"\",\"urls_position\":\"\",\"alternative_readmore\":\"\",\"article_page_title\":\"\",\"show_publishing_options\":\"\",\"show_article_options\":\"\",\"show_urls_images_backend\":\"\",\"show_urls_images_frontend\":\"\"}',0,'{\"robots\":\"\",\"author\":\"\",\"rights\":\"\"}',259,'','2024-02-06 16:26:41',259,'2024-02-29 13:13:58','*','2024-02-06 16:26:41',NULL,53,254,'{\"image_intro\":\"\",\"image_intro_alt\":\"\",\"float_intro\":\"\",\"image_intro_caption\":\"\",\"image_fulltext\":\"\",\"image_fulltext_alt\":\"\",\"float_fulltext\":\"\",\"image_fulltext_caption\":\"\"}','{\"urla\":\"\",\"urlatext\":\"\",\"targeta\":\"\",\"urlb\":\"\",\"urlbtext\":\"\",\"targetb\":\"\",\"urlc\":\"\",\"urlctext\":\"\",\"targetc\":\"\"}',0,2,21,'','',13,1),(3,'com_content.article','What is an acquiring bank?','what-is-an-acquiring-bank','<p>An acquiring bank is a financial institution that processes debit and credit cards on behalf of a merchant. Acquiring banks provide the merchant facilities and settlement of the merchants funds earned through payment processing.</p>',1,NULL,NULL,1,'{\"article_layout\":\"\",\"show_title\":\"\",\"link_titles\":\"\",\"show_tags\":\"\",\"show_intro\":\"\",\"info_block_position\":\"\",\"info_block_show_title\":\"\",\"show_category\":\"\",\"link_category\":\"\",\"show_parent_category\":\"\",\"link_parent_category\":\"\",\"show_author\":\"\",\"link_author\":\"\",\"show_create_date\":\"\",\"show_modify_date\":\"\",\"show_publish_date\":\"\",\"show_item_navigation\":\"\",\"show_hits\":\"\",\"show_noauth\":\"\",\"urls_position\":\"\",\"alternative_readmore\":\"\",\"article_page_title\":\"\",\"show_publishing_options\":\"\",\"show_article_options\":\"\",\"show_urls_images_backend\":\"\",\"show_urls_images_frontend\":\"\"}',0,'{\"robots\":\"\",\"author\":\"\",\"rights\":\"\"}',259,'','2024-02-06 16:27:50',259,'2024-02-06 16:27:50','*','2024-02-06 16:27:50',NULL,54,255,'{\"image_intro\":\"\",\"image_intro_alt\":\"\",\"float_intro\":\"\",\"image_intro_caption\":\"\",\"image_fulltext\":\"\",\"image_fulltext_alt\":\"\",\"float_fulltext\":\"\",\"image_fulltext_caption\":\"\"}','{\"urla\":\"\",\"urlatext\":\"\",\"targeta\":\"\",\"urlb\":\"\",\"urlbtext\":\"\",\"targetb\":\"\",\"urlc\":\"\",\"urlctext\":\"\",\"targetc\":\"\"}',0,1,0,'','',13,1),(4,'com_content.article','What is a merchant account provider?','what-is-a-merchant-account-provider','<p>A merchant account provider gives companies the ability to accept and process debit and credit cards in return for goods and services. The merchant can be delivering such goods and services either through face to face, telephone or internet based offerings.</p>',1,NULL,NULL,1,'{\"article_layout\":\"\",\"show_title\":\"\",\"link_titles\":\"\",\"show_tags\":\"\",\"show_intro\":\"\",\"info_block_position\":\"\",\"info_block_show_title\":\"\",\"show_category\":\"\",\"link_category\":\"\",\"show_parent_category\":\"\",\"link_parent_category\":\"\",\"show_author\":\"\",\"link_author\":\"\",\"show_create_date\":\"\",\"show_modify_date\":\"\",\"show_publish_date\":\"\",\"show_item_navigation\":\"\",\"show_hits\":\"\",\"show_noauth\":\"\",\"urls_position\":\"\",\"alternative_readmore\":\"\",\"article_page_title\":\"\",\"show_publishing_options\":\"\",\"show_article_options\":\"\",\"show_urls_images_backend\":\"\",\"show_urls_images_frontend\":\"\"}',0,'{\"robots\":\"\",\"author\":\"\",\"rights\":\"\"}',259,'','2024-02-06 16:28:45',259,'2024-02-06 16:28:45','*','2024-02-06 16:28:45',NULL,55,256,'{\"image_intro\":\"\",\"image_intro_alt\":\"\",\"float_intro\":\"\",\"image_intro_caption\":\"\",\"image_fulltext\":\"\",\"image_fulltext_alt\":\"\",\"float_fulltext\":\"\",\"image_fulltext_caption\":\"\"}','{\"urla\":\"\",\"urlatext\":\"\",\"targeta\":\"\",\"urlb\":\"\",\"urlbtext\":\"\",\"targetb\":\"\",\"urlc\":\"\",\"urlctext\":\"\",\"targetc\":\"\"}',0,1,0,'','',13,1),(5,'com_content.article','What do Merchant Services do?','what-do-merchant-services-do','<p>Merchant services are better explained by being the technology and, accounts and equipment that a business needs in order to accept payment through debit and credit cards.</p>',1,NULL,NULL,1,'{\"article_layout\":\"\",\"show_title\":\"\",\"link_titles\":\"\",\"show_tags\":\"\",\"show_intro\":\"\",\"info_block_position\":\"\",\"info_block_show_title\":\"\",\"show_category\":\"\",\"link_category\":\"\",\"show_parent_category\":\"\",\"link_parent_category\":\"\",\"show_author\":\"\",\"link_author\":\"\",\"show_create_date\":\"\",\"show_modify_date\":\"\",\"show_publish_date\":\"\",\"show_item_navigation\":\"\",\"show_hits\":\"\",\"show_noauth\":\"\",\"urls_position\":\"\",\"alternative_readmore\":\"\",\"article_page_title\":\"\",\"show_publishing_options\":\"\",\"show_article_options\":\"\",\"show_urls_images_backend\":\"\",\"show_urls_images_frontend\":\"\"}',0,'{\"robots\":\"\",\"author\":\"\",\"rights\":\"\"}',259,'','2024-02-06 16:29:36',259,'2024-02-06 16:29:36','*','2024-02-06 16:29:36',NULL,56,257,'{\"image_intro\":\"\",\"image_intro_alt\":\"\",\"float_intro\":\"\",\"image_intro_caption\":\"\",\"image_fulltext\":\"\",\"image_fulltext_alt\":\"\",\"float_fulltext\":\"\",\"image_fulltext_caption\":\"\"}','{\"urla\":\"\",\"urlatext\":\"\",\"targeta\":\"\",\"urlb\":\"\",\"urlbtext\":\"\",\"targetb\":\"\",\"urlc\":\"\",\"urlctext\":\"\",\"targetc\":\"\"}',0,1,0,'','',13,1),(6,'com_content.article','How do Merchant Services work?','how-do-merchant-services-work','<p>Merchant services work by allowing the consumer with the debit or credit card to process a payment for goods or services supplied by the merchant. The merchant then receives the funds from the transaction with it been deposited into the merchant account held at the acquiring bank. Then on an agreed cycle the merchant will receive the funds received.</p>',1,NULL,NULL,1,'{\"article_layout\":\"\",\"show_title\":\"\",\"link_titles\":\"\",\"show_tags\":\"\",\"show_intro\":\"\",\"info_block_position\":\"\",\"info_block_show_title\":\"\",\"show_category\":\"\",\"link_category\":\"\",\"show_parent_category\":\"\",\"link_parent_category\":\"\",\"show_author\":\"\",\"link_author\":\"\",\"show_create_date\":\"\",\"show_modify_date\":\"\",\"show_publish_date\":\"\",\"show_item_navigation\":\"\",\"show_hits\":\"\",\"show_noauth\":\"\",\"urls_position\":\"\",\"alternative_readmore\":\"\",\"article_page_title\":\"\",\"show_publishing_options\":\"\",\"show_article_options\":\"\",\"show_urls_images_backend\":\"\",\"show_urls_images_frontend\":\"\"}',0,'{\"robots\":\"\",\"author\":\"\",\"rights\":\"\"}',259,'','2024-02-06 16:30:30',259,'2024-02-06 16:30:30','*','2024-02-06 16:30:30',NULL,57,258,'{\"image_intro\":\"\",\"image_intro_alt\":\"\",\"float_intro\":\"\",\"image_intro_caption\":\"\",\"image_fulltext\":\"\",\"image_fulltext_alt\":\"\",\"float_fulltext\":\"\",\"image_fulltext_caption\":\"\"}','{\"urla\":\"\",\"urlatext\":\"\",\"targeta\":\"\",\"urlb\":\"\",\"urlbtext\":\"\",\"targetb\":\"\",\"urlc\":\"\",\"urlctext\":\"\",\"targetc\":\"\"}',0,1,0,'','',13,1),(7,'com_content.article','What kind of rates am I looking at?','what-kind-of-rates-am-i-looking-at','<p>This can vary greatly depending on the acquirer you are with, the business model of your company and the level of that you require. Contact us to discuss your needs and the type of rates and fees that will apply.</p>',1,NULL,NULL,1,'{\"article_layout\":\"\",\"show_title\":\"\",\"link_titles\":\"\",\"show_tags\":\"\",\"show_intro\":\"\",\"info_block_position\":\"\",\"info_block_show_title\":\"\",\"show_category\":\"\",\"link_category\":\"\",\"show_parent_category\":\"\",\"link_parent_category\":\"\",\"show_author\":\"\",\"link_author\":\"\",\"show_create_date\":\"\",\"show_modify_date\":\"\",\"show_publish_date\":\"\",\"show_item_navigation\":\"\",\"show_hits\":\"\",\"show_noauth\":\"\",\"urls_position\":\"\",\"alternative_readmore\":\"\",\"article_page_title\":\"\",\"show_publishing_options\":\"\",\"show_article_options\":\"\",\"show_urls_images_backend\":\"\",\"show_urls_images_frontend\":\"\"}',0,'{\"robots\":\"\",\"author\":\"\",\"rights\":\"\"}',259,'','2024-02-06 16:32:09',259,'2024-02-29 13:13:37','*','2024-02-06 16:32:09',NULL,58,259,'{\"image_intro\":\"\",\"image_intro_alt\":\"\",\"float_intro\":\"\",\"image_intro_caption\":\"\",\"image_fulltext\":\"\",\"image_fulltext_alt\":\"\",\"float_fulltext\":\"\",\"image_fulltext_caption\":\"\"}','{\"urla\":\"\",\"urlatext\":\"\",\"targeta\":\"\",\"urlb\":\"\",\"urlbtext\":\"\",\"targetb\":\"\",\"urlc\":\"\",\"urlctext\":\"\",\"targetc\":\"\"}',0,2,16,'','',13,1),(8,'com_content.article','What is a Payment Gateway? ','what-is-a-payment-gateway','<p>A payment gateway is an online service provider that provides the technology for the authorisation of debit and credit cards. The technology provides a connection between a merchant’s business website and the acquiring bank as well as providing the functionality for other services such as MOTO and other payment service solutions.</p>',1,NULL,NULL,1,'{\"article_layout\":\"\",\"show_title\":\"\",\"link_titles\":\"\",\"show_tags\":\"\",\"show_intro\":\"\",\"info_block_position\":\"\",\"info_block_show_title\":\"\",\"show_category\":\"\",\"link_category\":\"\",\"show_parent_category\":\"\",\"link_parent_category\":\"\",\"show_author\":\"\",\"link_author\":\"\",\"show_create_date\":\"\",\"show_modify_date\":\"\",\"show_publish_date\":\"\",\"show_item_navigation\":\"\",\"show_hits\":\"\",\"show_noauth\":\"\",\"urls_position\":\"\",\"alternative_readmore\":\"\",\"article_page_title\":\"\",\"show_publishing_options\":\"\",\"show_article_options\":\"\",\"show_urls_images_backend\":\"\",\"show_urls_images_frontend\":\"\"}',0,'{\"robots\":\"\",\"author\":\"\",\"rights\":\"\"}',259,'','2024-02-06 16:32:53',259,'2024-02-29 13:13:08','*','2024-02-06 16:32:53',NULL,59,260,'{\"image_intro\":\"\",\"image_intro_alt\":\"\",\"float_intro\":\"\",\"image_intro_caption\":\"\",\"image_fulltext\":\"\",\"image_fulltext_alt\":\"\",\"float_fulltext\":\"\",\"image_fulltext_caption\":\"\"}','{\"urla\":\"\",\"urlatext\":\"\",\"targeta\":\"\",\"urlb\":\"\",\"urlbtext\":\"\",\"targetb\":\"\",\"urlc\":\"\",\"urlctext\":\"\",\"targetc\":\"\"}',0,2,15,'','',13,1),(9,'com_content.article','What is your pricing structure? (How much are your fees?)','what-is-your-pricing-structure-how-much-are-your-fees','<p>We discuss and understand a merchant’s needs before providing pricing. Unlike many other companies we do not provide a “one suit fits all service”. We at Axcess look to understand the business model and what you need before providing the details on price. This way we can make sure you have what you need and nothing more or less, only then can we give an accurate price and ensure you are only paying for what you need.</p>',1,NULL,NULL,1,'{\"article_layout\":\"\",\"show_title\":\"\",\"link_titles\":\"\",\"show_tags\":\"\",\"show_intro\":\"\",\"info_block_position\":\"\",\"info_block_show_title\":\"\",\"show_category\":\"\",\"link_category\":\"\",\"show_parent_category\":\"\",\"link_parent_category\":\"\",\"show_author\":\"\",\"link_author\":\"\",\"show_create_date\":\"\",\"show_modify_date\":\"\",\"show_publish_date\":\"\",\"show_item_navigation\":\"\",\"show_hits\":\"\",\"show_noauth\":\"\",\"urls_position\":\"\",\"alternative_readmore\":\"\",\"article_page_title\":\"\",\"show_publishing_options\":\"\",\"show_article_options\":\"\",\"show_urls_images_backend\":\"\",\"show_urls_images_frontend\":\"\"}',0,'{\"robots\":\"\",\"author\":\"\",\"rights\":\"\"}',259,'','2024-02-06 16:33:49',259,'2024-02-29 13:29:30','*','2024-02-06 16:33:49',NULL,60,261,'{\"image_intro\":\"\",\"image_intro_alt\":\"\",\"float_intro\":\"\",\"image_intro_caption\":\"\",\"image_fulltext\":\"\",\"image_fulltext_alt\":\"\",\"float_fulltext\":\"\",\"image_fulltext_caption\":\"\"}','{\"urla\":\"\",\"urlatext\":\"\",\"targeta\":\"\",\"urlb\":\"\",\"urlbtext\":\"\",\"targetb\":\"\",\"urlc\":\"\",\"urlctext\":\"\",\"targetc\":\"\"}',0,2,14,'','',13,1),(10,'com_content.article','How many banks do you connect to?','how-many-banks-do-you-connect-to','<p>300+</p>',1,NULL,NULL,1,'{\"article_layout\":\"\",\"show_title\":\"\",\"link_titles\":\"\",\"show_tags\":\"\",\"show_intro\":\"\",\"info_block_position\":\"\",\"info_block_show_title\":\"\",\"show_category\":\"\",\"link_category\":\"\",\"show_parent_category\":\"\",\"link_parent_category\":\"\",\"show_author\":\"\",\"link_author\":\"\",\"show_create_date\":\"\",\"show_modify_date\":\"\",\"show_publish_date\":\"\",\"show_item_navigation\":\"\",\"show_hits\":\"\",\"show_noauth\":\"\",\"urls_position\":\"\",\"alternative_readmore\":\"\",\"article_page_title\":\"\",\"show_publishing_options\":\"\",\"show_article_options\":\"\",\"show_urls_images_backend\":\"\",\"show_urls_images_frontend\":\"\"}',0,'{\"robots\":\"\",\"author\":\"\",\"rights\":\"\"}',259,'','2024-02-06 16:34:50',259,'2024-02-06 16:34:50','*','2024-02-06 16:34:50',NULL,61,262,'{\"image_intro\":\"\",\"image_intro_alt\":\"\",\"float_intro\":\"\",\"image_intro_caption\":\"\",\"image_fulltext\":\"\",\"image_fulltext_alt\":\"\",\"float_fulltext\":\"\",\"image_fulltext_caption\":\"\"}','{\"urla\":\"\",\"urlatext\":\"\",\"targeta\":\"\",\"urlb\":\"\",\"urlbtext\":\"\",\"targetb\":\"\",\"urlc\":\"\",\"urlctext\":\"\",\"targetc\":\"\"}',0,1,0,'','',13,1),(11,'com_content.article','What countries can I process payments in and from?','what-countries-can-i-process-payments-in-and-from','<p>Our gateway is able to process payments from anywhere in the world as long it is approved by your acquiring bank. The acquirer you are connected to will look at your business model and take into account any legislative restrictions that apply to certain products and services. These legislations may affect where you can take payments from and where you can supply goods or services. Contact us to find out more.</p>',1,NULL,NULL,1,'{\"article_layout\":\"\",\"show_title\":\"\",\"link_titles\":\"\",\"show_tags\":\"\",\"show_intro\":\"\",\"info_block_position\":\"\",\"info_block_show_title\":\"\",\"show_category\":\"\",\"link_category\":\"\",\"show_parent_category\":\"\",\"link_parent_category\":\"\",\"show_author\":\"\",\"link_author\":\"\",\"show_create_date\":\"\",\"show_modify_date\":\"\",\"show_publish_date\":\"\",\"show_item_navigation\":\"\",\"show_hits\":\"\",\"show_noauth\":\"\",\"urls_position\":\"\",\"alternative_readmore\":\"\",\"article_page_title\":\"\",\"show_publishing_options\":\"\",\"show_article_options\":\"\",\"show_urls_images_backend\":\"\",\"show_urls_images_frontend\":\"\"}',0,'{\"robots\":\"\",\"author\":\"\",\"rights\":\"\"}',259,'','2024-02-06 16:35:29',259,'2024-02-06 16:35:29','*','2024-02-06 16:35:29',NULL,62,263,'{\"image_intro\":\"\",\"image_intro_alt\":\"\",\"float_intro\":\"\",\"image_intro_caption\":\"\",\"image_fulltext\":\"\",\"image_fulltext_alt\":\"\",\"float_fulltext\":\"\",\"image_fulltext_caption\":\"\"}','{\"urla\":\"\",\"urlatext\":\"\",\"targeta\":\"\",\"urlb\":\"\",\"urlbtext\":\"\",\"targetb\":\"\",\"urlc\":\"\",\"urlctext\":\"\",\"targetc\":\"\"}',0,1,0,'','',13,1),(12,'com_content.article','What type of credit cards can I process?','what-type-of-credit-cards-can-i-process','<p>The Axcess gateways are able to process the following card types. However, it is often best to come to us with an idea of which types you will need to process so that we can find you an acquirer that meets your needs. Acquirers can vary greatly in the services they provide, including which card types they support, so finding the right acquiring bank is an essential first step.</p>\r\n<table style=\"width: 882px; height: 313px;\">\r\n<tbody>\r\n<tr>\r\n<td>&nbsp;Master Pass</td>\r\n<td>Visa Debit&nbsp;</td>\r\n<td>&nbsp;Postepay</td>\r\n</tr>\r\n<tr>\r\n<td>Cabal</td>\r\n<td>Payfair</td>\r\n<td>Cardfinans</td>\r\n</tr>\r\n<tr>\r\n<td>Visa Credit Cards</td>\r\n<td>Visa Electron</td>\r\n<td>World</td>\r\n</tr>\r\n<tr>\r\n<td>Laser Card</td>\r\n<td>&nbsp;Discover Card&nbsp;</td>\r\n<td>Solo</td>\r\n</tr>\r\n<tr>\r\n<td>VPAY</td>\r\n<td>4B</td>\r\n<td>Switch</td>\r\n</tr>\r\n<tr>\r\n<td>JCB Card&nbsp;</td>\r\n<td>ELO</td>\r\n<td>Maximum</td>\r\n</tr>\r\n<tr>\r\n<td>Asyacard</td>\r\n<td>Postfinance Kart Direct</td>\r\n<td>Delta</td>\r\n</tr>\r\n<tr>\r\n<td>Dankort</td>\r\n<td>EURO6000</td>\r\n<td>Diners Card</td>\r\n</tr>\r\n<tr>\r\n<td>Carte Bleue</td>\r\n<td>Servired</td>\r\n<td>Advantage&nbsp;</td>\r\n</tr>\r\n<tr>\r\n<td>Bonus&nbsp;</td>\r\n<td>Carte Bancaire</td>\r\n<td>Axess</td>\r\n</tr>\r\n<tr>\r\n<td>AMEX</td>\r\n<td>Maestro Card</td>\r\n<td>Mastercard</td>\r\n</tr>\r\n</tbody>\r\n</table>',1,NULL,NULL,1,'{\"article_layout\":\"\",\"show_title\":\"\",\"link_titles\":\"\",\"show_tags\":\"\",\"show_intro\":\"\",\"info_block_position\":\"\",\"info_block_show_title\":\"\",\"show_category\":\"\",\"link_category\":\"\",\"show_parent_category\":\"\",\"link_parent_category\":\"\",\"show_author\":\"\",\"link_author\":\"\",\"show_create_date\":\"\",\"show_modify_date\":\"\",\"show_publish_date\":\"\",\"show_item_navigation\":\"\",\"show_hits\":\"\",\"show_noauth\":\"\",\"urls_position\":\"\",\"alternative_readmore\":\"\",\"article_page_title\":\"\",\"show_publishing_options\":\"\",\"show_article_options\":\"\",\"show_urls_images_backend\":\"\",\"show_urls_images_frontend\":\"\"}',0,'{\"robots\":\"\",\"author\":\"\",\"rights\":\"\"}',259,'','2024-02-06 16:42:15',259,'2024-02-06 16:42:15','*','2024-02-06 16:42:15',NULL,63,264,'{\"image_intro\":\"\",\"image_intro_alt\":\"\",\"float_intro\":\"\",\"image_intro_caption\":\"\",\"image_fulltext\":\"\",\"image_fulltext_alt\":\"\",\"float_fulltext\":\"\",\"image_fulltext_caption\":\"\"}','{\"urla\":\"\",\"urlatext\":\"\",\"targeta\":\"\",\"urlb\":\"\",\"urlbtext\":\"\",\"targetb\":\"\",\"urlc\":\"\",\"urlctext\":\"\",\"targetc\":\"\"}',0,1,0,'','',13,1),(13,'com_content.article','What currencies can I process?','what-currencies-can-i-process','<p>We support over 179 world currencies.</p>',1,NULL,NULL,1,'{\"article_layout\":\"\",\"show_title\":\"\",\"link_titles\":\"\",\"show_tags\":\"\",\"show_intro\":\"\",\"info_block_position\":\"\",\"info_block_show_title\":\"\",\"show_category\":\"\",\"link_category\":\"\",\"show_parent_category\":\"\",\"link_parent_category\":\"\",\"show_author\":\"\",\"link_author\":\"\",\"show_create_date\":\"\",\"show_modify_date\":\"\",\"show_publish_date\":\"\",\"show_item_navigation\":\"\",\"show_hits\":\"\",\"show_noauth\":\"\",\"urls_position\":\"\",\"alternative_readmore\":\"\",\"article_page_title\":\"\",\"show_publishing_options\":\"\",\"show_article_options\":\"\",\"show_urls_images_backend\":\"\",\"show_urls_images_frontend\":\"\"}',0,'{\"robots\":\"\",\"author\":\"\",\"rights\":\"\"}',259,'','2024-02-06 16:42:40',259,'2024-02-06 16:42:40','*','2024-02-06 16:42:40',NULL,64,265,'{\"image_intro\":\"\",\"image_intro_alt\":\"\",\"float_intro\":\"\",\"image_intro_caption\":\"\",\"image_fulltext\":\"\",\"image_fulltext_alt\":\"\",\"float_fulltext\":\"\",\"image_fulltext_caption\":\"\"}','{\"urla\":\"\",\"urlatext\":\"\",\"targeta\":\"\",\"urlb\":\"\",\"urlbtext\":\"\",\"targetb\":\"\",\"urlc\":\"\",\"urlctext\":\"\",\"targetc\":\"\"}',0,1,0,'','',13,1),(14,'com_content.article','Do you only have one gateway?','do-you-only-have-one-gateway','<p>No. Currently we have four options available for our merchants and can help you decide which would suit your needs best once you have your acquiring bank in place.</p>',1,NULL,NULL,1,'{\"article_layout\":\"\",\"show_title\":\"\",\"link_titles\":\"\",\"show_tags\":\"\",\"show_intro\":\"\",\"info_block_position\":\"\",\"info_block_show_title\":\"\",\"show_category\":\"\",\"link_category\":\"\",\"show_parent_category\":\"\",\"link_parent_category\":\"\",\"show_author\":\"\",\"link_author\":\"\",\"show_create_date\":\"\",\"show_modify_date\":\"\",\"show_publish_date\":\"\",\"show_item_navigation\":\"\",\"show_hits\":\"\",\"show_noauth\":\"\",\"urls_position\":\"\",\"alternative_readmore\":\"\",\"article_page_title\":\"\",\"show_publishing_options\":\"\",\"show_article_options\":\"\",\"show_urls_images_backend\":\"\",\"show_urls_images_frontend\":\"\"}',0,'{\"robots\":\"\",\"author\":\"\",\"rights\":\"\"}',259,'','2024-02-06 16:43:59',259,'2024-02-06 16:43:59','*','2024-02-06 16:43:59',NULL,65,266,'{\"image_intro\":\"\",\"image_intro_alt\":\"\",\"float_intro\":\"\",\"image_intro_caption\":\"\",\"image_fulltext\":\"\",\"image_fulltext_alt\":\"\",\"float_fulltext\":\"\",\"image_fulltext_caption\":\"\"}','{\"urla\":\"\",\"urlatext\":\"\",\"targeta\":\"\",\"urlb\":\"\",\"urlbtext\":\"\",\"targetb\":\"\",\"urlc\":\"\",\"urlctext\":\"\",\"targetc\":\"\"}',0,1,0,'','',13,1),(15,'com_content.article','What kind of payments can I process through your gateway?','what-kind-of-payments-can-i-process-through-your-gateway','<p>Our Gateways allow of Card Payments, Direct Debit Payments, Wallet Payments (Apple &amp; Google Pay), Crypto, PayPal, SEPA, B2B and many more APM\'s (Alternative Payment Methods.</p>',1,NULL,NULL,1,'{\"article_layout\":\"\",\"show_title\":\"\",\"link_titles\":\"\",\"show_tags\":\"\",\"show_intro\":\"\",\"info_block_position\":\"\",\"info_block_show_title\":\"\",\"show_category\":\"\",\"link_category\":\"\",\"show_parent_category\":\"\",\"link_parent_category\":\"\",\"show_author\":\"\",\"link_author\":\"\",\"show_create_date\":\"\",\"show_modify_date\":\"\",\"show_publish_date\":\"\",\"show_item_navigation\":\"\",\"show_hits\":\"\",\"show_noauth\":\"\",\"urls_position\":\"\",\"alternative_readmore\":\"\",\"article_page_title\":\"\",\"show_publishing_options\":\"\",\"show_article_options\":\"\",\"show_urls_images_backend\":\"\",\"show_urls_images_frontend\":\"\"}',0,'{\"robots\":\"\",\"author\":\"\",\"rights\":\"\"}',259,'','2024-02-06 16:44:51',259,'2024-02-06 16:44:51','*','2024-02-06 16:44:51',NULL,66,267,'{\"image_intro\":\"\",\"image_intro_alt\":\"\",\"float_intro\":\"\",\"image_intro_caption\":\"\",\"image_fulltext\":\"\",\"image_fulltext_alt\":\"\",\"float_fulltext\":\"\",\"image_fulltext_caption\":\"\"}','{\"urla\":\"\",\"urlatext\":\"\",\"targeta\":\"\",\"urlb\":\"\",\"urlbtext\":\"\",\"targetb\":\"\",\"urlc\":\"\",\"urlctext\":\"\",\"targetc\":\"\"}',0,1,0,'','',13,1),(16,'com_content.article','Do the payments happen in real time?','do-the-payments-happen-in-real-time','<p>Yes. All of our gateways process credit and debit card payments within seconds. The entire transaction, from the moment your customer clicks on the ‘Pay Now’ button, to having the customer’s bank approve the payment and return the successful payment message, can be processed in a matter of 1 or 2 seconds so that the customer knows there and then that they have made their purchase successfully. We do of course rely on the internet connections and server speeds of other institutes to be working to the same standard as ours, which means on occasion we do experience slower speeds as we wait for an acquirer or issuing bank to respond, but even in these situations your customer generally won’t be waiting more than a few seconds.</p>',1,NULL,NULL,1,'{\"article_layout\":\"\",\"show_title\":\"\",\"link_titles\":\"\",\"show_tags\":\"\",\"show_intro\":\"\",\"info_block_position\":\"\",\"info_block_show_title\":\"\",\"show_category\":\"\",\"link_category\":\"\",\"show_parent_category\":\"\",\"link_parent_category\":\"\",\"show_author\":\"\",\"link_author\":\"\",\"show_create_date\":\"\",\"show_modify_date\":\"\",\"show_publish_date\":\"\",\"show_item_navigation\":\"\",\"show_hits\":\"\",\"show_noauth\":\"\",\"urls_position\":\"\",\"alternative_readmore\":\"\",\"article_page_title\":\"\",\"show_publishing_options\":\"\",\"show_article_options\":\"\",\"show_urls_images_backend\":\"\",\"show_urls_images_frontend\":\"\"}',0,'{\"robots\":\"\",\"author\":\"\",\"rights\":\"\"}',259,'','2024-02-06 16:45:45',259,'2024-02-29 13:30:07','*','2024-02-06 16:45:45',NULL,67,268,'{\"image_intro\":\"\",\"image_intro_alt\":\"\",\"float_intro\":\"\",\"image_intro_caption\":\"\",\"image_fulltext\":\"\",\"image_fulltext_alt\":\"\",\"float_fulltext\":\"\",\"image_fulltext_caption\":\"\"}','{\"urla\":\"\",\"urlatext\":\"\",\"targeta\":\"\",\"urlb\":\"\",\"urlbtext\":\"\",\"targetb\":\"\",\"urlc\":\"\",\"urlctext\":\"\",\"targetc\":\"\"}',0,2,7,'','',13,1),(17,'com_content.article','Can I store card details using your gateways?','can-i-store-card-details-using-your-gateways','<p>Yes, all of our gateways allow you to store card details using what we call tokenization.</p>',1,NULL,NULL,1,'{\"article_layout\":\"\",\"show_title\":\"\",\"link_titles\":\"\",\"show_tags\":\"\",\"show_intro\":\"\",\"info_block_position\":\"\",\"info_block_show_title\":\"\",\"show_category\":\"\",\"link_category\":\"\",\"show_parent_category\":\"\",\"link_parent_category\":\"\",\"show_author\":\"\",\"link_author\":\"\",\"show_create_date\":\"\",\"show_modify_date\":\"\",\"show_publish_date\":\"\",\"show_item_navigation\":\"\",\"show_hits\":\"\",\"show_noauth\":\"\",\"urls_position\":\"\",\"alternative_readmore\":\"\",\"article_page_title\":\"\",\"show_publishing_options\":\"\",\"show_article_options\":\"\",\"show_urls_images_backend\":\"\",\"show_urls_images_frontend\":\"\"}',0,'{\"robots\":\"\",\"author\":\"\",\"rights\":\"\"}',259,'','2024-02-06 16:46:53',259,'2024-02-06 16:46:53','*','2024-02-06 16:46:53',NULL,68,269,'{\"image_intro\":\"\",\"image_intro_alt\":\"\",\"float_intro\":\"\",\"image_intro_caption\":\"\",\"image_fulltext\":\"\",\"image_fulltext_alt\":\"\",\"float_fulltext\":\"\",\"image_fulltext_caption\":\"\"}','{\"urla\":\"\",\"urlatext\":\"\",\"targeta\":\"\",\"urlb\":\"\",\"urlbtext\":\"\",\"targetb\":\"\",\"urlc\":\"\",\"urlctext\":\"\",\"targetc\":\"\"}',0,1,0,'','',13,1),(18,'com_content.article','Are my customer’s details safe?','are-my-customers-details-safe','<p>All of our gateways are PCI Level 1 compliant to ensure that all sensitive data is stored securely. We have a complex network of firewalls, anti-virus checks and frequent system updates to provide maximum protection against data hacking. Contact us if you would like to see a copy of our system schematics and security processes.</p>',1,NULL,NULL,1,'{\"article_layout\":\"\",\"show_title\":\"\",\"link_titles\":\"\",\"show_tags\":\"\",\"show_intro\":\"\",\"info_block_position\":\"\",\"info_block_show_title\":\"\",\"show_category\":\"\",\"link_category\":\"\",\"show_parent_category\":\"\",\"link_parent_category\":\"\",\"show_author\":\"\",\"link_author\":\"\",\"show_create_date\":\"\",\"show_modify_date\":\"\",\"show_publish_date\":\"\",\"show_item_navigation\":\"\",\"show_hits\":\"\",\"show_noauth\":\"\",\"urls_position\":\"\",\"alternative_readmore\":\"\",\"article_page_title\":\"\",\"show_publishing_options\":\"\",\"show_article_options\":\"\",\"show_urls_images_backend\":\"\",\"show_urls_images_frontend\":\"\"}',0,'{\"robots\":\"\",\"author\":\"\",\"rights\":\"\"}',259,'','2024-02-06 16:47:48',259,'2024-02-29 13:28:59','*','2024-02-06 16:47:48',NULL,69,270,'{\"image_intro\":\"\",\"image_intro_alt\":\"\",\"float_intro\":\"\",\"image_intro_caption\":\"\",\"image_fulltext\":\"\",\"image_fulltext_alt\":\"\",\"float_fulltext\":\"\",\"image_fulltext_caption\":\"\"}','{\"urla\":\"\",\"urlatext\":\"\",\"targeta\":\"\",\"urlb\":\"\",\"urlbtext\":\"\",\"targetb\":\"\",\"urlc\":\"\",\"urlctext\":\"\",\"targetc\":\"\"}',0,2,5,'','',13,1),(19,'com_content.article','How do I protect my business from fraudulent transactions?','how-do-i-protect-my-business-from-fraudulent-transactions','<p>The first recommendation we would make is to apply 3D Secure to all your online payments, a feature designed by Visa and MasterCard to give the merchant protection against fraudulent transactions. We can also apply one of our many risk protocols to your account to block potentially unsafe transactions and notify you. Contact us for more information.</p>',1,NULL,NULL,1,'{\"article_layout\":\"\",\"show_title\":\"\",\"link_titles\":\"\",\"show_tags\":\"\",\"show_intro\":\"\",\"info_block_position\":\"\",\"info_block_show_title\":\"\",\"show_category\":\"\",\"link_category\":\"\",\"show_parent_category\":\"\",\"link_parent_category\":\"\",\"show_author\":\"\",\"link_author\":\"\",\"show_create_date\":\"\",\"show_modify_date\":\"\",\"show_publish_date\":\"\",\"show_item_navigation\":\"\",\"show_hits\":\"\",\"show_noauth\":\"\",\"urls_position\":\"\",\"alternative_readmore\":\"\",\"article_page_title\":\"\",\"show_publishing_options\":\"\",\"show_article_options\":\"\",\"show_urls_images_backend\":\"\",\"show_urls_images_frontend\":\"\"}',0,'{\"robots\":\"\",\"author\":\"\",\"rights\":\"\"}',259,'','2024-02-06 16:48:43',259,'2024-02-29 13:11:29','*','2024-02-06 16:48:43',NULL,70,271,'{\"image_intro\":\"\",\"image_intro_alt\":\"\",\"float_intro\":\"\",\"image_intro_caption\":\"\",\"image_fulltext\":\"\",\"image_fulltext_alt\":\"\",\"float_fulltext\":\"\",\"image_fulltext_caption\":\"\"}','{\"urla\":\"\",\"urlatext\":\"\",\"targeta\":\"\",\"urlb\":\"\",\"urlbtext\":\"\",\"targetb\":\"\",\"urlc\":\"\",\"urlctext\":\"\",\"targetc\":\"\"}',0,2,4,'','',13,1),(20,'com_content.article','What is a chargeback?','what-is-a-chargeback','<p>A chargeback is a negative value transaction on your account that has been initiated by one of your customers. Any customer can call their card issuing bank to request their money back should they feel one of the following applies to them:</p>\r\n<p>– They do not recognise the transaction;</p>\r\n<p>– They have returned goods but have not received a refund; goods they ordered were not delivered within guaranteed timeframe;</p>\r\n<p>– A service has not been provided or provided to the standard requested;</p>\r\n<p>– Many other reasons.</p>',1,NULL,NULL,1,'{\"article_layout\":\"\",\"show_title\":\"\",\"link_titles\":\"\",\"show_tags\":\"\",\"show_intro\":\"\",\"info_block_position\":\"\",\"info_block_show_title\":\"\",\"show_category\":\"\",\"link_category\":\"\",\"show_parent_category\":\"\",\"link_parent_category\":\"\",\"show_author\":\"\",\"link_author\":\"\",\"show_create_date\":\"\",\"show_modify_date\":\"\",\"show_publish_date\":\"\",\"show_item_navigation\":\"\",\"show_hits\":\"\",\"show_noauth\":\"\",\"urls_position\":\"\",\"alternative_readmore\":\"\",\"article_page_title\":\"\",\"show_publishing_options\":\"\",\"show_article_options\":\"\",\"show_urls_images_backend\":\"\",\"show_urls_images_frontend\":\"\"}',0,'{\"robots\":\"\",\"author\":\"\",\"rights\":\"\"}',259,'','2024-02-06 16:49:33',259,'2024-02-06 16:49:33','*','2024-02-06 16:49:33',NULL,71,272,'{\"image_intro\":\"\",\"image_intro_alt\":\"\",\"float_intro\":\"\",\"image_intro_caption\":\"\",\"image_fulltext\":\"\",\"image_fulltext_alt\":\"\",\"float_fulltext\":\"\",\"image_fulltext_caption\":\"\"}','{\"urla\":\"\",\"urlatext\":\"\",\"targeta\":\"\",\"urlb\":\"\",\"urlbtext\":\"\",\"targetb\":\"\",\"urlc\":\"\",\"urlctext\":\"\",\"targetc\":\"\"}',0,1,0,'','',13,1),(21,'com_content.article','Can you help me if I experience chargebacks on my account?','can-you-help-me-if-i-experience-chargebacks-on-my-account','<p>Yes. We work closely with our acquiring banks to fully understand their chargeback defence processes. This means we can guide you through what you need to do to defend your chargebacks and potentially recoup some of your lost funds. We can also work with you to discuss how to reduce your chargeback and refund levels in general. This may include slight changes to your internal processes or business model.</p>',1,NULL,NULL,1,'{\"article_layout\":\"\",\"show_title\":\"\",\"link_titles\":\"\",\"show_tags\":\"\",\"show_intro\":\"\",\"info_block_position\":\"\",\"info_block_show_title\":\"\",\"show_category\":\"\",\"link_category\":\"\",\"show_parent_category\":\"\",\"link_parent_category\":\"\",\"show_author\":\"\",\"link_author\":\"\",\"show_create_date\":\"\",\"show_modify_date\":\"\",\"show_publish_date\":\"\",\"show_item_navigation\":\"\",\"show_hits\":\"\",\"show_noauth\":\"\",\"urls_position\":\"\",\"alternative_readmore\":\"\",\"article_page_title\":\"\",\"show_publishing_options\":\"\",\"show_article_options\":\"\",\"show_urls_images_backend\":\"\",\"show_urls_images_frontend\":\"\"}',0,'{\"robots\":\"\",\"author\":\"\",\"rights\":\"\"}',259,'','2024-02-06 16:52:11',259,'2024-02-29 13:11:15','*','2024-02-06 16:52:11',NULL,72,273,'{\"image_intro\":\"\",\"image_intro_alt\":\"\",\"float_intro\":\"\",\"image_intro_caption\":\"\",\"image_fulltext\":\"\",\"image_fulltext_alt\":\"\",\"float_fulltext\":\"\",\"image_fulltext_caption\":\"\"}','{\"urla\":\"\",\"urlatext\":\"\",\"targeta\":\"\",\"urlb\":\"\",\"urlbtext\":\"\",\"targetb\":\"\",\"urlc\":\"\",\"urlctext\":\"\",\"targetc\":\"\"}',0,2,2,'','',13,1),(22,'com_content.article','What happens if I want to change my acquiring bank while using one of your gateways?','what-happens-if-i-want-to-change-my-acquiring-bank-while-using-one-of-your-gateways','<p>That’s not a problem. Provided your new acquirer is one of the 300+ that we support, we can add in your new merchant account details and redirect your processing to the new bank, with little to no technical effort required on your part.</p>',1,NULL,NULL,1,'{\"article_layout\":\"\",\"show_title\":\"\",\"link_titles\":\"\",\"show_tags\":\"\",\"show_intro\":\"\",\"info_block_position\":\"\",\"info_block_show_title\":\"\",\"show_category\":\"\",\"link_category\":\"\",\"show_parent_category\":\"\",\"link_parent_category\":\"\",\"show_author\":\"\",\"link_author\":\"\",\"show_create_date\":\"\",\"show_modify_date\":\"\",\"show_publish_date\":\"\",\"show_item_navigation\":\"\",\"show_hits\":\"\",\"show_noauth\":\"\",\"urls_position\":\"\",\"alternative_readmore\":\"\",\"article_page_title\":\"\",\"show_publishing_options\":\"\",\"show_article_options\":\"\",\"show_urls_images_backend\":\"\",\"show_urls_images_frontend\":\"\"}',0,'{\"robots\":\"\",\"author\":\"\",\"rights\":\"\"}',259,'','2024-02-06 16:53:00',259,'2024-02-29 13:10:56','*','2024-02-06 16:53:00',NULL,73,274,'{\"image_intro\":\"\",\"image_intro_alt\":\"\",\"float_intro\":\"\",\"image_intro_caption\":\"\",\"image_fulltext\":\"\",\"image_fulltext_alt\":\"\",\"float_fulltext\":\"\",\"image_fulltext_caption\":\"\"}','{\"urla\":\"\",\"urlatext\":\"\",\"targeta\":\"\",\"urlb\":\"\",\"urlbtext\":\"\",\"targetb\":\"\",\"urlc\":\"\",\"urlctext\":\"\",\"targetc\":\"\"}',0,2,1,'','',13,1),(23,'com_content.article','Can I put together reports on my processing history and transaction data through your gateway?','can-i-put-together-reports-on-my-processing-history-and-transaction-data-through-your-gateway','<p>Yes. With our omnichannel gateway you have a high level of control over the current and historical data that you can export, down to the smallest details of the transaction and going as far back as 13 months.</p>',1,NULL,NULL,1,'{\"article_layout\":\"\",\"show_title\":\"\",\"link_titles\":\"\",\"show_tags\":\"\",\"show_intro\":\"\",\"info_block_position\":\"\",\"info_block_show_title\":\"\",\"show_category\":\"\",\"link_category\":\"\",\"show_parent_category\":\"\",\"link_parent_category\":\"\",\"show_author\":\"\",\"link_author\":\"\",\"show_create_date\":\"\",\"show_modify_date\":\"\",\"show_publish_date\":\"\",\"show_item_navigation\":\"\",\"show_hits\":\"\",\"show_noauth\":\"\",\"urls_position\":\"\",\"alternative_readmore\":\"\",\"article_page_title\":\"\",\"show_publishing_options\":\"\",\"show_article_options\":\"\",\"show_urls_images_backend\":\"\",\"show_urls_images_frontend\":\"\"}',0,'{\"robots\":\"\",\"author\":\"\",\"rights\":\"\"}',259,'','2024-02-06 16:53:49',259,'2024-02-29 13:10:17','*','2024-02-06 16:53:49',NULL,74,275,'{\"image_intro\":\"\",\"image_intro_alt\":\"\",\"float_intro\":\"\",\"image_intro_caption\":\"\",\"image_fulltext\":\"\",\"image_fulltext_alt\":\"\",\"float_fulltext\":\"\",\"image_fulltext_caption\":\"\"}','{\"urla\":\"\",\"urlatext\":\"\",\"targeta\":\"\",\"urlb\":\"\",\"urlbtext\":\"\",\"targetb\":\"\",\"urlc\":\"\",\"urlctext\":\"\",\"targetc\":\"\"}',0,3,0,'','',13,1),(24,'com_content.article','MANAGED MERCHANT SERVICES','managed-merchant-services','<h1>&nbsp;</h1>\r\n<ul style=\"list-style-type: disc;\">\r\n<li><strong>Management Information System (MIS):</strong>&nbsp;Our robust MIS simplifies data analysis, transforming it into actionable insights, and tracks your account\'s progress. Configurable reporting tools offer deep insights into business trends, enabling well-informed decisions.</li>\r\n<li><strong>Tailored Managed Merchant Services:</strong>&nbsp;Our solutions address compliance, regulation, and card scheme challenges, offering effective resolutions.</li>\r\n<li><strong>Expert Monitoring and Analysis:</strong> Our adept team monitors gateway and banking data streams, providing real-time transaction analysis. This enables strategic planning, effective strategies, and optimised decision-making based on market transactions.</li>\r\n<li><strong>Enhanced Performance:</strong>&nbsp;We navigate payment challenges, aligning you with suitable banking partners and gateway services.</li>\r\n<li><strong>Customised Reporting:</strong> Axcess provides tailored reporting, relieving in-house teams from repetitive tasks. Our expertise covers various business models, including recurring billing, MOTO, and international transactions.</li>\r\n<li><strong>Holistic Coverage:</strong> Our services encompass critical operational areas, aligning with card schemes and bank requirements. Ensuring independent reviews of banking information, fostering both short and long-term benefits for our merchants.</li>\r\n</ul>',1,NULL,NULL,1,'{\"article_layout\":\"\",\"show_title\":\"\",\"link_titles\":\"\",\"show_tags\":\"\",\"show_intro\":\"\",\"info_block_position\":\"\",\"info_block_show_title\":\"\",\"show_category\":\"\",\"link_category\":\"\",\"show_parent_category\":\"\",\"link_parent_category\":\"\",\"show_author\":\"\",\"link_author\":\"\",\"show_create_date\":\"\",\"show_modify_date\":\"\",\"show_publish_date\":\"\",\"show_item_navigation\":\"\",\"show_hits\":\"\",\"show_noauth\":\"\",\"urls_position\":\"\",\"alternative_readmore\":\"\",\"article_page_title\":\"\",\"show_publishing_options\":\"\",\"show_article_options\":\"\",\"show_urls_images_backend\":\"\",\"show_urls_images_frontend\":\"\"}',0,'{\"robots\":\"\",\"author\":\"\",\"rights\":\"\"}',259,'','2023-08-30 13:12:53',262,'2024-02-16 09:09:33','*','2023-08-30 13:12:53',NULL,20,143,'{\"image_intro\":\"\",\"image_intro_alt\":\"\",\"float_intro\":\"\",\"image_intro_caption\":\"\",\"image_fulltext\":\"\",\"image_fulltext_alt\":\"\",\"float_fulltext\":\"\",\"image_fulltext_caption\":\"\"}','{\"urla\":\"\",\"urlatext\":\"\",\"targeta\":\"\",\"urlb\":\"\",\"urlbtext\":\"\",\"targetb\":\"\",\"urlc\":\"\",\"urlctext\":\"\",\"targetc\":\"\"}',118,23,3,'','',9,1),(25,'com_content.article','MULTI TERRITORY MERCHANT SERVICES','multi-territory-merchant-services','<ul>\r\n<li><strong>True Global Reach:</strong> Axcess offers comprehensive banking solutions to merchants worldwide, regardless of their geographic location. Whether you have international entities or operate across various jurisdictions, our expertise helps you find the right banks to support your business.</li>\r\n<li><strong>Multi-Territory Merchant Services:</strong> With connections to 394 live and available acquiring banks, our gateway service presents an expansive network that caters to both local businesses and multinational enterprises. We ensure stability and contingency planning with multiple banking partners.</li>\r\n<li><strong>Reliable and Immediate Service:</strong> Operating 24/7 from our main office in Leeds, we deliver prompt and reliable service, meeting the demands of modern merchants. Our team of payment processing experts ensures optimal global success rates.</li>\r\n<li><strong>Seamless Payment Diversity:</strong> Axcess supports a wide range of mainstream debit and credit cards, from Visa and MasterCard to Amex, JCB, Discover, and Diners Club. Our solutions accommodate the nuanced challenges of accepting localised cards in specific countries.</li>\r\n<li><strong>Smooth Transition and Ongoing Support:</strong> Transitioning between payment processors is made effortless with our technical expertise. Axcess serves as a dependable point of contact, ensuring seamless service from acquiring banks.</li>\r\n<li><strong>Leverage Our Consultancy:</strong> Even if you\'re not currently an Axcess client, our consultancy service offers valuable insights and guidance for optimising your business. From specific bank recommendations to payment processing enhancements, we\'re here to elevate your success.</li>\r\n</ul>',1,NULL,NULL,1,'{\"article_layout\":\"\",\"show_title\":\"\",\"link_titles\":\"\",\"show_tags\":\"\",\"show_intro\":\"\",\"info_block_position\":\"\",\"info_block_show_title\":\"\",\"show_category\":\"\",\"link_category\":\"\",\"show_parent_category\":\"\",\"link_parent_category\":\"\",\"show_author\":\"\",\"link_author\":\"\",\"show_create_date\":\"\",\"show_modify_date\":\"\",\"show_publish_date\":\"\",\"show_item_navigation\":\"\",\"show_hits\":\"\",\"show_noauth\":\"\",\"urls_position\":\"\",\"alternative_readmore\":\"\",\"article_page_title\":\"\",\"show_publishing_options\":\"\",\"show_article_options\":\"\",\"show_urls_images_backend\":\"\",\"show_urls_images_frontend\":\"\"}',0,'{\"robots\":\"\",\"author\":\"\",\"rights\":\"\"}',259,'','2023-08-30 13:11:48',262,'2024-02-16 09:02:36','*','2023-08-30 13:11:48',NULL,18,141,'{\"image_intro\":\"\",\"image_intro_alt\":\"\",\"float_intro\":\"\",\"image_intro_caption\":\"\",\"image_fulltext\":\"\",\"image_fulltext_alt\":\"\",\"float_fulltext\":\"\",\"image_fulltext_caption\":\"\"}','{\"urla\":\"\",\"urlatext\":\"\",\"targeta\":\"\",\"urlb\":\"\",\"urlbtext\":\"\",\"targetb\":\"\",\"urlc\":\"\",\"urlctext\":\"\",\"targetc\":\"\"}',20,14,4,'','',9,1),(26,'com_content.article','TELEPHONE & VIRTUAL TERMINAL FACILITIES','telephone-virtual-terminal-facilities','<p>Enhance your payment possibilities with Axcess\' dependable Telephone &amp; Virtual Terminal Facilities.</p>\r\n',1,NULL,NULL,1,'{\"article_layout\":\"\",\"show_title\":\"\",\"link_titles\":\"\",\"show_tags\":\"\",\"show_intro\":\"\",\"info_block_position\":\"\",\"info_block_show_title\":\"\",\"show_category\":\"\",\"link_category\":\"\",\"show_parent_category\":\"\",\"link_parent_category\":\"\",\"show_author\":\"\",\"link_author\":\"\",\"show_create_date\":\"\",\"show_modify_date\":\"\",\"show_publish_date\":\"\",\"show_item_navigation\":\"\",\"show_hits\":\"\",\"show_noauth\":\"\",\"urls_position\":\"\",\"alternative_readmore\":\"\",\"article_page_title\":\"\",\"show_publishing_options\":\"\",\"show_article_options\":\"\",\"show_urls_images_backend\":\"\",\"show_urls_images_frontend\":\"\"}',0,'{\"robots\":\"\",\"author\":\"\",\"rights\":\"\"}',259,'','2023-08-30 13:09:54',262,'2024-02-15 13:46:01','*','2023-08-30 13:09:54',NULL,16,139,'{\"image_intro\":\"\",\"image_intro_alt\":\"\",\"float_intro\":\"\",\"image_intro_caption\":\"\",\"image_fulltext\":\"\",\"image_fulltext_alt\":\"\",\"float_fulltext\":\"\",\"image_fulltext_caption\":\"\"}','{\"urla\":\"\",\"urlatext\":\"\",\"targeta\":\"\",\"urlb\":\"\",\"urlbtext\":\"\",\"targetb\":\"\",\"urlc\":\"\",\"urlctext\":\"\",\"targetc\":\"\"}',8,9,5,'','',9,1),(27,'com_content.article','RECURRING PAYMENTS','recurring-payments','<ul>\r\n<li><strong>Automated Revenue Generation:</strong> Implement fully automated recurring card transactions to boost business income consistently.</li>\r\n<li><strong>Seamless Integration:</strong> Our Recurring Billing Services seamlessly integrate into your business model, ensuring long-term manageability.</li>\r\n<li><strong>Ideal for Subscription Services:</strong> Tailored for subscription-based models, our solution strengthens card sales, cash flow, and business profitability.</li>\r\n<li><strong>Secure Card Information Storage:</strong> Advanced technology allows secure storage of customer card data, either as hosted or Merchant-hosted service.</li>\r\n<li><strong>PCI DSS Compliance:</strong> We guide and support merchants in maintaining PCI DSS compliance while enhancing business operations.</li>\r\n<li><strong>Smooth Data Transfer:</strong> Expertise in recurring billing ensures secure data transfer to our technology and banking partners, eliminating hassles.</li>\r\n<li><strong>Risk and Fraud Management:</strong> Collaboration with banks and comprehensive knowledge ensures compliant and successful recurring billing services.</li>\r\n<li><strong>Effortless Transition:</strong> Seamlessly transfer historically processed transactions from other providers without consumer inconvenience.</li>\r\n<li><strong>Optimised Timing</strong>: We strategically time recurring billing transactions for higher success rates and increased revenue.</li>\r\n<li><strong>Outstanding Consumer Experience:</strong> Deliver top-notch security, consumer experience, and comprehensive risk coverage.</li>\r\n<li><strong>Specialised Reporting:</strong> Access specialised reporting tools for recurring billing, enabling consistent revenue streams and a competitive edge.</li>\r\n</ul>',1,NULL,NULL,1,'{\"article_layout\":\"\",\"show_title\":\"\",\"link_titles\":\"\",\"show_tags\":\"\",\"show_intro\":\"\",\"info_block_position\":\"\",\"info_block_show_title\":\"\",\"show_category\":\"\",\"link_category\":\"\",\"show_parent_category\":\"\",\"link_parent_category\":\"\",\"show_author\":\"\",\"link_author\":\"\",\"show_create_date\":\"\",\"show_modify_date\":\"\",\"show_publish_date\":\"\",\"show_item_navigation\":\"\",\"show_hits\":\"\",\"show_noauth\":\"\",\"urls_position\":\"\",\"alternative_readmore\":\"\",\"article_page_title\":\"\",\"show_publishing_options\":\"\",\"show_article_options\":\"\",\"show_urls_images_backend\":\"\",\"show_urls_images_frontend\":\"\"}',0,'{\"robots\":\"\",\"author\":\"\",\"rights\":\"\"}',259,'','2023-08-30 13:07:38',262,'2024-02-16 08:50:34','*','2023-08-30 13:07:38',NULL,12,135,'{\"image_intro\":\"\",\"image_intro_alt\":\"\",\"float_intro\":\"\",\"image_intro_caption\":\"\",\"image_fulltext\":\"\",\"image_fulltext_alt\":\"\",\"float_fulltext\":\"\",\"image_fulltext_caption\":\"\"}','{\"urla\":\"\",\"urlatext\":\"\",\"targeta\":\"\",\"urlb\":\"\",\"urlbtext\":\"\",\"targetb\":\"\",\"urlc\":\"\",\"urlctext\":\"\",\"targetc\":\"\"}',17,13,6,'','',9,1),(28,'com_content.article','FRAUD & RISK MANAGEMENT','fraud-risk-management','<p>&nbsp;</p>\r\n<p>&nbsp;</p>\r\n<ul>\r\n<li><strong>Comprehensive Fraud Prevention:</strong> Our solutions are meticulously designed to combat evolving fraud tactics, ensuring the security of your business operations.</li>\r\n<li><strong>Tailored Security Approach:</strong> Our expert team, with years of fraud monitoring experience, customises security measures to suit your business model and goals.</li>\r\n<li><strong>In-House Monitoring:</strong> Benefit from continuous chargeback and fraud alert analysis, empowering you to proactively manage potential risks.</li>\r\n<li><strong>Data-Driven Insights:</strong> Access valuable data to identify trends and protect your business effectively from fraudulent activities.</li>\r\n<li><strong>Fraud Alert Integration:</strong> Leverage alerts generated from client transactions, allowing informed decisions on flagged activities.</li>\r\n<li><strong>External Third-Party Solutions:</strong> Partner with leading fraud and chargeback mitigation providers, offering both up-front prevention suites and back-end early alert systems.</li>\r\n<li><strong>Expert Guidance:</strong> Rely on decades of experience, resources, and dedicated staff to ensure optimal security strategies for your business.</li>\r\n</ul>',1,NULL,NULL,1,'{\"article_layout\":\"\",\"show_title\":\"\",\"link_titles\":\"\",\"show_tags\":\"\",\"show_intro\":\"\",\"info_block_position\":\"\",\"info_block_show_title\":\"\",\"show_category\":\"\",\"link_category\":\"\",\"show_parent_category\":\"\",\"link_parent_category\":\"\",\"show_author\":\"\",\"link_author\":\"\",\"show_create_date\":\"\",\"show_modify_date\":\"\",\"show_publish_date\":\"\",\"show_item_navigation\":\"\",\"show_hits\":\"\",\"show_noauth\":\"\",\"urls_position\":\"\",\"alternative_readmore\":\"\",\"article_page_title\":\"\",\"show_publishing_options\":\"\",\"show_article_options\":\"\",\"show_urls_images_backend\":\"\",\"show_urls_images_frontend\":\"\"}',0,'{\"robots\":\"\",\"author\":\"\",\"rights\":\"\"}',259,'','2023-08-30 13:07:07',262,'2024-02-16 08:46:43','*','2023-08-30 13:07:07',NULL,11,134,'{\"image_intro\":\"\",\"image_intro_alt\":\"\",\"float_intro\":\"\",\"image_intro_caption\":\"\",\"image_fulltext\":\"\",\"image_fulltext_alt\":\"\",\"float_fulltext\":\"\",\"image_fulltext_caption\":\"\"}','{\"urla\":\"\",\"urlatext\":\"\",\"targeta\":\"\",\"urlb\":\"\",\"urlbtext\":\"\",\"targetb\":\"\",\"urlc\":\"\",\"urlctext\":\"\",\"targetc\":\"\"}',19,15,7,'','',9,1),(29,'com_content.article',' REDShield','redshield','<p>&nbsp;</p>\r\n<ul>\r\n<li><strong>Multi-Layered Fraud Solution:</strong> ReDShield combines Machine Learning, Predictive Analytics, Customer Profiling techniques, and shared data to provide a comprehensive fraud prevention solution.</li>\r\n<li><strong>Machine Learning Enhanced Security:</strong> The machine learning feature detects fraudulent patterns and analyses large data sets to identify potential fraud, enhancing transaction security and reducing false positives.</li>\r\n<li><strong>Positive Profiling for Conversion and Fraud Identification:</strong> Positive profiling leverages global merchant data to deliver a 360-degree view of transactions, distinguishing between good and potentially fraudulent customers.</li>\r\n<li><strong>Customisable Rule Sets:</strong> ReDShield offers an unlimited range of rule sets, from basic accept/deny rules to highly sophisticated configurations, allowing businesses to tailor their fraud prevention strategies.</li>\r\n<li><strong>Response Flexibility:</strong> Businesses can define responses for each rule – accept, deny, challenge, or observe – ensuring transactions are managed efficiently and securely.</li>\r\n<li><strong>Industry-Tailored Rules:</strong> ReDShield provides industry-specific rules, designed to address the intricacies of CFD and Forex trading, enabling businesses to detect various types of fraud effectively.</li>\r\n</ul>',1,NULL,NULL,1,'{\"article_layout\":\"\",\"show_title\":\"\",\"link_titles\":\"\",\"show_tags\":\"\",\"show_intro\":\"\",\"info_block_position\":\"\",\"info_block_show_title\":\"\",\"show_category\":\"\",\"link_category\":\"\",\"show_parent_category\":\"\",\"link_parent_category\":\"\",\"show_author\":\"\",\"link_author\":\"\",\"show_create_date\":\"\",\"show_modify_date\":\"\",\"show_publish_date\":\"\",\"show_item_navigation\":\"\",\"show_hits\":\"\",\"show_noauth\":\"\",\"urls_position\":\"\",\"alternative_readmore\":\"\",\"article_page_title\":\"\",\"show_publishing_options\":\"\",\"show_article_options\":\"\",\"show_urls_images_backend\":\"\",\"show_urls_images_frontend\":\"\"}',0,'{\"robots\":\"\",\"author\":\"\",\"rights\":\"\"}',259,'','2023-08-30 13:06:32',259,'2024-02-21 12:50:19','*','2023-08-30 13:06:32',NULL,10,133,'{\"image_intro\":\"\",\"image_intro_alt\":\"\",\"float_intro\":\"\",\"image_intro_caption\":\"\",\"image_fulltext\":\"\",\"image_fulltext_alt\":\"\",\"float_fulltext\":\"\",\"image_fulltext_caption\":\"\"}','{\"urla\":\"\",\"urlatext\":\"\",\"targeta\":\"\",\"urlb\":\"\",\"urlbtext\":\"\",\"targetb\":\"\",\"urlc\":\"\",\"urlctext\":\"\",\"targetc\":\"\"}',57,17,8,'','',9,1),(30,'com_content.article','PAYMENT GATEWAY SERVICES','payment-gateway-services','<p>Experience the benefits of Axcess Cutting-Edge Payment Gateway Solutions to elevate your business. With secure, efficient, and customizable gateways, Axcess ensures smooth payment transactions for businesses of all sizes. Maximise your payment processing capabilities by partnering with Axcess today.</p>\r\n',1,NULL,NULL,1,'{\"article_layout\":\"\",\"show_title\":\"\",\"link_titles\":\"\",\"show_tags\":\"\",\"show_intro\":\"\",\"info_block_position\":\"\",\"info_block_show_title\":\"\",\"show_category\":\"\",\"link_category\":\"\",\"show_parent_category\":\"\",\"link_parent_category\":\"\",\"show_author\":\"\",\"link_author\":\"\",\"show_create_date\":\"\",\"show_modify_date\":\"\",\"show_publish_date\":\"\",\"show_item_navigation\":\"\",\"show_hits\":\"\",\"show_noauth\":\"\",\"urls_position\":\"\",\"alternative_readmore\":\"\",\"article_page_title\":\"\",\"show_publishing_options\":\"\",\"show_article_options\":\"\",\"show_urls_images_backend\":\"\",\"show_urls_images_frontend\":\"\"}',0,'{\"robots\":\"\",\"author\":\"\",\"rights\":\"\"}',259,'','2023-08-30 13:05:46',259,'2024-02-14 14:51:03','*','2023-08-30 13:05:46',NULL,9,132,'{\"image_intro\":\"\",\"image_intro_alt\":\"\",\"float_intro\":\"\",\"image_intro_caption\":\"\",\"image_fulltext\":\"\",\"image_fulltext_alt\":\"\",\"float_fulltext\":\"\",\"image_fulltext_caption\":\"\"}','{\"urla\":\"\",\"urlatext\":\"\",\"targeta\":\"\",\"urlb\":\"\",\"urlbtext\":\"\",\"targetb\":\"\",\"urlc\":\"\",\"urlctext\":\"\",\"targetc\":\"\"}',8,8,12,'','',9,1),(31,'com_content.article','MOBILE BILLING (wallet) SOLUTIONS (Apple pay/ Google Pay billing solutions)','mobile-billing-wallet-solutions-apple-pay-google-pay-billing-solutions-feature-page','<ul>\r\n<li><strong>Seamless Integration:</strong> Our gateway technology seamlessly integrates with mobile devices, ensuring a user-friendly payment experience.</li>\r\n<li><strong>Device Recognition:</strong> Recognizes specific devices and system platforms for personalised payment transactions, enhancing user experience.</li>\r\n<li><strong>Mobile-Optimised Pages:</strong> Mobile billing solutions offer convenient mobile-optimised pages, accommodating different devices and service providers.</li>\r\n<li><strong>Enhanced Success Rates:</strong> With nearly 60% of transactions occurring via mobile, our solutions optimise success rates for mobile payments.</li>\r\n<li><strong>Adaptation to Trends:</strong> Stay relevant in a mobile-driven market by adopting our solutions, catering to the growing trend of mobile purchases.</li>\r\n<li><strong>Accessibility and Convenience:</strong> Meet on-the-go purchasing demands with accessible and efficient mobile payment solutions.</li>\r\n<li><strong>Customer Satisfaction:</strong> Provide customers with a smooth, secure mobile payment process that fosters satisfaction and loyalty.</li>\r\n<li><strong>Business Growth:</strong> Empower your business by embracing mobile payment solutions that drive growth and align with evolving consumer behaviour.<br /><br /></li>\r\n</ul>\r\n<p>By incorporating our mobile billing solutions, your business not only ensures a convenient and secure payment experience but also positions itself for growth in a mobile-centric market, enhancing customer satisfaction and revenue.</p>',1,NULL,NULL,1,'{\"article_layout\":\"\",\"show_title\":\"\",\"link_titles\":\"\",\"show_tags\":\"\",\"show_intro\":\"\",\"info_block_position\":\"\",\"info_block_show_title\":\"\",\"show_category\":\"\",\"link_category\":\"\",\"show_parent_category\":\"\",\"link_parent_category\":\"\",\"show_author\":\"\",\"link_author\":\"\",\"show_create_date\":\"\",\"show_modify_date\":\"\",\"show_publish_date\":\"\",\"show_item_navigation\":\"\",\"show_hits\":\"\",\"show_noauth\":\"\",\"urls_position\":\"\",\"alternative_readmore\":\"\",\"article_page_title\":\"\",\"show_publishing_options\":\"\",\"show_article_options\":\"\",\"show_urls_images_backend\":\"\",\"show_urls_images_frontend\":\"\"}',0,'{\"robots\":\"\",\"author\":\"\",\"rights\":\"\"}',259,'','2024-02-14 14:52:41',262,'2024-02-16 08:58:22','*','2024-02-14 14:52:41',NULL,76,284,'{\"image_intro\":\"\",\"image_intro_alt\":\"\",\"float_intro\":\"\",\"image_intro_caption\":\"\",\"image_fulltext\":\"\",\"image_fulltext_alt\":\"\",\"float_fulltext\":\"\",\"image_fulltext_caption\":\"\"}','{\"urla\":\"\",\"urlatext\":\"\",\"targeta\":\"\",\"urlb\":\"\",\"urlbtext\":\"\",\"targetb\":\"\",\"urlc\":\"\",\"urlctext\":\"\",\"targetc\":\"\"}',20,11,2,'','',9,1),(32,'com_content.article','Multi-Currency Processing Solutions','multi-currency-processing-solutions','<ul>\r\n<li><strong>Wide Range of Currencies:</strong> Axcess offers a comprehensive selection of 179 available currencies, enabling merchants to tap into international markets and expand their customer base effortlessly.</li>\r\n<li><strong>Avoid High Exchange Rates:</strong> Our Multi-Currency Processing Solutions help businesses bypass high currency exchange rates often charged by acquirers, leading to cost savings and improved profitability.</li>\r\n<li><strong>Enhanced Customer Trust:</strong> Offering international customers the option to pay in their preferred currency enhances trust and confidence in online transactions, fostering stronger customer relationships.</li>\r\n<li><strong>Flexible for International Expansion:</strong> Whether you\'re planning to expand from a domestic market to an international one or already operating globally, Axcess facilitates smooth currency transactions across borders.</li>\r\n<li><strong>Diverse Card Compatibility:</strong> Axcess Multi-Currency solutions seamlessly accommodate various cards, including Visa, MasterCard, and country-specific cards, ensuring a versatile and inclusive payment experience.</li>\r\n<li><strong>Streamlined Payment Experience:</strong> Our payment page supports 25 different languages, simplifying integration and providing a seamless payment experience for customers worldwide.</li>\r\n<li><strong>Real-Time Reporting Tools:</strong> Gain real-time insights and access to historical data through robust reporting tools, catering to merchants of all scales, from startups to multinational enterprises.&nbsp;</li>\r\n<li><strong>Direct Currency Settlement:</strong> Axcess ensures that acquiring banks settle transactions directly in the specified currency, eliminating losses from fluctuating exchange rates and additional fees.</li>\r\n<li><strong>Adaptable Payment Pages:</strong> Our platform offers easily adaptable and transferable payment pages that can be customised to accommodate any language, ensuring a tailored user experience.</li>\r\n<li><strong>Global Expansion Empowerment:</strong> Axcess Multi-Currency Processing Solutions enable businesses to unleash their potential in the global marketplace, optimise transactions, and deliver seamless payment experiences across different countries and regions.</li>\r\n</ul>',1,NULL,NULL,1,'{\"article_layout\":\"\",\"show_title\":\"\",\"link_titles\":\"\",\"show_tags\":\"\",\"show_intro\":\"\",\"info_block_position\":\"\",\"info_block_show_title\":\"\",\"show_category\":\"\",\"link_category\":\"\",\"show_parent_category\":\"\",\"link_parent_category\":\"\",\"show_author\":\"\",\"link_author\":\"\",\"show_create_date\":\"\",\"show_modify_date\":\"\",\"show_publish_date\":\"\",\"show_item_navigation\":\"\",\"show_hits\":\"\",\"show_noauth\":\"\",\"urls_position\":\"\",\"alternative_readmore\":\"\",\"article_page_title\":\"\",\"show_publishing_options\":\"\",\"show_article_options\":\"\",\"show_urls_images_backend\":\"\",\"show_urls_images_frontend\":\"\"}',0,'{\"robots\":\"\",\"author\":\"\",\"rights\":\"\"}',259,'','2024-02-14 14:54:12',259,'2024-02-16 09:09:08','*','2024-02-14 14:54:12',NULL,77,285,'{\"image_intro\":\"\",\"image_intro_alt\":\"\",\"float_intro\":\"\",\"image_intro_caption\":\"\",\"image_fulltext\":\"\",\"image_fulltext_alt\":\"\",\"float_fulltext\":\"\",\"image_fulltext_caption\":\"\"}','{\"urla\":\"\",\"urlatext\":\"\",\"targeta\":\"\",\"urlb\":\"\",\"urlbtext\":\"\",\"targetb\":\"\",\"urlc\":\"\",\"urlctext\":\"\",\"targetc\":\"\"}',23,10,1,'','',9,1),(33,'com_content.article','MERCHANT ACCOUNTS ','merchant-accounts','<p>Many banks and third-party providers take weeks to respond to prospective merchants, leading to a convoluted and frustrating application journey. We understand the importance of understanding each business model and merchant we work with before approaching a bank on their behalf.</p>\r\n<p>Efficient Process: We understand the challenges of securing the right banking partner and merchant facility. Unlike traditional methods, our streamlined approach ensures that the majority of the process is completed online, saving you time and frustration.<br />Personalised Service: Our team comprehends your unique business model before approaching a bank on your behalf. This personalised approach ensures that you get the best-suited option from our extensive network of connected banks.<br />Electronic Convenience: Contracts are conveniently signed electronically, eliminating the hassle of paperwork and making the process seamless and modern.<br />Modern Approach: Unlike banks that use outdated tactics, we focus on providing a modern, efficient, and customer-centric service to meet the demands of today\'s merchants.<br />Transparent and Hassle-Free: We are committed to transparency. Our tailored approach ensures a smooth and transparent merchant account setup, free from the complexities of traditional methods.<br />Future-Ready Solutions: Our goal is to offer you the payment services of tomorrow today. Embrace a future-ready approach to obtaining an account with Axcess.</p>\r\n<p>With Axcess Merchant Services, you can expect a hassle-free, efficient, and personalised approach to securing a banking partner and merchant facility. The convenience of electronic signatures, transparency in the process, and a focus on modern, customer-centric solutions make Axcess the ideal choice for businesses seeking a seamless banking partnership experience.<br />Efficient Process:</p>\r\n<p>Benefit: Time and Frustration Savings<br />Explanation: Traditional methods of securing a banking partner and merchant facility can be time-consuming and frustrating. Our streamlined approach, which is primarily completed online, saves you valuable time and eliminates frustration from the process.<br />Personalised Service:</p>\r\n<p>Benefit: Tailored Solutions<br />Explanation: We take the time to fully understand your unique business model before approaching a bank on your behalf. This personalised approach ensures that you receive the best-suited banking option from our extensive network of connected banks, aligning perfectly with your business needs.<br />Electronic Convenience:</p>\r\n<p>Benefit: Paperwork Elimination<br />Explanation: Contracts are conveniently signed electronically, eliminating the hassle of paperwork. This modern approach to documentation makes the entire process seamless and convenient.</p>',-2,NULL,NULL,1,'{\"article_layout\":\"\",\"show_title\":\"\",\"link_titles\":\"\",\"show_tags\":\"\",\"show_intro\":\"\",\"info_block_position\":\"\",\"info_block_show_title\":\"\",\"show_category\":\"\",\"link_category\":\"\",\"show_parent_category\":\"\",\"link_parent_category\":\"\",\"show_author\":\"\",\"link_author\":\"\",\"show_create_date\":\"\",\"show_modify_date\":\"\",\"show_publish_date\":\"\",\"show_item_navigation\":\"\",\"show_hits\":\"\",\"show_noauth\":\"\",\"urls_position\":\"\",\"alternative_readmore\":\"\",\"article_page_title\":\"\",\"show_publishing_options\":\"\",\"show_article_options\":\"\",\"show_urls_images_backend\":\"\",\"show_urls_images_frontend\":\"\"}',0,'{\"robots\":\"\",\"author\":\"\",\"rights\":\"\"}',259,'','2024-02-14 14:55:50',259,'2024-02-14 14:55:50','*','2024-02-14 14:55:50',NULL,78,286,'{\"image_intro\":\"\",\"image_intro_alt\":\"\",\"float_intro\":\"\",\"image_intro_caption\":\"\",\"image_fulltext\":\"\",\"image_fulltext_alt\":\"\",\"float_fulltext\":\"\",\"image_fulltext_caption\":\"\"}','{\"urla\":\"\",\"urlatext\":\"\",\"targeta\":\"\",\"urlb\":\"\",\"urlbtext\":\"\",\"targetb\":\"\",\"urlc\":\"\",\"urlctext\":\"\",\"targetc\":\"\"}',0,1,0,'','',9,1),(34,'com_content.article','TELEPHONE & BILLING SOLUTIONS','telephone-billing-solutions','<p>&nbsp;</p>\r\n<ul>\r\n<li><strong>MO/TO Payments:</strong> Offering Mail Order / Telephone Order and Virtual Terminal payment options to expand transaction possibilities beyond online debit and credit card processing.</li>\r\n<li><strong>Enhanced Customer Experience:</strong> Providing opportunities to improve customer experience by offering secure telephone payment facilities, especially during browser issues or uncertainties in online transactions.</li>\r\n<li><strong>User-Friendly Solution:</strong> Axcess\' solution requires no integration and allows merchants to go live the same day. A generated URL, username, and password are all that\'s needed.</li>\r\n<li><strong>Secure Payment Processing:</strong> Ensuring secure payment processing with confidentiality, particularly beneficial for call centres and remote locations.</li>\r\n<li><strong>Multi-Level Access Options:</strong> Tailoring access levels and functions for employees, such as processing payments, refunds, and accessing tools and reporting, enhancing security.</li>\r\n<li><strong>Versatility for Business Models:</strong> Suitable for call centres, remote locations, and smaller companies without major websites, allowing them to accept orders from various sources.</li>\r\n<li><strong>Customisable Payment Process:</strong> Adapting the payment process to the risk type of the transaction, collecting necessary information like CVV, address details, email, and phone numbers for higher approval.</li>\r\n<li><strong>Security Measures:</strong> Offering risk checks and settings, ensuring security during chip and pin or 3D secure checks to protect businesses.<br /><strong>Tailored Solutions:</strong> Providing tailored payment structures based on the merchant\'s specific needs, from basic to comprehensive, to effectively safeguard interests.</li>\r\n</ul>',1,NULL,NULL,1,'{\"article_layout\":\"\",\"show_title\":\"\",\"link_titles\":\"\",\"show_tags\":\"\",\"show_intro\":\"\",\"info_block_position\":\"\",\"info_block_show_title\":\"\",\"show_category\":\"\",\"link_category\":\"\",\"show_parent_category\":\"\",\"link_parent_category\":\"\",\"show_author\":\"\",\"link_author\":\"\",\"show_create_date\":\"\",\"show_modify_date\":\"\",\"show_publish_date\":\"\",\"show_item_navigation\":\"\",\"show_hits\":\"\",\"show_noauth\":\"\",\"urls_position\":\"\",\"alternative_readmore\":\"\",\"article_page_title\":\"\",\"show_publishing_options\":\"\",\"show_article_options\":\"\",\"show_urls_images_backend\":\"\",\"show_urls_images_frontend\":\"\"}',0,'{\"robots\":\"\",\"author\":\"\",\"rights\":\"\"}',259,'','2023-08-30 13:04:06',259,'2024-02-21 15:39:05','*','2023-08-30 13:04:06',NULL,7,130,'{\"image_intro\":\"\",\"image_intro_alt\":\"\",\"float_intro\":\"\",\"image_intro_caption\":\"\",\"image_fulltext\":\"\",\"image_fulltext_alt\":\"\",\"float_fulltext\":\"\",\"image_fulltext_caption\":\"\"}','{\"urla\":\"\",\"urlatext\":\"\",\"targeta\":\"\",\"urlb\":\"\",\"urlbtext\":\"\",\"targetb\":\"\",\"urlc\":\"\",\"urlctext\":\"\",\"targetc\":\"\"}',50,16,14,'','',9,1);

--
-- Table structure for table `josuk_update_sites`
--

CREATE TABLE `josuk_update_sites` (
  `update_site_id` int(11) NOT NULL AUTO_INCREMENT,
  `name` varchar(100) DEFAULT '',
  `type` varchar(20) DEFAULT '',
  `location` text NOT NULL,
  `enabled` int(11) DEFAULT 0,
  `last_check_timestamp` bigint(20) DEFAULT 0,
  `extra_query` varchar(1000) DEFAULT '',
  `checked_out` int(10) unsigned DEFAULT NULL,
  `checked_out_time` datetime DEFAULT NULL,
  PRIMARY KEY (`update_site_id`)
) ENGINE=InnoDB AUTO_INCREMENT=53 DEFAULT CHARSET=utf8mb4 COLLATE=utf8mb4_unicode_ci COMMENT='Update Sites';

--
-- Dumping data for table `josuk_update_sites`
--

INSERT INTO `josuk_update_sites` VALUES (1,'Joomla! Core','collection','https://update.joomla.org/core/list.xml',0,0,'',NULL,NULL),(2,'Accredited Joomla! Translations','collection','https://update.joomla.org/language/translationlist_4.xml',0,0,'',NULL,NULL),(3,'Joomla! Update Component','extension','https://update.joomla.org/core/extensions/com_joomlaupdate.xml',0,0,'',NULL,NULL),(17,'Hydrogen Template','extension','https://updates.gantry.org/5.0/joomla/tpl_g5_hydrogen.xml',1,1711374198,'',NULL,NULL),(18,'GDPR Update Server','extension','http://storejextensions.org/updates/gdpr_updater.xml',1,1711374198,'',NULL,NULL),(19,'JSitemap Professional Update Server','extension','http://storejextensions.org/updates/jsitemap_updater.xml',1,1711374198,'',NULL,NULL),(20,'JRealtime Analytics Update Server','extension','http://storejextensions.org/updates/jrealtime_updater.xml',1,1711374198,'',NULL,NULL),(21,'Watchful Client Update','extension','http://downloads.watchful.net/extensions/com_watchfulli_updates.xml',0,1709906999,'',NULL,NULL),(22,'Maximenu CK Pro','extension','https://update.joomlack.fr/maximenuck_pro_update.xml',0,0,'',NULL,NULL),(23,'Akeeba Backup Professional for Joomla!','extension','https://cdn.akeeba.com/updates/pkgakeebabackuppro.xml',1,1711374198,'dlid=b819dd04c6ad52a11bcd5b62fd15f0a2',NULL,NULL),(24,'Gantry 5','extension','http://updates.gantry.org/5.0/joomla/pkg_gantry5.xml',0,1709725322,'',NULL,NULL),(25,'Gantry 5','collection','http://updates.gantry.org/5.0/joomla/list.xml',0,0,'',NULL,NULL),(26,'JCE Editor Package','extension','https://cdn.joomlacontenteditor.net/updates/xml/editor/pkg_jce_pro.xml',0,1710410384,'key=WF9050C638988632B542F0CB618DFE7323',NULL,NULL),(27,'Installer - RSForm! Pro','extension','https://www.rsjoomla.com/updates/com_rsform/Other/plg_installer.xml',0,0,'',NULL,NULL),(28,'System - RSForm! Pro Delete Submissions','extension','https://www.rsjoomla.com/updates/com_rsform/Other/plg_rsformdeletesubmissions.xml',0,0,'',NULL,NULL),(29,'RSForm! Pro','extension','https://www.rsjoomla.com/updates/com_rsform/Component/com_rsform.xml',0,1710162706,'',NULL,NULL),(30,'RSForm! Pro - Module','extension','https://www.rsjoomla.com/updates/com_rsform/Modules/mod_rsform.xml',0,1709653256,'',NULL,NULL),(31,'RSForm! Pro - Advanced Form Fields','extension','https://www.rsjoomla.com/updates/plg_rsform_plugins/plg_rsfpadvancedformfields/plg_rsfpadvancedformfields.xml',0,0,'',NULL,NULL),(32,'Minitek Wall Pro','extension','https://update.minitek.gr/joomla-extensions/minitek_wall_pro.xml',1,1711374198,'',NULL,NULL),(33,'Minitek Updates Authentication','extension','https://update.minitek.gr/joomla-extensions/minitekupdatesauth.xml',0,1710947142,'',NULL,NULL),(34,'Minitek Wall Module','extension','http://update.minitek.gr/joomla-extensions/minitek_wall_module.xml',0,0,'',NULL,NULL),(35,'Minitek Source - Content','extension','https://update.minitek.gr/joomla-extensions/minitek-source-plugins/plg_content_msourcecontent.xml',0,0,'',NULL,NULL),(36,'Minitek Source - Custom Items','extension','https://update.minitek.gr/joomla-extensions/minitek-source-plugins/plg_content_msourcecustom.xml',0,0,'',NULL,NULL),(37,'Minitek Source - Images','extension','https://update.minitek.gr/joomla-extensions/minitek-source-plugins/plg_content_msourcefolder.xml',0,1709917484,'',NULL,NULL),(38,'Minitek Source - RSS','extension','https://update.minitek.gr/joomla-extensions/minitek-source-plugins/plg_content_msourcerss.xml',0,1710162707,'',NULL,NULL),(39,'FAQ Book Pro','extension','https://update.minitek.gr/joomla-extensions/minitek_faqbook.xml',0,0,'',NULL,NULL),(40,'iFAQ Updates','extension','https://idealextensions.com/?extension=com_ifaq&output=updatexml',0,0,'',NULL,NULL),(41,'Responsive Grid for Articles','extension','https://update.minitek.gr/joomla-extensions/responsive_grid_for_articles.xml',0,1710847453,'',NULL,NULL),(43,'FAQ Book Pro','extension','https://update.minitek.gr/joomla-extensions/minitek_faqbookpro.xml',0,0,'',NULL,NULL),(44,'AcyMailing','extension','https://api.acymailing.com/public/updatexml/component?extension=acymailing&cms=joomla&version=latest&level=enterprise',0,0,'',NULL,NULL),(45,'AcyMailing subscription form','extension','https://api.acymailing.com/public/updatexml/extension?version=9.1.0&type=module&folder=&element=mod_acym',0,1710755045,'',NULL,NULL),(46,'AcyMailing - Search emails in Joomla search bar','extension','https://api.acymailing.com/public/updatexml/extension?version=9.1.0&type=plugin&folder=search&element=acymailing',1,1711374199,'',NULL,NULL),(47,'AcyMailing - Override Joomla emails','extension','https://api.acymailing.com/public/updatexml/extension?version=9.1.0&type=plugin&folder=system&element=acymailoverride',0,1711011578,'',NULL,NULL),(48,'AcyMailing - Joomla integration','extension','https://api.acymailing.com/public/updatexml/extension?version=9.1.0&type=plugin&folder=system&element=acymtriggers',0,1710831499,'',NULL,NULL),(49,'AcyMailing - JCE integration','extension','https://api.acymailing.com/public/updatexml/extension?version=9.1.0&type=plugin&folder=system&element=jceacym',0,0,'',NULL,NULL),(50,'Akeeba Backup Professional for Joomla!','extension','https://cdn.akeeba.com/updates/pkgakeebabackuppro.xml',1,1711374199,'dlid=b819dd04c6ad52a11bcd5b62fd15f0a2',NULL,NULL),(51,'Smart Slider 3 Updates','extension','https://api.nextendweb.com/v1/?action=joomla_version&platform=joomla&product=smartslider3&pro=1&channel=stable',0,1709653259,'',NULL,NULL),(52,'RSForm! Pro - Mailchimp Plugin','extension','https://www.rsjoomla.com/updates/com_rsform/Plugins/plg_mailchimp.xml',0,1710429457,'',NULL,NULL);

--
-- Table structure for table `josuk_update_sites_extensions`
--

CREATE TABLE `josuk_update_sites_extensions` (
  `update_site_id` int(11) NOT NULL DEFAULT 0,
  `extension_id` int(11) NOT NULL DEFAULT 0,
  PRIMARY KEY (`update_site_id`,`extension_id`)
) ENGINE=InnoDB DEFAULT CHARSET=utf8mb4 COLLATE=utf8mb4_unicode_ci COMMENT='Links extensions to update sites';

--
-- Dumping data for table `josuk_update_sites_extensions`
--

INSERT INTO `josuk_update_sites_extensions` VALUES (1,227),(2,228),(3,24),(17,240),(18,250),(19,255),(20,252),(21,260),(22,274),(23,268),(24,239),(25,239),(26,249),(27,286),(28,287),(29,285),(30,289),(31,290),(32,291),(33,292),(34,293),(35,294),(36,295),(37,296),(38,297),(39,300),(40,301),(41,307),(43,300),(44,311),(45,312),(46,313),(47,314),(48,315),(49,316),(50,317),(51,269),(52,319);

--
-- Table structure for table `josuk_updates`
--

CREATE TABLE `josuk_updates` (
  `update_id` int(11) NOT NULL AUTO_INCREMENT,
  `update_site_id` int(11) DEFAULT 0,
  `extension_id` int(11) DEFAULT 0,
  `name` varchar(100) DEFAULT '',
  `description` text NOT NULL,
  `element` varchar(100) DEFAULT '',
  `type` varchar(20) DEFAULT '',
  `folder` varchar(20) DEFAULT '',
  `client_id` tinyint(4) DEFAULT 0,
  `version` varchar(32) DEFAULT '',
  `data` text NOT NULL,
  `detailsurl` text NOT NULL,
  `infourl` text NOT NULL,
  `changelogurl` text DEFAULT NULL,
  `extra_query` varchar(1000) DEFAULT '',
  PRIMARY KEY (`update_id`)
) ENGINE=InnoDB AUTO_INCREMENT=99 DEFAULT CHARSET=utf8mb4 COLLATE=utf8mb4_unicode_ci COMMENT='Available Updates';

--
-- Dumping data for table `josuk_updates`
--

INSERT INTO `josuk_updates` VALUES (96,18,250,'GDPR','Our commercial extensions in order to be updated through the Joomla! updater require that you specify your email address used for the account registration on our website https://storejextensions.org in the extension configuration to validate your license. To download this new release you need a valid updates license that is included for 1 year from the date of the purchase. If your license is expired you can simply buy again this product to download this latest release and extend free updates for 1 additional year. Visit our store at https://storejextensions.org and after login check your \'Purchased products\' reserved area.','com_gdpr','component','',1,'2.13','','http://storejextensions.org/updates/gdpr_updater.xml','http://storejextensions.org/extensions/gdpr.html','http://storejextensions.org/changelogs/gdpr.xml',''),(97,19,255,'JSitemap Professional','Our commercial extensions in order to be updated through the Joomla! updater require that you specify your email address used for the account registration on our website https://storejextensions.org in the extension configuration to validate your license. To download this new release you need a valid updates license that is included for 1 year from the date of the purchase. If your license is expired you can simply buy again this product to download this latest release and extend free updates for 1 additional year. Visit our store at https://storejextensions.org and after login check your \'Purchased products\' reserved area.','com_jmap','component','',1,'4.18','','http://storejextensions.org/updates/jsitemap_updater.xml','http://storejextensions.org/extensions/jsitemap_professional.html','http://storejextensions.org/changelogs/jsitemap_professional.xml',''),(98,23,317,'Akeeba Backup  Professional for Joomla! 4','','pkg_akeebabackup','package','',0,'9.9.0','','https://cdn.akeeba.com/updates/pkgakeebabackuppro.xml','https://www.akeeba.com/download/akeeba-backup/9-9-0.html',NULL,'dlid=b819dd04c6ad52a11bcd5b62fd15f0a2');

--
-- Table structure for table `josuk_user_keys`
--

CREATE TABLE `josuk_user_keys` (
  `id` int(10) unsigned NOT NULL AUTO_INCREMENT,
  `user_id` varchar(150) NOT NULL,
  `token` varchar(255) NOT NULL,
  `series` varchar(191) NOT NULL,
  `time` varchar(200) NOT NULL,
  `uastring` varchar(255) NOT NULL,
  PRIMARY KEY (`id`),
  UNIQUE KEY `series` (`series`),
  KEY `user_id` (`user_id`)
) ENGINE=InnoDB AUTO_INCREMENT=3 DEFAULT CHARSET=utf8mb4 COLLATE=utf8mb4_unicode_ci;

--
-- Dumping data for table `josuk_user_keys`
--

INSERT INTO `josuk_user_keys` VALUES (1,'sarah.hughes@axcessms.com','$2y$10$R6PPBpv0/X0YWIFKT36o2uPnZ3xLE5xhd41yu4Y/nceW8BzjyPyi.','o1mjiBmee0WeYOvVdVJD','1698763749','joomla_remember_me_688b0eaf8bd2b7d61b1988bd42fc7060'),(2,'sarah.hughes@axcessms.com','$2y$10$pn.DyS.LUtpmuGKKo/MK6uyfBAOcyO8RSish7nowKzwCDM6gUNbku','PfKGP9Z8CZ4QexWfih5j','1698763749','joomla_remember_me_688b0eaf8bd2b7d61b1988bd42fc7060');

--
-- Table structure for table `josuk_user_mfa`
--

CREATE TABLE `josuk_user_mfa` (
  `id` int(11) NOT NULL AUTO_INCREMENT,
  `user_id` int(10) unsigned NOT NULL,
  `title` varchar(255) NOT NULL DEFAULT '',
  `method` varchar(100) NOT NULL,
  `default` tinyint(4) NOT NULL DEFAULT 0,
  `options` mediumtext NOT NULL,
  `created_on` datetime NOT NULL,
  `last_used` datetime DEFAULT NULL,
  `tries` int(11) NOT NULL DEFAULT 0,
  `last_try` datetime DEFAULT NULL,
  PRIMARY KEY (`id`),
  KEY `idx_user_id` (`user_id`)
) ENGINE=InnoDB DEFAULT CHARSET=utf8mb4 COLLATE=utf8mb4_unicode_ci COMMENT='Multi-factor Authentication settings';

--
-- Dumping data for table `josuk_user_mfa`
--


--
-- Table structure for table `josuk_user_notes`
--

CREATE TABLE `josuk_user_notes` (
  `id` int(10) unsigned NOT NULL AUTO_INCREMENT,
  `user_id` int(10) unsigned NOT NULL DEFAULT 0,
  `catid` int(10) unsigned NOT NULL DEFAULT 0,
  `subject` varchar(100) NOT NULL DEFAULT '',
  `body` text NOT NULL,
  `state` tinyint(4) NOT NULL DEFAULT 0,
  `checked_out` int(10) unsigned DEFAULT NULL,
  `checked_out_time` datetime DEFAULT NULL,
  `created_user_id` int(10) unsigned NOT NULL DEFAULT 0,
  `created_time` datetime NOT NULL,
  `modified_user_id` int(10) unsigned NOT NULL DEFAULT 0,
  `modified_time` datetime NOT NULL,
  `review_time` datetime DEFAULT NULL,
  `publish_up` datetime DEFAULT NULL,
  `publish_down` datetime DEFAULT NULL,
  PRIMARY KEY (`id`),
  KEY `idx_user_id` (`user_id`),
  KEY `idx_category_id` (`catid`)
) ENGINE=InnoDB DEFAULT CHARSET=utf8mb4 COLLATE=utf8mb4_unicode_ci;

--
-- Dumping data for table `josuk_user_notes`
--


--
-- Table structure for table `josuk_user_profiles`
--

CREATE TABLE `josuk_user_profiles` (
  `user_id` int(11) NOT NULL,
  `profile_key` varchar(100) NOT NULL,
  `profile_value` text NOT NULL,
  `ordering` int(11) NOT NULL DEFAULT 0,
  UNIQUE KEY `idx_user_id_profile_key` (`user_id`,`profile_key`)
) ENGINE=InnoDB DEFAULT CHARSET=utf8mb4 COLLATE=utf8mb4_unicode_ci COMMENT='Simple user profile storage table';

--
-- Dumping data for table `josuk_user_profiles`
--

INSERT INTO `josuk_user_profiles` VALUES (260,'joomlatoken.enabled','1',1),(260,'joomlatoken.token','e+RqHKLdMfjilNIw04rN9uCkz06gPV5PapTMtBvwlHM=',2),(262,'joomlatoken.enabled','1',2),(262,'joomlatoken.token','gvtBCpn95qC/vzSdjgdj5tDihH+I9oLDK6ifWDYNiFY=',1);

--
-- Table structure for table `josuk_user_usergroup_map`
--

CREATE TABLE `josuk_user_usergroup_map` (
  `user_id` int(10) unsigned NOT NULL DEFAULT 0 COMMENT 'Foreign Key to #__users.id',
  `group_id` int(10) unsigned NOT NULL DEFAULT 0 COMMENT 'Foreign Key to #__usergroups.id',
  PRIMARY KEY (`user_id`,`group_id`)
) ENGINE=InnoDB DEFAULT CHARSET=utf8mb4 COLLATE=utf8mb4_unicode_ci;

--
-- Dumping data for table `josuk_user_usergroup_map`
--

INSERT INTO `josuk_user_usergroup_map` VALUES (257,8),(258,2),(258,3),(258,4),(259,2),(259,7),(259,8),(260,2),(260,8),(262,8),(263,2),(263,8),(264,2),(265,2),(265,7),(266,1),(266,2);

--
-- Table structure for table `josuk_usergroups`
--

CREATE TABLE `josuk_usergroups` (
  `id` int(10) unsigned NOT NULL AUTO_INCREMENT COMMENT 'Primary Key',
  `parent_id` int(10) unsigned NOT NULL DEFAULT 0 COMMENT 'Adjacency List Reference Id',
  `lft` int(11) NOT NULL DEFAULT 0 COMMENT 'Nested set lft.',
  `rgt` int(11) NOT NULL DEFAULT 0 COMMENT 'Nested set rgt.',
  `title` varchar(100) NOT NULL DEFAULT '',
  PRIMARY KEY (`id`),
  UNIQUE KEY `idx_usergroup_parent_title_lookup` (`parent_id`,`title`),
  KEY `idx_usergroup_title_lookup` (`title`),
  KEY `idx_usergroup_adjacency_lookup` (`parent_id`),
  KEY `idx_usergroup_nested_set_lookup` (`lft`,`rgt`) USING BTREE
) ENGINE=InnoDB AUTO_INCREMENT=10 DEFAULT CHARSET=utf8mb4 COLLATE=utf8mb4_unicode_ci;

--
-- Dumping data for table `josuk_usergroups`
--

INSERT INTO `josuk_usergroups` VALUES (1,0,1,18,'Public'),(2,1,8,15,'Registered'),(3,2,9,14,'Author'),(4,3,10,13,'Editor'),(5,4,11,12,'Publisher'),(6,1,4,7,'Manager'),(7,6,5,6,'Administrator'),(8,1,16,17,'Super Users'),(9,1,2,3,'Guest');

--
-- Table structure for table `josuk_users`
--

CREATE TABLE `josuk_users` (
  `id` int(11) NOT NULL AUTO_INCREMENT,
  `name` varchar(400) NOT NULL DEFAULT '',
  `username` varchar(150) NOT NULL DEFAULT '',
  `email` varchar(100) NOT NULL DEFAULT '',
  `password` varchar(100) NOT NULL DEFAULT '',
  `block` tinyint(4) NOT NULL DEFAULT 0,
  `sendEmail` tinyint(4) DEFAULT 0,
  `registerDate` datetime NOT NULL,
  `lastvisitDate` datetime DEFAULT NULL,
  `activation` varchar(100) NOT NULL DEFAULT '',
  `params` text NOT NULL,
  `lastResetTime` datetime DEFAULT NULL COMMENT 'Date of last password reset',
  `resetCount` int(11) NOT NULL DEFAULT 0 COMMENT 'Count of password resets since lastResetTime',
  `otpKey` varchar(1000) NOT NULL DEFAULT '' COMMENT 'Two factor authentication encrypted keys',
  `otep` varchar(1000) NOT NULL DEFAULT '' COMMENT 'Backup Codes',
  `requireReset` tinyint(4) NOT NULL DEFAULT 0 COMMENT 'Require user to reset password on next login',
  `authProvider` varchar(100) NOT NULL DEFAULT '' COMMENT 'Name of used authentication plugin',
  PRIMARY KEY (`id`),
  UNIQUE KEY `idx_username` (`username`),
  KEY `idx_name` (`name`(100)),
  KEY `idx_block` (`block`),
  KEY `email` (`email`)
) ENGINE=InnoDB AUTO_INCREMENT=267 DEFAULT CHARSET=utf8mb4 COLLATE=utf8mb4_unicode_ci;

--
-- Dumping data for table `josuk_users`
--

INSERT INTO `josuk_users` VALUES (257,'Administrator','burnsy','support@knowledgeframe.co.uk','$2y$10$ihAYMaJXVsGAcY2sDlg0NOit.KX2Dwhq0EhGEW9hVjRuiNkPB0g3i',0,1,'2023-07-20 09:28:19','2024-03-08 16:35:35','0','',NULL,0,'','',0,''),(258,'Test User','mickeymouse@northcountrywoods.co.uk','mickeymouse@northcountrywoods.co.uk','$2y$10$RqKeFcMyR5471lkB3CMImO1p.7AwqJ7CY8K7aIKD/0dEvFgLk0cs2',0,0,'2023-07-20 13:30:48',NULL,'','{\"admin_style\":\"\",\"admin_language\":\"\",\"language\":\"\",\"editor\":\"\",\"timezone\":\"\",\"a11y_mono\":\"0\",\"a11y_contrast\":\"0\",\"a11y_highlight\":\"0\",\"a11y_font\":\"0\"}',NULL,0,'','',0,''),(259,'Sarah Hughes','sarah.hughes@axcessms.com','sarah.hughes@axcessms.com','$2y$10$UNUevPpoZBzuglUIwF36vevN3jXVL4R1IIth3hLyAVov9SYSgDq.2',0,0,'2023-07-20 14:02:16','2024-03-25 13:45:49','','{\"admin_style\":\"\",\"admin_language\":\"\",\"language\":\"\",\"editor\":\"\",\"timezone\":\"\",\"a11y_mono\":\"0\",\"a11y_contrast\":\"0\",\"a11y_highlight\":\"0\",\"a11y_font\":\"0\"}',NULL,0,'','',0,''),(260,'Ian Sadler','ian@safe365.co.uk','ian@safe365.co.uk','$2y$10$kcrN0Q1aESKUnVooEtMy2e8jsa2vPXxMSWBVskDpP/XKokNWcJtGK',0,0,'2023-09-14 09:07:19','2024-03-25 13:55:16','','{\"admin_style\":\"\",\"admin_language\":\"\",\"language\":\"\",\"editor\":\"\",\"timezone\":\"\",\"a11y_mono\":\"0\",\"a11y_contrast\":\"0\",\"a11y_highlight\":\"0\",\"a11y_font\":\"0\"}',NULL,0,'','',0,''),(262,'Arran Brannan','Arran','Arran.brannan@axcessms.com','$2y$10$pFvfg1VruCKqWqopJ55ZIu758hVbx5HgAvbfTwVZlq1F4utYuKlK.',0,0,'2024-02-09 15:34:42','2024-03-25 13:54:40','','{\"admin_style\":\"\",\"admin_language\":\"\",\"language\":\"\",\"editor\":\"\",\"timezone\":\"\",\"a11y_mono\":\"0\",\"a11y_contrast\":\"0\",\"a11y_highlight\":\"0\",\"a11y_font\":\"0\"}',NULL,0,'','',0,''),(263,'Ilaria Pignalosa','Ilaria','ilaria.pignalosa@bobbledigital.com','$2y$10$mpaUWaLfX5riSwCZJAQO4ODAV.dmUEsevXd0tSURmxOlTxFJa5QBa',0,0,'2024-02-22 11:37:36','2024-02-26 14:32:43','','{\"admin_style\":\"\",\"admin_language\":\"\",\"language\":\"\",\"editor\":\"\",\"timezone\":\"\",\"a11y_mono\":\"0\",\"a11y_contrast\":\"0\",\"a11y_highlight\":\"0\",\"a11y_font\":\"0\"}',NULL,0,'','',0,''),(264,'TestViewer','testviewer1','matt.booth@axcessms.com','$2y$10$FVczkt8oeBuvaOD37hLSV.43xp0lgRgGS1un1XYqA30v/ERkyKDLW',0,0,'2024-02-29 15:32:41',NULL,'','{\"admin_style\":\"\",\"admin_language\":\"\",\"language\":\"\",\"editor\":\"\",\"timezone\":\"\",\"a11y_mono\":\"0\",\"a11y_contrast\":\"0\",\"a11y_highlight\":\"0\",\"a11y_font\":\"0\"}',NULL,0,'','',0,''),(265,'Surinder','Surinder','surinder@cefar.co.uk','$2y$10$LXQ.uxv6Gd6trMXEf3OBDOoDt6SXNN8gQlSFc.rWmyYA0yvFxVHju',0,0,'2024-03-15 12:10:14','2024-03-21 15:13:13','','{\"admin_style\":\"\",\"admin_language\":\"\",\"language\":\"\",\"editor\":\"\",\"timezone\":\"\",\"a11y_mono\":\"0\",\"a11y_contrast\":\"0\",\"a11y_highlight\":\"0\",\"a11y_font\":\"0\"}',NULL,0,'','',0,''),(266,'Test ','Test2','ian.sadler@axcessms.com','$2y$10$DGSsNgYnXiSwooIkF8gYy.XAgVkwzd9pehJUduRzw8Kcxm6NWHNja',0,0,'2024-03-20 18:46:30',NULL,'','{\"admin_style\":\"\",\"admin_language\":\"\",\"language\":\"\",\"editor\":\"\",\"timezone\":\"\",\"a11y_mono\":\"0\",\"a11y_contrast\":\"0\",\"a11y_highlight\":\"0\",\"a11y_font\":\"0\"}',NULL,0,'','',0,'');

--
-- Table structure for table `josuk_viewlevels`
--

CREATE TABLE `josuk_viewlevels` (
  `id` int(10) unsigned NOT NULL AUTO_INCREMENT COMMENT 'Primary Key',
  `title` varchar(100) NOT NULL DEFAULT '',
  `ordering` int(11) NOT NULL DEFAULT 0,
  `rules` varchar(5120) NOT NULL COMMENT 'JSON encoded access control.',
  PRIMARY KEY (`id`),
  UNIQUE KEY `idx_assetgroup_title_lookup` (`title`)
) ENGINE=InnoDB AUTO_INCREMENT=7 DEFAULT CHARSET=utf8mb4 COLLATE=utf8mb4_unicode_ci;

--
-- Dumping data for table `josuk_viewlevels`
--

INSERT INTO `josuk_viewlevels` VALUES (1,'Public',0,'[1]'),(2,'Registered',2,'[6,2,8]'),(3,'Special',3,'[6,3,8]'),(5,'Guest',1,'[9]'),(6,'Super Users',4,'[8]');

--
-- Table structure for table `josuk_webauthn_credentials`
--

CREATE TABLE `josuk_webauthn_credentials` (
  `id` varchar(1000) NOT NULL COMMENT 'Credential ID',
  `user_id` varchar(128) NOT NULL COMMENT 'User handle',
  `label` varchar(190) NOT NULL COMMENT 'Human readable label',
  `credential` mediumtext NOT NULL COMMENT 'Credential source data, JSON format',
  PRIMARY KEY (`id`(100)),
  KEY `user_id` (`user_id`(100))
) ENGINE=InnoDB DEFAULT CHARSET=utf8mb4 COLLATE=utf8mb4_unicode_ci;

--
-- Dumping data for table `josuk_webauthn_credentials`
--


--
-- Table structure for table `josuk_wf_profiles`
--

CREATE TABLE `josuk_wf_profiles` (
  `id` int(11) NOT NULL AUTO_INCREMENT,
  `name` varchar(255) NOT NULL,
  `description` text NOT NULL,
  `users` text NOT NULL,
  `types` text NOT NULL,
  `components` text NOT NULL,
  `area` tinyint(3) NOT NULL,
  `device` varchar(255) NOT NULL,
  `rows` text NOT NULL,
  `plugins` text NOT NULL,
  `published` tinyint(3) NOT NULL,
  `ordering` int(11) NOT NULL,
  `checked_out` int(10) unsigned DEFAULT NULL,
  `checked_out_time` datetime DEFAULT NULL,
  `params` text NOT NULL,
  PRIMARY KEY (`id`)
) ENGINE=InnoDB AUTO_INCREMENT=6 DEFAULT CHARSET=utf8mb3 COLLATE=utf8mb3_general_ci;

--
-- Dumping data for table `josuk_wf_profiles`
--

INSERT INTO `josuk_wf_profiles` VALUES (1,'Default','Default Profile for all users','','6,7,3,4,5,8','',0,'phone,tablet,desktop','help,newdocument,undo,redo,spacer,bold,italic,underline,strikethrough,justifyfull,justifycenter,justifyleft,justifyright,spacer,blockquote,formatselect,styleselect,removeformat,cleanup;fontselect,fontsizeselect,fontcolor,spacer,clipboard,indent,outdent,lists,sub,sup,textcase,charmap,hr;directionality,fullscreen,print,searchreplace,spacer,table,style,attributes;visualaid,visualchars,visualblocks,nonbreaking,anchor,unlink,link,imgmanager_ext,mediamanager,filemanager,templatemanager,caption,microdata,textpattern,columns,spellchecker,article','formatselect,styleselect,cleanup,fontselect,fontsizeselect,fontcolor,clipboard,lists,textcase,charmap,hr,directionality,fullscreen,print,searchreplace,table,style,attributes,visualchars,visualblocks,nonbreaking,anchor,link,imgmanager_ext,mediamanager,filemanager,templatemanager,caption,microdata,textpattern,columns,spellchecker,article,spellchecker,article,browser,contextmenu,media,preview,source',1,1,NULL,NULL,'{\"editor\":{\"toolbar_theme\":\"o2k7\",\"allow_javascript\":\"1\",\"allow_css\":\"1\"}}'),(2,'Front End','Sample Front-end Profile','','3,4,5','',1,'desktop,tablet,phone','help,newdocument,undo,redo,spacer,bold,italic,underline,strikethrough,justifyfull,justifycenter,justifyleft,justifyright,spacer,formatselect,styleselect;clipboard,searchreplace,indent,outdent,lists,cleanup,charmap,removeformat,hr,sub,sup,textcase,nonbreaking,visualchars,visualblocks;fullscreen,print,visualaid,style,attributes,anchor,unlink,link,imgmanager,spellchecker,article','charmap,contextmenu,help,clipboard,searchreplace,fullscreen,preview,print,style,textcase,nonbreaking,visualchars,visualblocks,attributes,imgmanager,anchor,link,spellchecker,article,lists,formatselect,styleselect,hr',0,2,NULL,NULL,'{\"editor\":{\"toolbar_theme\":\"modern\"}}'),(3,'Blogger','Simple Blogging Profile','','3,4,5,6,8,7','',0,'desktop,tablet,phone','bold,italic,strikethrough,lists,blockquote,spacer,justifyleft,justifycenter,justifyright,spacer,link,unlink,imgmanager,article,spellchecker,fullscreen,kitchensink;formatselect,styleselect,underline,justifyfull,clipboard,removeformat,charmap,indent,outdent,undo,redo,help','link,imgmanager,article,spellchecker,fullscreen,kitchensink,clipboard,contextmenu,lists,formatselect,styleselect,textpattern',0,3,NULL,NULL,'{\"editor\":{\"toolbar_theme\":\"modern\"}}'),(4,'Mobile','Sample Mobile Profile','','3,4,5,6,8,7','',0,'tablet,phone','undo,redo,spacer,bold,italic,underline,formatselect,spacer,justifyleft,justifycenter,justifyfull,justifyright,spacer,fullscreen,kitchensink;styleselect,lists,spellchecker,article,link,unlink','fullscreen,kitchensink,spellchecker,article,link,lists,formatselect,styleselect,textpattern',0,4,NULL,NULL,'{\"editor\":{\"toolbar_theme\":\"modern.touch\",\"resizing\":\"0\",\"resize_horizontal\":\"0\",\"resizing_use_cookie\":\"0\",\"links\":{\"popups\":{\"default\":\"\",\"jcemediabox\":{\"enable\":\"0\"},\"window\":{\"enable\":\"0\"}}}}}'),(5,'Markdown','Sample Markdown Profile','','6,7,3,4,5,8','',0,'desktop,tablet,phone','fullscreen,justifyleft,justifycenter,justifyfull,justifyright,link,unlink,imgmanager,styleselect','fullscreen,link,imgmanager,styleselect,media,textpattern',0,5,NULL,NULL,'{\"editor\":{\"toolbar_theme\":\"modern\"}}');

--
-- Table structure for table `josuk_workflow_associations`
--

CREATE TABLE `josuk_workflow_associations` (
  `item_id` int(11) NOT NULL DEFAULT 0 COMMENT 'Extension table id value',
  `stage_id` int(11) NOT NULL COMMENT 'Foreign Key to #__workflow_stages.id',
  `extension` varchar(50) NOT NULL,
  PRIMARY KEY (`item_id`,`extension`),
  KEY `idx_item_stage_extension` (`item_id`,`stage_id`,`extension`),
  KEY `idx_item_id` (`item_id`),
  KEY `idx_stage_id` (`stage_id`),
  KEY `idx_extension` (`extension`)
) ENGINE=InnoDB DEFAULT CHARSET=utf8mb4 COLLATE=utf8mb4_unicode_ci;

--
-- Dumping data for table `josuk_workflow_associations`
--

INSERT INTO `josuk_workflow_associations` VALUES (1,1,'com_content.article'),(2,1,'com_content.article'),(3,1,'com_content.article'),(4,1,'com_content.article'),(5,1,'com_content.article'),(6,1,'com_content.article'),(7,1,'com_content.article'),(8,1,'com_content.article'),(9,1,'com_content.article'),(10,1,'com_content.article'),(11,1,'com_content.article'),(12,1,'com_content.article'),(13,1,'com_content.article'),(14,1,'com_content.article'),(15,1,'com_content.article'),(16,1,'com_content.article'),(17,1,'com_content.article'),(18,1,'com_content.article'),(19,1,'com_content.article'),(20,1,'com_content.article'),(21,1,'com_content.article'),(22,1,'com_content.article'),(23,1,'com_content.article'),(24,1,'com_content.article'),(25,1,'com_content.article'),(26,1,'com_content.article'),(27,1,'com_content.article'),(28,1,'com_content.article'),(29,1,'com_content.article'),(30,1,'com_content.article'),(31,1,'com_content.article'),(32,1,'com_content.article'),(33,1,'com_content.article'),(34,1,'com_content.article'),(35,1,'com_content.article'),(36,1,'com_content.article'),(37,1,'com_content.article'),(38,1,'com_content.article'),(39,1,'com_content.article'),(40,1,'com_content.article'),(41,1,'com_content.article'),(42,1,'com_content.article'),(43,1,'com_content.article'),(44,1,'com_content.article'),(45,1,'com_content.article'),(46,1,'com_content.article'),(47,1,'com_content.article'),(48,1,'com_content.article'),(49,1,'com_content.article'),(50,1,'com_content.article'),(51,1,'com_content.article'),(52,1,'com_content.article'),(53,1,'com_content.article'),(54,1,'com_content.article'),(55,1,'com_content.article'),(56,1,'com_content.article'),(57,1,'com_content.article'),(58,1,'com_content.article'),(59,1,'com_content.article'),(60,1,'com_content.article'),(61,1,'com_content.article'),(62,1,'com_content.article'),(63,1,'com_content.article'),(64,1,'com_content.article'),(65,1,'com_content.article'),(66,1,'com_content.article'),(67,1,'com_content.article'),(68,1,'com_content.article'),(69,1,'com_content.article'),(70,1,'com_content.article'),(71,1,'com_content.article'),(72,1,'com_content.article'),(73,1,'com_content.article'),(74,1,'com_content.article'),(75,1,'com_content.article'),(76,1,'com_content.article'),(77,1,'com_content.article'),(78,1,'com_content.article'),(79,1,'com_content.article'),(80,1,'com_content.article'),(81,1,'com_content.article'),(82,1,'com_content.article'),(83,1,'com_content.article'),(84,1,'com_content.article'),(85,1,'com_content.article'),(86,1,'com_content.article'),(87,1,'com_content.article'),(88,1,'com_content.article'),(89,1,'com_content.article'),(90,1,'com_content.article'),(91,1,'com_content.article'),(92,1,'com_content.article'),(93,1,'com_content.article'),(94,1,'com_content.article'),(95,1,'com_content.article'),(96,1,'com_content.article'),(97,1,'com_content.article'),(98,1,'com_content.article'),(99,1,'com_content.article'),(100,1,'com_content.article'),(101,1,'com_content.article'),(102,1,'com_content.article'),(103,1,'com_content.article'),(104,1,'com_content.article'),(105,1,'com_content.article'),(106,1,'com_content.article'),(107,1,'com_content.article'),(108,1,'com_content.article'),(109,1,'com_content.article'),(110,1,'com_content.article');

--
-- Table structure for table `josuk_workflow_stages`
--

CREATE TABLE `josuk_workflow_stages` (
  `id` int(11) NOT NULL AUTO_INCREMENT,
  `asset_id` int(11) DEFAULT 0,
  `ordering` int(11) NOT NULL DEFAULT 0,
  `workflow_id` int(11) NOT NULL,
  `published` tinyint(4) NOT NULL DEFAULT 0,
  `title` varchar(255) NOT NULL,
  `description` text NOT NULL,
  `default` tinyint(4) NOT NULL DEFAULT 0,
  `checked_out_time` datetime DEFAULT NULL,
  `checked_out` int(10) unsigned DEFAULT NULL,
  PRIMARY KEY (`id`),
  KEY `idx_workflow_id` (`workflow_id`),
  KEY `idx_checked_out` (`checked_out`),
  KEY `idx_title` (`title`(191)),
  KEY `idx_asset_id` (`asset_id`),
  KEY `idx_default` (`default`)
) ENGINE=InnoDB AUTO_INCREMENT=2 DEFAULT CHARSET=utf8mb4 COLLATE=utf8mb4_unicode_ci;

--
-- Dumping data for table `josuk_workflow_stages`
--

INSERT INTO `josuk_workflow_stages` VALUES (1,57,1,1,1,'COM_WORKFLOW_BASIC_STAGE','',1,NULL,NULL);

--
-- Table structure for table `josuk_workflow_transitions`
--

CREATE TABLE `josuk_workflow_transitions` (
  `id` int(11) NOT NULL AUTO_INCREMENT,
  `asset_id` int(11) DEFAULT 0,
  `ordering` int(11) NOT NULL DEFAULT 0,
  `workflow_id` int(11) NOT NULL,
  `published` tinyint(4) NOT NULL DEFAULT 0,
  `title` varchar(255) NOT NULL,
  `description` text NOT NULL,
  `from_stage_id` int(11) NOT NULL,
  `to_stage_id` int(11) NOT NULL,
  `options` text NOT NULL,
  `checked_out_time` datetime DEFAULT NULL,
  `checked_out` int(10) unsigned DEFAULT NULL,
  PRIMARY KEY (`id`),
  KEY `idx_title` (`title`(191)),
  KEY `idx_asset_id` (`asset_id`),
  KEY `idx_checked_out` (`checked_out`),
  KEY `idx_from_stage_id` (`from_stage_id`),
  KEY `idx_to_stage_id` (`to_stage_id`),
  KEY `idx_workflow_id` (`workflow_id`)
) ENGINE=InnoDB AUTO_INCREMENT=8 DEFAULT CHARSET=utf8mb4 COLLATE=utf8mb4_unicode_ci;

--
-- Dumping data for table `josuk_workflow_transitions`
--

INSERT INTO `josuk_workflow_transitions` VALUES (1,58,1,1,1,'UNPUBLISH','',-1,1,'{\"publishing\":\"0\"}',NULL,NULL),(2,59,2,1,1,'PUBLISH','',-1,1,'{\"publishing\":\"1\"}',NULL,NULL),(3,60,3,1,1,'TRASH','',-1,1,'{\"publishing\":\"-2\"}',NULL,NULL),(4,61,4,1,1,'ARCHIVE','',-1,1,'{\"publishing\":\"2\"}',NULL,NULL),(5,62,5,1,1,'FEATURE','',-1,1,'{\"featuring\":\"1\"}',NULL,NULL),(6,63,6,1,1,'UNFEATURE','',-1,1,'{\"featuring\":\"0\"}',NULL,NULL),(7,64,7,1,1,'PUBLISH_AND_FEATURE','',-1,1,'{\"publishing\":\"1\",\"featuring\":\"1\"}',NULL,NULL);

--
-- Table structure for table `josuk_workflows`
--

CREATE TABLE `josuk_workflows` (
  `id` int(11) NOT NULL AUTO_INCREMENT,
  `asset_id` int(11) DEFAULT 0,
  `published` tinyint(4) NOT NULL DEFAULT 0,
  `title` varchar(255) NOT NULL,
  `description` text NOT NULL,
  `extension` varchar(50) NOT NULL,
  `default` tinyint(4) NOT NULL DEFAULT 0,
  `ordering` int(11) NOT NULL DEFAULT 0,
  `created` datetime NOT NULL,
  `created_by` int(11) NOT NULL DEFAULT 0,
  `modified` datetime NOT NULL,
  `modified_by` int(11) NOT NULL DEFAULT 0,
  `checked_out_time` datetime DEFAULT NULL,
  `checked_out` int(10) unsigned DEFAULT NULL,
  PRIMARY KEY (`id`),
  KEY `idx_asset_id` (`asset_id`),
  KEY `idx_title` (`title`(191)),
  KEY `idx_extension` (`extension`),
  KEY `idx_default` (`default`),
  KEY `idx_created` (`created`),
  KEY `idx_created_by` (`created_by`),
  KEY `idx_modified` (`modified`),
  KEY `idx_modified_by` (`modified_by`),
  KEY `idx_checked_out` (`checked_out`)
) ENGINE=InnoDB AUTO_INCREMENT=2 DEFAULT CHARSET=utf8mb4 COLLATE=utf8mb4_unicode_ci;

--
-- Dumping data for table `josuk_workflows`
--

INSERT INTO `josuk_workflows` VALUES (1,56,1,'COM_WORKFLOW_BASIC_WORKFLOW','','com_content.article',1,1,'2023-07-20 09:28:19',257,'2023-07-20 09:28:19',257,NULL,NULL);


